745	f	2020-04-24 09:42:01.118505+00	{"pk": 65, "path": "0001000100020001", "depth": 4, "numchild": 6, "title": "Red Hat", "draft_title": "Red Hat", "slug": "red-hat", "content_type": 9, "live": true, "has_unpublished_changes": true, "url_path": "/home/utbildning/red-hat/", "owner": 2, "seo_title": "", "show_in_menus": true, "search_description": "", "go_live_at": null, "expire_at": null, "expired": false, "locked": false, "locked_at": null, "locked_by": null, "first_published_at": "2020-04-22T12:16:54.760Z", "last_published_at": "2020-04-24T09:27:58.712Z", "latest_revision_created_at": "2020-04-24T09:41:58.568Z", "live_revision": 738, "color_theme": "dark", "alternative_header": "Red Hat utbildningar", "body": "[{\\"type\\": \\"cta_box_list\\", \\"value\\": [{\\"heading\\": \\"Linux\\", \\"text\\": \\"\\", \\"page\\": 57}, {\\"heading\\": \\"OpenShift\\", \\"text\\": \\"\\", \\"page\\": 58}, {\\"heading\\": \\"OpenStack\\", \\"text\\": \\"\\", \\"page\\": 56}, {\\"heading\\": \\"Ansible\\", \\"text\\": \\"\\", \\"page\\": 60}], \\"id\\": \\"90c7e086-8b7c-485f-bb8e-59c50f2f70e1\\"}, {\\"type\\": \\"cta_banner\\", \\"value\\": {\\"page\\": 72, \\"title\\": \\"Red Hat Learning Subscription\\", \\"text\\": \\"Tillg\\\\u00e5ng till \\\\u00f6ver 50 Red Hat-kurser till ett riktigt bra pris \\\\u2013 f\\\\u00f6r dig som vill g\\\\u00e5 flera kurser och l\\\\u00e4ra dig i din egen takt.\\", \\"button_text\\": \\"RHLS \\\\u2013 Boka h\\\\u00e4r\\"}, \\"id\\": \\"3deeaa07-2a7d-4d3d-8a43-b569b2d9ca1f\\"}, {\\"type\\": \\"richtext\\", \\"value\\": \\"<h3>F\\\\u00f6rdjupa din kompetens</h3><p>Lexher erbjuder olika v\\\\u00e4gar till att \\\\u00f6ka kompetensen. H\\\\u00e4r hittar du enskilda kurser, hela utbildningspaket, examinationer och certifieringar samt onlineutbildningar. Du v\\\\u00e4ljer vilken omfattning av utbildningen som passar dig, och vilken typ av utbildning du vill ta del av.</p><h3>L\\\\u00e4s mer om vilka utbildningsalternativ och leveranss\\\\u00e4tt som finns f\\\\u00f6r Red Hats kursutbud.</h3>\\", \\"id\\": \\"aede5de8-6aa8-4fa8-b375-2d9569753608\\"}, {\\"type\\": \\"cta_box_list\\", \\"value\\": [{\\"heading\\": \\"\\", \\"text\\": \\"\\", \\"page\\": 52}], \\"id\\": \\"375888d0-c7e1-4521-a1b6-11f287202172\\"}, {\\"type\\": \\"richtext\\", \\"value\\": \\"<h3>Red Hat-partner i Norden</h3><p>Lexhers trainingcenter \\\\u00e4r det enda Red Hat-certifierade tr\\\\u00e4ningscentret i Norden. Det betyder att alla Red Hat-kurser som inte \\\\u00e4r onlinekurser h\\\\u00e5lls i v\\\\u00e5ra lokaler i Kista. H\\\\u00e4r kan du \\\\u00e4ven genomf\\\\u00f6ra certifieringar i v\\\\u00e5ra godk\\\\u00e4nda testrum.</p><p></p>\\", \\"id\\": \\"4a32e01b-3f62-42b3-be8c-cf421c2cac6c\\"}]"}	\N	65	\N
738	f	2020-04-24 09:27:58.685245+00	{"pk": 65, "path": "0001000100020001", "depth": 4, "numchild": 6, "title": "Red Hat", "draft_title": "Red Hat", "slug": "red-hat", "content_type": 9, "live": true, "has_unpublished_changes": true, "url_path": "/home/utbildning/red-hat/", "owner": 2, "seo_title": "", "show_in_menus": true, "search_description": "", "go_live_at": null, "expire_at": null, "expired": false, "locked": false, "locked_at": null, "locked_by": null, "first_published_at": "2020-04-22T12:16:54.760Z", "last_published_at": "2020-04-24T09:26:59.853Z", "latest_revision_created_at": "2020-04-24T09:27:52.694Z", "live_revision": 736, "color_theme": "dark", "alternative_header": "Red Hat utbildningar", "body": "[{\\"type\\": \\"cta_box_list\\", \\"value\\": [{\\"heading\\": \\"Linux\\", \\"text\\": \\"\\", \\"page\\": 57}, {\\"heading\\": \\"OpenShift\\", \\"text\\": \\"\\", \\"page\\": 58}, {\\"heading\\": \\"OpenStack\\", \\"text\\": \\"\\", \\"page\\": 56}, {\\"heading\\": \\"Ansible\\", \\"text\\": \\"\\", \\"page\\": 60}], \\"id\\": \\"90c7e086-8b7c-485f-bb8e-59c50f2f70e1\\"}, {\\"type\\": \\"cta_banner\\", \\"value\\": {\\"page\\": 72, \\"title\\": \\"Red Hat Learning Subscription\\", \\"text\\": \\"Tillg\\\\u00e5ng till \\\\u00f6ver 50 Red Hat-kurser till ett riktigt bra pris \\\\u2013 f\\\\u00f6r dig som vill g\\\\u00e5 flera kurser och l\\\\u00e4ra dig i din egen takt.\\", \\"button_text\\": \\"RHLS \\\\u2013 Boka h\\\\u00e4r\\"}, \\"id\\": \\"3deeaa07-2a7d-4d3d-8a43-b569b2d9ca1f\\"}, {\\"type\\": \\"richtext\\", \\"value\\": \\"<h3>F\\\\u00f6rdjupa din kompetens</h3><p>Lexher erbjuder olika v\\\\u00e4gar till att \\\\u00f6ka kompetensen. H\\\\u00e4r hittar du enskilda kurser, hela utbildningspaket, examinationer och certifieringar samt onlineutbildningar. Du v\\\\u00e4ljer vilken omfattning av utbildningen som passar dig, och vilken typ av utbildning du vill ta del av.</p>\\", \\"id\\": \\"aede5de8-6aa8-4fa8-b375-2d9569753608\\"}, {\\"type\\": \\"cta_box_list\\", \\"value\\": [{\\"heading\\": \\"Frist\\\\u00e5ende kurser\\", \\"text\\": \\"Alla kurser vi erbjuder \\\\u2013 boka den kurs du \\\\u00e4r intresserad av i det format du vill.\\", \\"page\\": 8}, {\\"heading\\": \\"Utbildningspaket\\", \\"text\\": \\"Utbildningspaket f\\\\u00f6r dig som str\\\\u00e4var efter en speciell titel eller tj\\\\u00e4nst. Utbildningspaket finns b\\\\u00e5de f\\\\u00f6r erfarna och juniora utvecklare.\\", \\"page\\": 68}, {\\"heading\\": \\"Examinationer\\", \\"text\\": \\"Boka din examination, certifiera dig och f\\\\u00e5 din kompetens verifierad.\\", \\"page\\": 66}, {\\"heading\\": \\"Digitala utbildningar\\", \\"text\\": \\"Red Hats kurser kommer i m\\\\u00e5nga olika format, l\\\\u00e4s mer om de digitala utbildningsm\\\\u00f6jligheterna.\\", \\"page\\": 52}, {\\"heading\\": \\"F\\\\u00f6retagsinterna kurser\\", \\"text\\": \\"Vill ni att hela arbetsgruppen ska f\\\\u00e5 ta del av en utbildning? Kontakta oss f\\\\u00f6r att boka en kurs f\\\\u00f6r hela gruppen i era egna eller v\\\\u00e5ra lokaler.\\", \\"page\\": 69}], \\"id\\": \\"375888d0-c7e1-4521-a1b6-11f287202172\\"}, {\\"type\\": \\"richtext\\", \\"value\\": \\"<h3>Red Hat-partner i Norden</h3><p>Lexhers trainingcenter \\\\u00e4r det enda Red Hat-certifierade tr\\\\u00e4ningscentret i Norden. Det betyder att alla Red Hat-kurser som inte \\\\u00e4r onlinekurser h\\\\u00e5lls i v\\\\u00e5ra lokaler i Kista. H\\\\u00e4r kan du \\\\u00e4ven genomf\\\\u00f6ra certifieringar i v\\\\u00e5ra godk\\\\u00e4nda testrum.</p><p></p>\\", \\"id\\": \\"4a32e01b-3f62-42b3-be8c-cf421c2cac6c\\"}]"}	\N	65	\N
743	f	2020-04-24 09:41:26.779849+00	{"pk": 65, "path": "0001000100020001", "depth": 4, "numchild": 6, "title": "Red Hat", "draft_title": "Red Hat", "slug": "red-hat", "content_type": 9, "live": true, "has_unpublished_changes": false, "url_path": "/home/utbildning/red-hat/", "owner": 2, "seo_title": "", "show_in_menus": true, "search_description": "", "go_live_at": null, "expire_at": null, "expired": false, "locked": false, "locked_at": null, "locked_by": null, "first_published_at": "2020-04-22T12:16:54.760Z", "last_published_at": "2020-04-24T09:27:58.712Z", "latest_revision_created_at": "2020-04-24T09:27:58.685Z", "live_revision": 738, "color_theme": "dark", "alternative_header": "Red Hat utbildningar", "body": "[{\\"type\\": \\"cta_box_list\\", \\"value\\": [{\\"heading\\": \\"Linux\\", \\"text\\": \\"\\", \\"page\\": 57}, {\\"heading\\": \\"OpenShift\\", \\"text\\": \\"\\", \\"page\\": 58}, {\\"heading\\": \\"OpenStack\\", \\"text\\": \\"\\", \\"page\\": 56}, {\\"heading\\": \\"Ansible\\", \\"text\\": \\"\\", \\"page\\": 60}], \\"id\\": \\"90c7e086-8b7c-485f-bb8e-59c50f2f70e1\\"}, {\\"type\\": \\"cta_banner\\", \\"value\\": {\\"page\\": 72, \\"title\\": \\"Red Hat Learning Subscription\\", \\"text\\": \\"Tillg\\\\u00e5ng till \\\\u00f6ver 50 Red Hat-kurser till ett riktigt bra pris \\\\u2013 f\\\\u00f6r dig som vill g\\\\u00e5 flera kurser och l\\\\u00e4ra dig i din egen takt.\\", \\"button_text\\": \\"RHLS \\\\u2013 Boka h\\\\u00e4r\\"}, \\"id\\": \\"3deeaa07-2a7d-4d3d-8a43-b569b2d9ca1f\\"}, {\\"type\\": \\"richtext\\", \\"value\\": \\"<h3>F\\\\u00f6rdjupa din kompetens</h3><p>Lexher erbjuder olika v\\\\u00e4gar till att \\\\u00f6ka kompetensen. H\\\\u00e4r hittar du enskilda kurser, hela utbildningspaket, examinationer och certifieringar samt onlineutbildningar. Du v\\\\u00e4ljer vilken omfattning av utbildningen som passar dig, och vilken typ av utbildning du vill ta del av.</p><h3>L\\\\u00e4s mer om vilka utbildningsalternativ och leveranss\\\\u00e4tt som finns f\\\\u00f6r Red Hats kursutbud. </h3>\\", \\"id\\": \\"aede5de8-6aa8-4fa8-b375-2d9569753608\\"}, {\\"type\\": \\"cta_box_list\\", \\"value\\": [{\\"heading\\": \\"\\", \\"text\\": \\"\\", \\"page\\": 52}, {\\"heading\\": \\"F\\\\u00f6retagsinterna kurser\\", \\"text\\": \\"Vill ni att hela arbetsgruppen ska f\\\\u00e5 ta del av en utbildning? Kontakta oss f\\\\u00f6r att boka en kurs f\\\\u00f6r hela gruppen i era egna eller v\\\\u00e5ra lokaler.\\", \\"page\\": 69}], \\"id\\": \\"375888d0-c7e1-4521-a1b6-11f287202172\\"}, {\\"type\\": \\"richtext\\", \\"value\\": \\"<h3>Red Hat-partner i Norden</h3><p>Lexhers trainingcenter \\\\u00e4r det enda Red Hat-certifierade tr\\\\u00e4ningscentret i Norden. Det betyder att alla Red Hat-kurser som inte \\\\u00e4r onlinekurser h\\\\u00e5lls i v\\\\u00e5ra lokaler i Kista. H\\\\u00e4r kan du \\\\u00e4ven genomf\\\\u00f6ra certifieringar i v\\\\u00e5ra godk\\\\u00e4nda testrum.</p><p></p>\\", \\"id\\": \\"4a32e01b-3f62-42b3-be8c-cf421c2cac6c\\"}]"}	\N	65	\N
925	f	2020-05-15 12:48:52.661562+00	{"pk": 65, "path": "0001000100020001", "depth": 4, "numchild": 12, "title": "Red Hat", "draft_title": "Red Hat", "slug": "red-hat", "content_type": 9, "live": true, "has_unpublished_changes": false, "url_path": "/home/utbildning/red-hat/", "owner": 2, "seo_title": "", "show_in_menus": true, "search_description": "", "go_live_at": null, "expire_at": null, "expired": false, "locked": false, "locked_at": null, "locked_by": null, "first_published_at": "2020-04-22T12:16:54.760Z", "last_published_at": "2020-05-05T12:17:58.433Z", "latest_revision_created_at": "2020-05-05T12:17:58.405Z", "live_revision": 870, "color_theme": "dark", "alternative_header": "Red Hat-utbildningar", "body": "[{\\"type\\": \\"cta_box_list\\", \\"value\\": [{\\"heading\\": \\"Red Hat Enterprise Linux\\", \\"text\\": \\"Linux systemadministrat\\\\u00f6r\\", \\"page\\": 80}, {\\"heading\\": \\"OpenShift\\", \\"text\\": \\"Applikationshantering i molnet\\", \\"page\\": 77}, {\\"heading\\": \\"Ansible\\", \\"text\\": \\"Allt inom automatisering\\", \\"page\\": 76}, {\\"heading\\": \\"OpenStack\\", \\"text\\": \\"Molntj\\\\u00e4nster\\", \\"page\\": 81}, {\\"heading\\": \\"Red hat Learning Subscription\\", \\"text\\": \\"Prenumeration p\\\\u00e5 Red Hats hela utbud\\", \\"page\\": 72}, {\\"heading\\": \\"Application Developer\\", \\"text\\": \\"\\", \\"page\\": 118}, {\\"heading\\": \\"Alla v\\\\u00e5ra kurser\\", \\"text\\": \\"S\\\\u00f6k snabbt upp den kurs du \\\\u00e4r ute efter\\", \\"page\\": 8}], \\"id\\": \\"90c7e086-8b7c-485f-bb8e-59c50f2f70e1\\"}, {\\"type\\": \\"cta_banner\\", \\"value\\": {\\"page\\": 72, \\"title\\": \\"Red Hat Learning Subscription\\", \\"text\\": \\"Tillg\\\\u00e5ng till \\\\u00f6ver 50 Red Hat-kurser till ett riktigt bra pris \\\\u2013 f\\\\u00f6r dig som vill g\\\\u00e5 flera kurser och l\\\\u00e4ra dig i din egen takt.\\", \\"button_text\\": \\"RHLS \\\\u2013 Boka h\\\\u00e4r\\"}, \\"id\\": \\"3deeaa07-2a7d-4d3d-8a43-b569b2d9ca1f\\"}, {\\"type\\": \\"image_and_text\\", \\"value\\": {\\"image\\": 29, \\"text\\": \\"<h3>Red Hat-partner i Norden</h3><p>Lexhers trainingcenter \\\\u00e4r det enda Red Hat-certifierade tr\\\\u00e4ningscentret i Norden. Det betyder att alla Red Hat-kurser som inte \\\\u00e4r onlinekurser h\\\\u00e5lls i v\\\\u00e5ra lokaler i Kista. H\\\\u00e4r kan du \\\\u00e4ven genomf\\\\u00f6ra certifieringar i v\\\\u00e5ra godk\\\\u00e4nda testrum.<br/><br/> L\\\\u00e4s mer om hur du kan ta del av <a id=\\\\\\"52\\\\\\" linktype=\\\\\\"page\\\\\\">Red Hats kurser och examinationer</a>.</p>\\", \\"image_position\\": \\"left\\"}, \\"id\\": \\"57bcf34a-54d2-458b-8b56-77b3b12f0a02\\"}, {\\"type\\": \\"cta_banner\\", \\"value\\": {\\"page\\": 69, \\"title\\": \\"F\\\\u00f6retagsinterna kurser\\", \\"text\\": \\"Vill ni att hela arbetsgruppen ska f\\\\u00e5 ta del av en utbildning? Kontakta oss f\\\\u00f6r att boka en kurs f\\\\u00f6r hela gruppen i era egna eller v\\\\u00e5ra lokaler.\\", \\"button_text\\": \\"Kontakta Lexher\\"}, \\"id\\": \\"8690a152-8332-446b-a541-cbe0ac18bfe8\\"}]"}	\N	65	\N
750	f	2020-04-24 09:45:56.836484+00	{"pk": 65, "path": "0001000100020001", "depth": 4, "numchild": 6, "title": "Red Hat", "draft_title": "Red Hat", "slug": "red-hat", "content_type": 9, "live": true, "has_unpublished_changes": false, "url_path": "/home/utbildning/red-hat/", "owner": 2, "seo_title": "", "show_in_menus": true, "search_description": "", "go_live_at": null, "expire_at": null, "expired": false, "locked": false, "locked_at": null, "locked_by": null, "first_published_at": "2020-04-22T12:16:54.760Z", "last_published_at": "2020-04-24T09:44:43.431Z", "latest_revision_created_at": "2020-04-24T09:44:43.407Z", "live_revision": 749, "color_theme": "dark", "alternative_header": "Red Hat utbildningar", "body": "[{\\"type\\": \\"cta_box_list\\", \\"value\\": [{\\"heading\\": \\"Linux\\", \\"text\\": \\"\\", \\"page\\": 57}, {\\"heading\\": \\"OpenShift\\", \\"text\\": \\"\\", \\"page\\": 58}, {\\"heading\\": \\"OpenStack\\", \\"text\\": \\"\\", \\"page\\": 56}, {\\"heading\\": \\"Ansible\\", \\"text\\": \\"\\", \\"page\\": 60}], \\"id\\": \\"90c7e086-8b7c-485f-bb8e-59c50f2f70e1\\"}, {\\"type\\": \\"cta_banner\\", \\"value\\": {\\"page\\": 72, \\"title\\": \\"Red Hat Learning Subscription\\", \\"text\\": \\"Tillg\\\\u00e5ng till \\\\u00f6ver 50 Red Hat-kurser till ett riktigt bra pris \\\\u2013 f\\\\u00f6r dig som vill g\\\\u00e5 flera kurser och l\\\\u00e4ra dig i din egen takt.\\", \\"button_text\\": \\"RHLS \\\\u2013 Boka h\\\\u00e4r\\"}, \\"id\\": \\"3deeaa07-2a7d-4d3d-8a43-b569b2d9ca1f\\"}, {\\"type\\": \\"richtext\\", \\"value\\": \\"<h2>F\\\\u00f6rdjupa din kompetens</h2><p>Lexher erbjuder olika v\\\\u00e4gar till att \\\\u00f6ka kompetensen. H\\\\u00e4r hittar du enskilda kurser, hela utbildningspaket, examinationer och certifieringar samt onlineutbildningar. Du v\\\\u00e4ljer vilken omfattning av utbildningen som passar dig, och vilken typ av utbildning du vill ta del av.</p><h3></h3>\\", \\"id\\": \\"aede5de8-6aa8-4fa8-b375-2d9569753608\\"}, {\\"type\\": \\"cta_banner\\", \\"value\\": {\\"page\\": 52, \\"title\\": \\"L\\\\u00e4r p\\\\u00e5 ditt s\\\\u00e4tt, i din takt\\", \\"text\\": \\"L\\\\u00e4s mer om vilka utbildningsalternativ och leveranss\\\\u00e4tt vi erbjuder f\\\\u00f6r Red Hats kursutbud.\\", \\"button_text\\": \\"Utbildningsinfo\\"}, \\"id\\": \\"defb6e88-5f5b-4acf-9ce5-5a6f30587664\\"}, {\\"type\\": \\"richtext\\", \\"value\\": \\"<h2>Red Hat-partner i Norden</h2><p>Lexhers trainingcenter \\\\u00e4r det enda Red Hat-certifierade tr\\\\u00e4ningscentret i Norden. Det betyder att alla Red Hat-kurser som inte \\\\u00e4r onlinekurser h\\\\u00e5lls i v\\\\u00e5ra lokaler i Kista. H\\\\u00e4r kan du \\\\u00e4ven genomf\\\\u00f6ra certifieringar i v\\\\u00e5ra godk\\\\u00e4nda testrum.</p><p></p>\\", \\"id\\": \\"4a32e01b-3f62-42b3-be8c-cf421c2cac6c\\"}]"}	\N	65	\N
456	f	2020-04-17 14:16:34.572931+00	{"pk": 8, "path": "0001000100020001", "depth": 4, "numchild": 31, "title": "Boka kurs", "draft_title": "Boka kurs", "slug": "boka-kurs", "content_type": 15, "live": true, "has_unpublished_changes": true, "url_path": "/home/utbildning/boka-kurs/", "owner": 1, "seo_title": "", "show_in_menus": true, "search_description": "", "go_live_at": null, "expire_at": null, "expired": false, "locked": false, "locked_at": null, "locked_by": null, "first_published_at": "2020-04-14T19:03:12.098Z", "last_published_at": "2020-04-17T13:58:59.669Z", "latest_revision_created_at": "2020-04-17T14:16:31.866Z", "live_revision": 440, "color_theme": "dark", "alternative_header": "F\\u00f6rdjupa kompetensen \\u2013 boka kurs h\\u00e4r", "body": "[{\\"type\\": \\"richtext\\", \\"value\\": \\"<h3>H\\\\u00e4r kan du boka din Red Hat-kurs!</h3><p>Lexhers trainingcenter \\\\u00e4r det enda Red Hat-certifierade tr\\\\u00e4ningscentret i Norden. Det betyder att alla Red Hat-kurser som inte \\\\u00e4r onlinekurser h\\\\u00e5lls i v\\\\u00e5ra lokaler i Kista. H\\\\u00e4r kan du \\\\u00e4ven genomf\\\\u00f6ra certifieringar i v\\\\u00e5ra godk\\\\u00e4nda testrum.</p>\\", \\"id\\": \\"2f023edd-4dcb-4a13-b6c9-ee2d3c1de907\\"}, {\\"type\\": \\"banner\\", \\"value\\": {\\"heading\\": \\"Olika typer av l\\\\u00e4rande\\", \\"body\\": \\"Classroom training: Kurser som genomf\\\\u00f6rs med l\\\\u00e4rare i klassrum i Lexher Training Center.\\\\r\\\\n\\\\r\\\\nOnline training: Sj\\\\u00e4lvstudier online, l\\\\u00e4sning och datorbaserade \\\\u00f6vningar.\\\\r\\\\n\\\\r\\\\nVideo Classroom: F\\\\u00f6rinspelade kurser, kapitel f\\\\u00f6r kapitel, med l\\\\u00e4rare och datorbaserade \\\\u00f6vningar.\\\\r\\\\n\\\\r\\\\nVirtual Training: Kurser som genomf\\\\u00f6rs i realtid med l\\\\u00e4rare via l\\\\u00e4nk.\\"}, \\"id\\": \\"06252a1e-5e36-461a-b185-f7a553e9ccb2\\"}, {\\"type\\": \\"richtext\\", \\"value\\": \\"<h2>Red Hat utbildningsalternativ</h2><p>Klicka p\\\\u00e5 knapparna nedan f\\\\u00f6r att l\\\\u00e4sa mer om Red Hats kurspaket f\\\\u00f6r att bli certifierad genom en examination och Red Hats olika alternativ till fysiska utbildningar; Red Hat Learning Subscription och Red Hats Onlinekurser.</p>\\", \\"id\\": \\"ec7a328c-f1c1-41ff-942c-23d08fb5c8e4\\"}, {\\"type\\": \\"cta_box_list\\", \\"value\\": [{\\"heading\\": \\"\\", \\"text\\": \\"L\\\\u00e4s mer om Red Hats examinationer och certifkat\\", \\"page\\": 50}, {\\"heading\\": \\"\\", \\"text\\": \\"L\\\\u00e4s mer om Red Hat Learning Subscription\\", \\"page\\": 51}, {\\"heading\\": \\"\\", \\"text\\": \\"L\\\\u00e4s mer om Red Hats Onlinekurser\\", \\"page\\": 52}], \\"id\\": \\"7b80d91d-5dce-4a46-8b7a-2e36141bba4f\\"}, {\\"type\\": \\"richtext\\", \\"value\\": \\"<h2>S\\\\u00f6k utbildning</h2>\\", \\"id\\": \\"b1235829-5314-46b3-b060-02777d176390\\"}]"}	\N	8	\N
808	f	2020-04-28 13:56:54.988127+00	{"pk": 75, "path": "0001000100040003", "depth": 4, "numchild": 0, "title": "Kontakt", "draft_title": "Kontakt", "slug": "kontakt", "content_type": 60, "live": true, "has_unpublished_changes": false, "url_path": "/home/kontakt/kontakt/", "owner": 1, "seo_title": "", "show_in_menus": false, "search_description": "", "go_live_at": null, "expire_at": null, "expired": false, "locked": false, "locked_at": null, "locked_by": null, "first_published_at": null, "last_published_at": null, "latest_revision_created_at": null, "live_revision": null, "color_theme": "dark", "alternative_header": "Kontakta oss", "contacts": []}	\N	75	\N
893	f	2020-05-08 10:17:55.469006+00	{"pk": 75, "path": "0001000100040002", "depth": 4, "numchild": 0, "title": "Kontakta oss", "draft_title": "Kontakta oss", "slug": "kontakta-oss", "content_type": 60, "live": true, "has_unpublished_changes": false, "url_path": "/home/kontakt/kontakta-oss/", "owner": 1, "seo_title": "", "show_in_menus": true, "search_description": "", "go_live_at": null, "expire_at": null, "expired": false, "locked": false, "locked_at": null, "locked_by": null, "first_published_at": "2020-04-28T13:56:55.002Z", "last_published_at": "2020-04-29T06:20:18.609Z", "latest_revision_created_at": "2020-04-29T06:20:18.585Z", "live_revision": 821, "color_theme": "dark", "phone": "+46856245600", "email": "info@lexher.se", "address": "ISAFJORDSGATAN 15\\r\\n164 40 KISTA"}	\N	75	\N
3532	f	2023-08-21 16:32:21.166086+00	{"pk": 75, "path": "000100010005", "depth": 3, "numchild": 1, "translation_key": "b63beaaf-c947-496b-ac79-cbd2e4393aa4", "locale": 1, "title": "Kontakta oss", "draft_title": "Kontakta oss", "slug": "kontakta-oss", "content_type": 60, "live": true, "has_unpublished_changes": false, "url_path": "/home/kontakta-oss/", "owner": null, "seo_title": "", "show_in_menus": true, "search_description": "", "go_live_at": null, "expire_at": null, "expired": false, "locked": false, "locked_at": null, "locked_by": null, "first_published_at": "2020-04-28T13:56:55.002Z", "last_published_at": "2023-06-26T09:15:45.338Z", "latest_revision_created_at": "2023-06-26T09:15:45.158Z", "live_revision": 3522, "alias_of": null, "color_theme": "dark", "phone": "+46856245600", "email": "training@lexher.se", "address": "Torshamnsgatan 35, Kista", "comments": []}	\N	75	38
551	f	2020-04-22 13:02:55.378401+00	{"pk": 65, "path": "0001000100020001", "depth": 4, "numchild": 0, "title": "V\\u00e5ra utbildningar", "draft_title": "V\\u00e5ra utbildningar", "slug": "v\\u00e5ra-utbildningar", "content_type": 9, "live": true, "has_unpublished_changes": false, "url_path": "/home/utbildning/v\\u00e5ra-utbildningar/", "owner": 2, "seo_title": "", "show_in_menus": true, "search_description": "", "go_live_at": null, "expire_at": null, "expired": false, "locked": false, "locked_at": null, "locked_by": null, "first_published_at": "2020-04-22T12:16:54.760Z", "last_published_at": "2020-04-22T12:16:54.760Z", "latest_revision_created_at": "2020-04-22T12:16:54.744Z", "live_revision": 516, "color_theme": "dark", "alternative_header": "Utbildningar hos Lexher", "body": "[{\\"type\\": \\"richtext\\", \\"value\\": \\"<h3>F\\\\u00f6rdjupa din kompetens</h3><p>Lexher erbjuder olika v\\\\u00e4gar till att \\\\u00f6ka kompetensen. H\\\\u00e4r hittar du enskilda kurser, hela utbildningspaket, examinationer och certifieringar samt onlineutbildningar. Du v\\\\u00e4ljer vilken omfattning av utbildningen som passar dig, och vilken typ av utbildning du vill ta del av.</p>\\", \\"id\\": \\"aede5de8-6aa8-4fa8-b375-2d9569753608\\"}, {\\"type\\": \\"image_and_text\\", \\"value\\": {\\"image\\": 17, \\"text\\": \\"<h3>Olika typer av l\\\\u00e4rande</h3><ul><li><b>Classroom training:</b> Kurser som genomf\\\\u00f6rs med l\\\\u00e4rare i klassrum i Lexher Training Center.</li><li><b>Online training:</b> Sj\\\\u00e4lvstudier online, l\\\\u00e4sning och datorbaserade \\\\u00f6vningar.</li><li><b>Video Classroom:</b> F\\\\u00f6rinspelade kurser, kapitel f\\\\u00f6r kapitel, med l\\\\u00e4rare och datorbaserade \\\\u00f6vningar.</li><li><b>Virtual Training:</b> Kurser som genomf\\\\u00f6rs i realtid med l\\\\u00e4rare via l\\\\u00e4nk.</li></ul>\\", \\"image_position\\": \\"left\\"}, \\"id\\": \\"e35015c3-2716-49c5-bb2f-a64c54169c7e\\"}, {\\"type\\": \\"richtext\\", \\"value\\": \\"<h3>Red Hat-partner i Norden</h3><p>Lexhers trainingcenter \\\\u00e4r det enda Red Hat-certifierade tr\\\\u00e4ningscentret i Norden. Det betyder att alla Red Hat-kurser som inte \\\\u00e4r onlinekurser h\\\\u00e5lls i v\\\\u00e5ra lokaler i Kista. H\\\\u00e4r kan du \\\\u00e4ven genomf\\\\u00f6ra certifieringar i v\\\\u00e5ra godk\\\\u00e4nda testrum.</p><p></p>\\", \\"id\\": \\"4a32e01b-3f62-42b3-be8c-cf421c2cac6c\\"}, {\\"type\\": \\"richtext\\", \\"value\\": \\"<h2>Utbildningsalternativ</h2><p>Nedan hittar du Lexhers olika utbildningsalternativ. L\\\\u00e4s mer och boka direkt p\\\\u00e5 hemsidan. Du kan boka en separat examination eller utbildning, ett helt utbildningspaket samt f\\\\u00e5 tillg\\\\u00e5ng till utbildningar p\\\\u00e5 n\\\\u00e4tet genom Red Hat Learning Subscription.</p>\\", \\"id\\": \\"53597f64-7e9a-49de-9c6a-4c08de1fe657\\"}, {\\"type\\": \\"cta_box_list\\", \\"value\\": [{\\"heading\\": \\"Frist\\\\u00e5ende kurser\\", \\"text\\": \\"H\\\\u00e4r hittar du alla kurser vi erbjuder och kan boka den kurs du \\\\u00e4r intresserad av.\\", \\"page\\": 8}, {\\"heading\\": \\"Utbildningspaket\\", \\"text\\": \\"H\\\\u00e4r hittar du utbildningspaket f\\\\u00f6r dig som str\\\\u00e4var efter en speciell titel eller tj\\\\u00e4nst. Vi har utbildningspaket som passar erfarna utvecklare och \\\\u00e4ven juniora eller nya inom omr\\\\u00e5det.\\", \\"page\\": 50}, {\\"heading\\": \\"RHLS\\", \\"text\\": \\"RHLS st\\\\u00e5r f\\\\u00f6r Red Hat Learning Subscription, och ger dig bland annat tillg\\\\u00e5ng till instruktionsvideos, e-kursb\\\\u00f6cker och labbar\\", \\"page\\": 51}, {\\"heading\\": \\"Onlinetraining\\", \\"text\\": \\"Boka Red Hats onlinekurser h\\\\u00e4r.\\", \\"page\\": 52}, {\\"heading\\": \\"Examinationer\\", \\"text\\": \\"Boka din examination, certifiera dig och f\\\\u00e5 din kompetens verifierad.\\", \\"page\\": 66}], \\"id\\": \\"375888d0-c7e1-4521-a1b6-11f287202172\\"}]"}	\N	65	\N
892	f	2020-05-08 08:01:01.832418+00	{"pk": 48, "path": "0001000100030001", "depth": 4, "numchild": 0, "title": "Om f\\u00f6retaget", "draft_title": "Om f\\u00f6retaget", "slug": "kompetens-i-centrum-och-i-grunden", "content_type": 9, "live": true, "has_unpublished_changes": false, "url_path": "/home/om-lexher/kompetens-i-centrum-och-i-grunden/", "owner": 2, "seo_title": "", "show_in_menus": true, "search_description": "", "go_live_at": null, "expire_at": null, "expired": false, "locked": false, "locked_at": null, "locked_by": null, "first_published_at": "2020-04-16T07:45:37.787Z", "last_published_at": "2020-04-27T07:54:08.201Z", "latest_revision_created_at": "2020-04-27T07:54:08.182Z", "live_revision": 796, "color_theme": "dark", "alternative_header": "Kompetens som grund", "body": "[{\\"type\\": \\"richtext\\", \\"value\\": \\"<p>Vi \\\\u00e4r ett konsultbolag d\\\\u00e4r kompetensutveckling alltid st\\\\u00e5r i centrum. Nu med eget h\\\\u00f6gteknologiskt utbildningscenter med egen labmilj\\\\u00f6 mitt i Kista, med b\\\\u00e5de egna utbildningar och utbildningar fr\\\\u00e5n Red Hat.</p><p>Vi vill attrahera h\\\\u00f6gkompetenta medarbetare genom en tydlig teknisk inriktning och fokus p\\\\u00e5 st\\\\u00e4ndig kompetensutveckling, och attrahera kunder genom att tillf\\\\u00f6ra denna k\\\\u00e4rnkompetens till deras verksamhet.</p><p>V\\\\u00e5rt m\\\\u00e5l \\\\u00e4r att bli b\\\\u00e4ttre p\\\\u00e5 Red Hat \\\\u00e4n Red Hat, och fungera som en kompetensfabrik f\\\\u00f6r Red Hat-kompetens och -f\\\\u00e4rdigheter som bygger effektiva konsulter f\\\\u00f6r nutidens och framtidens marknad. Vill du vara med i v\\\\u00e5rt ambiti\\\\u00f6sa och h\\\\u00e4rliga team? L\\\\u00e4s mer om vilka tj\\\\u00e4nster vi s\\\\u00f6ker eller skicka oss en intresseanm\\\\u00e4lan.</p>\\", \\"id\\": \\"e0d35588-002a-428b-96da-6ac20b259a4d\\"}, {\\"type\\": \\"cta_box_list\\", \\"value\\": [{\\"heading\\": \\"S\\\\u00f6k tj\\\\u00e4nst hos oss\\", \\"text\\": \\"\\", \\"page\\": 32}], \\"id\\": \\"d65977f3-989f-49cf-baf4-83c15a702f1c\\"}, {\\"type\\": \\"cta_banner\\", \\"value\\": {\\"page\\": 47, \\"title\\": \\"\\", \\"text\\": \\"L\\\\u00e4s mer om hur du kan bli Lexher-konsult inom loppet av n\\\\u00e5gra intensiva veckor.\\", \\"button_text\\": \\"Lexher Academy\\"}, \\"id\\": \\"8b8a54c3-57ae-4c28-9fe8-cc17c1a55cf1\\"}]"}	\N	48	\N
3246	f	2022-03-07 14:01:09.265223+00	{"pk": 190, "path": "000100010002000A", "depth": 4, "numchild": 0, "translation_key": "c37ecfb3-49a0-4a0b-b4ac-46baa4ef0e5d", "locale": 1, "title": "English", "draft_title": "English", "slug": "english", "content_type": 9, "live": true, "has_unpublished_changes": true, "url_path": "/home/utbildning/english/", "owner": null, "seo_title": "", "show_in_menus": false, "search_description": "To get help, information and advice in English, please klick on \\"Hur kan vi hj\\u00e4lpa dig?\\" at the bottom right corner, and state your query. We look forward to hearing from you.", "go_live_at": null, "expire_at": null, "expired": false, "locked": false, "locked_at": null, "locked_by": null, "first_published_at": "2020-05-29T11:05:47.442Z", "last_published_at": "2021-08-31T14:58:55.389Z", "latest_revision_created_at": "2022-03-07T14:00:48.844Z", "live_revision": 2999, "alias_of": null, "color_theme": "dark", "alternative_header": "Yes, we speak English, too!", "body": "[{\\"type\\": \\"plaintext\\", \\"value\\": \\"To get help, information and advice in English, please click on \\\\\\"Kontakta oss\\\\\\" at the bottom right corner, and state your query. We look forward to hearing from you. Or send an e-mail: info@lexher.se\\", \\"id\\": \\"0f4f14fe-007e-4071-b1b0-e9bdbb7d57dc\\"}]", "comments": []}	\N	190	13
3238	f	2022-03-02 12:26:18.970418+00	{"pk": 486, "path": "000100010008", "depth": 3, "numchild": 0, "translation_key": "34d3c8e0-9b71-406d-b218-83a1fec473fe", "locale": 1, "title": "Mars-erbjudande!", "draft_title": "Mars-erbjudande!", "slug": "mars-erbjudande", "content_type": 121, "live": false, "has_unpublished_changes": true, "url_path": "/home/mars-erbjudande/", "owner": 7, "seo_title": "", "show_in_menus": false, "search_description": "", "go_live_at": "2022-03-02T12:00:00Z", "expire_at": "2022-03-31T13:00:00Z", "expired": false, "locked": false, "locked_at": null, "locked_by": null, "first_published_at": null, "last_published_at": null, "latest_revision_created_at": "2022-03-02T12:16:24.383Z", "live_revision": null, "alias_of": null, "color_theme": "dark", "alternative_header": "Mars-erbjudande!", "body": "[{\\"type\\": \\"image_and_text\\", \\"value\\": {\\"image\\": 65, \\"image_method\\": \\"max\\", \\"text\\": \\"<p data-block-key=\\\\\\"cpbym\\\\\\"><b>Mars-erbjudande - 10% rabatt!</b></p><p data-block-key=\\\\\\"81u81\\\\\\">Extra mycket utbildning f\\\\u00f6r pengarna! <b>Boka</b> en utbildning hos oss <b>i mars</b>, med <b>startdatum i mars</b> och <b>f\\\\u00e5 10%</b> nedsatt pris.</p><p data-block-key=\\\\\\"2vih8\\\\\\">Boka en virtuell utbildning och <b>sitt i v\\\\u00e5ra lokaler</b> med komplett teknisk utrustning och lugn och ro.</p>\\", \\"image_position\\": \\"right\\"}, \\"id\\": \\"cdbe6178-0944-4d0e-b15d-19c14b04a89d\\"}]", "percent_discount": "10", "for_delivery_methods": "[\\"classroom\\", \\"virtual_training\\", \\"video_classroom\\", \\"online_learning\\"]", "comments": [], "course_set": [{"pk": null, "sort_order": 0, "campaign": 486, "course": 341}, {"pk": null, "sort_order": 1, "campaign": 486, "course": 28}]}	\N	486	7
857	f	2020-05-05 10:56:00.700085+00	{"pk": 65, "path": "0001000100020001", "depth": 4, "numchild": 11, "title": "Red Hat", "draft_title": "Red Hat", "slug": "red-hat", "content_type": 9, "live": true, "has_unpublished_changes": true, "url_path": "/home/utbildning/red-hat/", "owner": 2, "seo_title": "", "show_in_menus": true, "search_description": "", "go_live_at": null, "expire_at": null, "expired": false, "locked": false, "locked_at": null, "locked_by": null, "first_published_at": "2020-04-22T12:16:54.760Z", "last_published_at": "2020-05-04T07:38:49.035Z", "latest_revision_created_at": "2020-05-05T10:55:57.166Z", "live_revision": 847, "color_theme": "dark", "alternative_header": "Red Hat-utbildningar", "body": "[{\\"type\\": \\"cta_box_list\\", \\"value\\": [{\\"heading\\": \\"Red Hat Enterprise Linux\\", \\"text\\": \\"Linux systemadministrat\\\\u00f6r\\", \\"page\\": 80}, {\\"heading\\": \\"OpenShift\\", \\"text\\": \\"Applikationshantering i molnet\\", \\"page\\": 77}, {\\"heading\\": \\"Ansible\\", \\"text\\": \\"Allt inom automatisering\\", \\"page\\": 76}, {\\"heading\\": \\"OpenStack\\", \\"text\\": \\"Molntj\\\\u00e4nster\\", \\"page\\": 81}, {\\"heading\\": \\"Red hat Learning Subscription\\", \\"text\\": \\"Prenumeration p\\\\u00e5 Red Hats hela utbud\\", \\"page\\": 72}, {\\"heading\\": \\"Alla v\\\\u00e5ra kurser\\", \\"text\\": \\"S\\\\u00f6k snabbt upp den kurs du \\\\u00e4r ute efter\\", \\"page\\": 8}], \\"id\\": \\"90c7e086-8b7c-485f-bb8e-59c50f2f70e1\\"}, {\\"type\\": \\"cta_banner\\", \\"value\\": {\\"page\\": 72, \\"title\\": \\"Red Hat Learning Subscription\\", \\"text\\": \\"Tillg\\\\u00e5ng till \\\\u00f6ver 50 Red Hat-kurser till ett riktigt bra pris \\\\u2013 f\\\\u00f6r dig som vill g\\\\u00e5 flera kurser och l\\\\u00e4ra dig i din egen takt.\\", \\"button_text\\": \\"RHLS \\\\u2013 Boka h\\\\u00e4r\\"}, \\"id\\": \\"3deeaa07-2a7d-4d3d-8a43-b569b2d9ca1f\\"}, {\\"type\\": \\"image_and_text\\", \\"value\\": {\\"image\\": 29, \\"text\\": \\"<h3>Red Hat-partner i Norden</h3><p>Lexhers trainingcenter \\\\u00e4r det enda Red Hat-certifierade tr\\\\u00e4ningscentret i Norden. Det betyder att alla Red Hat-kurser som inte \\\\u00e4r onlinekurser h\\\\u00e5lls i v\\\\u00e5ra lokaler i Kista. H\\\\u00e4r kan du \\\\u00e4ven genomf\\\\u00f6ra certifieringar i v\\\\u00e5ra godk\\\\u00e4nda testrum.</p>\\", \\"image_position\\": \\"left\\"}, \\"id\\": \\"57bcf34a-54d2-458b-8b56-77b3b12f0a02\\"}, {\\"type\\": \\"cta_banner\\", \\"value\\": {\\"page\\": 69, \\"title\\": \\"F\\\\u00f6retagsinterna kurser\\", \\"text\\": \\"Vill ni att hela arbetsgruppen ska f\\\\u00e5 ta del av en utbildning? Kontakta oss f\\\\u00f6r att boka en kurs f\\\\u00f6r hela gruppen i era egna eller v\\\\u00e5ra lokaler.\\", \\"button_text\\": \\"Kontakta Lexher\\"}, \\"id\\": \\"8690a152-8332-446b-a541-cbe0ac18bfe8\\"}]"}	\N	65	\N
737	f	2020-04-24 09:27:52.694817+00	{"pk": 65, "path": "0001000100020001", "depth": 4, "numchild": 6, "title": "Red Hat", "draft_title": "Red Hat", "slug": "red-hat", "content_type": 9, "live": true, "has_unpublished_changes": false, "url_path": "/home/utbildning/red-hat/", "owner": 2, "seo_title": "", "show_in_menus": true, "search_description": "", "go_live_at": null, "expire_at": null, "expired": false, "locked": false, "locked_at": null, "locked_by": null, "first_published_at": "2020-04-22T12:16:54.760Z", "last_published_at": "2020-04-24T09:26:59.853Z", "latest_revision_created_at": "2020-04-24T09:26:59.826Z", "live_revision": 736, "color_theme": "dark", "alternative_header": "Red Hat utbildningar", "body": "[{\\"type\\": \\"cta_box_list\\", \\"value\\": [{\\"heading\\": \\"Linux\\", \\"text\\": \\"\\", \\"page\\": 57}, {\\"heading\\": \\"OpenShift\\", \\"text\\": \\"\\", \\"page\\": 58}, {\\"heading\\": \\"OpenStack\\", \\"text\\": \\"\\", \\"page\\": 56}, {\\"heading\\": \\"Ansible\\", \\"text\\": \\"\\", \\"page\\": 60}], \\"id\\": \\"90c7e086-8b7c-485f-bb8e-59c50f2f70e1\\"}, {\\"type\\": \\"cta_banner\\", \\"value\\": {\\"page\\": 72, \\"title\\": \\"Red Hat Learning Subscription\\", \\"text\\": \\"Tillg\\\\u00e5ng till \\\\u00f6ver 50 Red Hat-kurser till ett riktigt bra pris \\\\u2013 f\\\\u00f6r dig som vill g\\\\u00e5 flera kurser och l\\\\u00e4ra dig i din egen takt.\\", \\"button_text\\": \\"RHLS \\\\u2013 Boka h\\\\u00e4r\\"}, \\"id\\": \\"3deeaa07-2a7d-4d3d-8a43-b569b2d9ca1f\\"}, {\\"type\\": \\"richtext\\", \\"value\\": \\"<h3>F\\\\u00f6rdjupa din kompetens</h3><p>Lexher erbjuder olika v\\\\u00e4gar till att \\\\u00f6ka kompetensen. H\\\\u00e4r hittar du enskilda kurser, hela utbildningspaket, examinationer och certifieringar samt onlineutbildningar. Du v\\\\u00e4ljer vilken omfattning av utbildningen som passar dig, och vilken typ av utbildning du vill ta del av.</p>\\", \\"id\\": \\"aede5de8-6aa8-4fa8-b375-2d9569753608\\"}, {\\"type\\": \\"cta_box_list\\", \\"value\\": [{\\"heading\\": \\"Frist\\\\u00e5ende kurser\\", \\"text\\": \\"Alla kurser vi erbjuder \\\\u2013 boka den kurs du \\\\u00e4r intresserad av i det format du vill.\\", \\"page\\": 8}, {\\"heading\\": \\"Utbildningspaket\\", \\"text\\": \\"Utbildningspaket f\\\\u00f6r dig som str\\\\u00e4var efter en speciell titel eller tj\\\\u00e4nst. Utbildningspaket finns b\\\\u00e5de f\\\\u00f6r erfarna och juniora utvecklare.\\", \\"page\\": 68}, {\\"heading\\": \\"Examinationer\\", \\"text\\": \\"Boka din examination, certifiera dig och f\\\\u00e5 din kompetens verifierad.\\", \\"page\\": 66}, {\\"heading\\": \\"Digitala utbildningar\\", \\"text\\": \\"Red Hats kurser kommer i m\\\\u00e5nga olika format, l\\\\u00e4s mer om de digitala utbildningsm\\\\u00f6jligheterna.\\", \\"page\\": 52}, {\\"heading\\": \\"F\\\\u00f6retagsinterna kurser\\", \\"text\\": \\"Vill ni att hela arbetsgruppen ska f\\\\u00e5 ta del av en utbildning? Kontakta oss f\\\\u00f6r att boka en kurs f\\\\u00f6r hela gruppen i era egna eller v\\\\u00e5ra lokaler.\\", \\"page\\": 69}], \\"id\\": \\"375888d0-c7e1-4521-a1b6-11f287202172\\"}, {\\"type\\": \\"richtext\\", \\"value\\": \\"<h3>Red Hat-partner i Norden</h3><p>Lexhers trainingcenter \\\\u00e4r det enda Red Hat-certifierade tr\\\\u00e4ningscentret i Norden. Det betyder att alla Red Hat-kurser som inte \\\\u00e4r onlinekurser h\\\\u00e5lls i v\\\\u00e5ra lokaler i Kista. H\\\\u00e4r kan du \\\\u00e4ven genomf\\\\u00f6ra certifieringar i v\\\\u00e5ra godk\\\\u00e4nda testrum.</p><p></p>\\", \\"id\\": \\"4a32e01b-3f62-42b3-be8c-cf421c2cac6c\\"}]"}	\N	65	\N
3249	f	2022-03-29 12:33:54.885825+00	{"pk": 486, "path": "000100010008", "depth": 3, "numchild": 0, "translation_key": "34d3c8e0-9b71-406d-b218-83a1fec473fe", "locale": 1, "title": "Mars-erbjudande!", "draft_title": "Mars-erbjudande!", "slug": "mars-erbjudande", "content_type": 121, "live": true, "has_unpublished_changes": true, "url_path": "/home/mars-erbjudande/", "owner": 7, "seo_title": "", "show_in_menus": false, "search_description": "", "go_live_at": "2022-03-02T12:00:00Z", "expire_at": "2022-03-29T12:35:00Z", "expired": false, "locked": false, "locked_at": null, "locked_by": null, "first_published_at": "2022-03-02T12:53:11.944Z", "last_published_at": "2022-03-02T12:57:29.202Z", "latest_revision_created_at": "2022-03-29T12:33:46.717Z", "live_revision": 3242, "alias_of": null, "color_theme": "dark", "alternative_header": "Mars-erbjudande!", "body": "[{\\"type\\": \\"image_and_text\\", \\"value\\": {\\"image\\": 317, \\"image_method\\": \\"max\\", \\"text\\": \\"<h3 data-block-key=\\\\\\"cpbym\\\\\\"><b>Mars-erbjudande - 10% rabatt!</b></h3><p data-block-key=\\\\\\"81u81\\\\\\">Extra mycket utbildning f\\\\u00f6r pengarna!</p><p data-block-key=\\\\\\"df06o\\\\\\"><b>Boka</b> en utbildning <b>i mars</b>, med <b>startdatum i mars</b> och <b>f\\\\u00e5 10%</b> nedsatt pris.</p><p data-block-key=\\\\\\"2vih8\\\\\\"><b>Anv\\\\u00e4nd v\\\\u00e5ra lokaler!</b></p><p data-block-key=\\\\\\"ge0p\\\\\\">Boka en virtuell utbildning och sitt hos oss med komplett teknisk utrustning och <b>lugn och ro.</b></p>\\", \\"image_position\\": \\"right\\"}, \\"id\\": \\"cdbe6178-0944-4d0e-b15d-19c14b04a89d\\"}]", "percent_discount": "10", "for_delivery_methods": "[\\"classroom\\", \\"virtual_training\\", \\"video_classroom\\", \\"online_learning\\"]", "comments": [], "course_set": [{"pk": 6, "sort_order": 0, "campaign": 486, "course": 341}, {"pk": 7, "sort_order": 1, "campaign": 486, "course": 28}, {"pk": 8, "sort_order": 2, "campaign": 486, "course": 12}, {"pk": 9, "sort_order": 3, "campaign": 486, "course": 25}, {"pk": 10, "sort_order": 4, "campaign": 486, "course": 11}, {"pk": 11, "sort_order": 5, "campaign": 486, "course": 26}, {"pk": 12, "sort_order": 6, "campaign": 486, "course": 13}, {"pk": 13, "sort_order": 7, "campaign": 486, "course": 31}, {"pk": 14, "sort_order": 8, "campaign": 486, "course": 84}, {"pk": 15, "sort_order": 9, "campaign": 486, "course": 85}, {"pk": 16, "sort_order": 10, "campaign": 486, "course": 83}, {"pk": 17, "sort_order": 11, "campaign": 486, "course": 108}]}	\N	486	7
3239	f	2022-03-02 12:28:46.825684+00	{"pk": 486, "path": "000100010008", "depth": 3, "numchild": 0, "translation_key": "34d3c8e0-9b71-406d-b218-83a1fec473fe", "locale": 1, "title": "Mars-erbjudande!", "draft_title": "Mars-erbjudande!", "slug": "mars-erbjudande", "content_type": 121, "live": false, "has_unpublished_changes": true, "url_path": "/home/mars-erbjudande/", "owner": 7, "seo_title": "", "show_in_menus": false, "search_description": "", "go_live_at": "2022-03-02T12:00:00Z", "expire_at": "2022-03-31T13:00:00Z", "expired": false, "locked": false, "locked_at": null, "locked_by": null, "first_published_at": null, "last_published_at": null, "latest_revision_created_at": "2022-03-02T12:26:18.970Z", "live_revision": null, "alias_of": null, "color_theme": "dark", "alternative_header": "Mars-erbjudande!", "body": "[{\\"type\\": \\"image_and_text\\", \\"value\\": {\\"image\\": 65, \\"image_method\\": \\"max\\", \\"text\\": \\"<h3 data-block-key=\\\\\\"cpbym\\\\\\"><b>Mars-erbjudande - 10% rabatt!</b></h3><p data-block-key=\\\\\\"81u81\\\\\\">Extra mycket utbildning f\\\\u00f6r pengarna! <b>Boka</b> en utbildning hos oss <b>i mars</b>, med <b>startdatum i mars</b> och <b>f\\\\u00e5 10%</b> nedsatt pris.</p><p data-block-key=\\\\\\"2vih8\\\\\\">Boka en virtuell utbildning och <b>sitt i v\\\\u00e5ra lokaler</b> med komplett teknisk utrustning och lugn och ro.</p>\\", \\"image_position\\": \\"right\\"}, \\"id\\": \\"cdbe6178-0944-4d0e-b15d-19c14b04a89d\\"}]", "percent_discount": "10", "for_delivery_methods": "[\\"classroom\\", \\"virtual_training\\", \\"video_classroom\\", \\"online_learning\\"]", "comments": [], "course_set": []}	\N	486	7
864	f	2020-05-05 12:15:09.88441+00	{"pk": 65, "path": "0001000100020001", "depth": 4, "numchild": 11, "title": "Red Hat", "draft_title": "Red Hat", "slug": "red-hat", "content_type": 9, "live": true, "has_unpublished_changes": true, "url_path": "/home/utbildning/red-hat/", "owner": 2, "seo_title": "", "show_in_menus": true, "search_description": "", "go_live_at": null, "expire_at": null, "expired": false, "locked": false, "locked_at": null, "locked_by": null, "first_published_at": "2020-04-22T12:16:54.760Z", "last_published_at": "2020-05-05T10:56:00.731Z", "latest_revision_created_at": "2020-05-05T12:14:56.864Z", "live_revision": 857, "color_theme": "dark", "alternative_header": "Red Hat-utbildningar", "body": "[{\\"type\\": \\"cta_box_list\\", \\"value\\": [{\\"heading\\": \\"Red Hat Enterprise Linux\\", \\"text\\": \\"Linux systemadministrat\\\\u00f6r\\", \\"page\\": 80}, {\\"heading\\": \\"OpenShift\\", \\"text\\": \\"Applikationshantering i molnet\\", \\"page\\": 77}, {\\"heading\\": \\"Ansible\\", \\"text\\": \\"Allt inom automatisering\\", \\"page\\": 76}, {\\"heading\\": \\"OpenStack\\", \\"text\\": \\"Molntj\\\\u00e4nster\\", \\"page\\": 81}, {\\"heading\\": \\"Red hat Learning Subscription\\", \\"text\\": \\"Prenumeration p\\\\u00e5 Red Hats hela utbud\\", \\"page\\": 72}, {\\"heading\\": \\"Alla v\\\\u00e5ra kurser\\", \\"text\\": \\"S\\\\u00f6k snabbt upp den kurs du \\\\u00e4r ute efter\\", \\"page\\": 8}], \\"id\\": \\"90c7e086-8b7c-485f-bb8e-59c50f2f70e1\\"}, {\\"type\\": \\"cta_banner\\", \\"value\\": {\\"page\\": 72, \\"title\\": \\"Red Hat Learning Subscription\\", \\"text\\": \\"Tillg\\\\u00e5ng till \\\\u00f6ver 50 Red Hat-kurser till ett riktigt bra pris \\\\u2013 f\\\\u00f6r dig som vill g\\\\u00e5 flera kurser och l\\\\u00e4ra dig i din egen takt.\\", \\"button_text\\": \\"RHLS \\\\u2013 Boka h\\\\u00e4r\\"}, \\"id\\": \\"3deeaa07-2a7d-4d3d-8a43-b569b2d9ca1f\\"}, {\\"type\\": \\"image_and_text\\", \\"value\\": {\\"image\\": 29, \\"text\\": \\"<h3>Red Hat-partner i Norden</h3><p>Lexhers trainingcenter \\\\u00e4r det enda Red Hat-certifierade tr\\\\u00e4ningscentret i Norden. Det betyder att alla Red Hat-kurser som inte \\\\u00e4r onlinekurser h\\\\u00e5lls i v\\\\u00e5ra lokaler i Kista. H\\\\u00e4r kan du \\\\u00e4ven genomf\\\\u00f6ra certifieringar i v\\\\u00e5ra godk\\\\u00e4nda testrum. L\\\\u00e4s mer om hur du kan ta del av <a id=\\\\\\"52\\\\\\" linktype=\\\\\\"page\\\\\\">Red Hats kurser och examinationer</a>.</p>\\", \\"image_position\\": \\"left\\"}, \\"id\\": \\"57bcf34a-54d2-458b-8b56-77b3b12f0a02\\"}, {\\"type\\": \\"cta_banner\\", \\"value\\": {\\"page\\": 69, \\"title\\": \\"F\\\\u00f6retagsinterna kurser\\", \\"text\\": \\"Vill ni att hela arbetsgruppen ska f\\\\u00e5 ta del av en utbildning? Kontakta oss f\\\\u00f6r att boka en kurs f\\\\u00f6r hela gruppen i era egna eller v\\\\u00e5ra lokaler.\\", \\"button_text\\": \\"Kontakta Lexher\\"}, \\"id\\": \\"8690a152-8332-446b-a541-cbe0ac18bfe8\\"}]"}	\N	65	\N
444	f	2020-04-17 14:06:11.958033+00	{"pk": 48, "path": "0001000100030001", "depth": 4, "numchild": 0, "title": "Om f\\u00f6retaget", "draft_title": "Om f\\u00f6retaget", "slug": "kompetens-i-centrum-och-i-grunden", "content_type": 9, "live": true, "has_unpublished_changes": true, "url_path": "/home/om-lexher/kompetens-i-centrum-och-i-grunden/", "owner": 2, "seo_title": "", "show_in_menus": true, "search_description": "", "go_live_at": null, "expire_at": null, "expired": false, "locked": false, "locked_at": null, "locked_by": null, "first_published_at": "2020-04-16T07:45:37.787Z", "last_published_at": "2020-04-17T14:04:55.018Z", "latest_revision_created_at": "2020-04-17T14:06:09.415Z", "live_revision": 442, "color_theme": "dark", "alternative_header": "Kompetens som grund", "body": "[{\\"type\\": \\"richtext\\", \\"value\\": \\"<p>Lexher startades 2007 med en id\\\\u00e9 om att f\\\\u00f6rse svenska hem med IT Support on-demand. Idag har det utvecklats till en konsultverksamhet d\\\\u00e4r kompetens alltid st\\\\u00e5r i centrum. Vi har dessutom en egen labmilj\\\\u00f6 och erbjuder b\\\\u00e5de egna utbildningar och utbildningar fr\\\\u00e5n Red Hat i v\\\\u00e5rt h\\\\u00f6gteknologiska utbildningscentrum.</p><h3>Alltid i centrum och v\\\\u00e5rt st\\\\u00e4ndiga m\\\\u00e5l</h3><p>Vi vill attrahera h\\\\u00f6gkompetenta medarbetare genom en tydlig teknisk inriktning och fokus p\\\\u00e5 st\\\\u00e4ndig kompetensutveckling. Vi bygger Sveriges st\\\\u00f6rsta team inom Linux, Unix, Devops och IP n\\\\u00e4t. \\\\u00c4r du eller vill du bli expert inom n\\\\u00e5got av dessa omr\\\\u00e5den s\\\\u00f6ker vi dig till v\\\\u00e5r verksamhet.</p>\\", \\"id\\": \\"e0d35588-002a-428b-96da-6ac20b259a4d\\"}, {\\"type\\": \\"cta_banner\\", \\"value\\": {\\"page\\": 47, \\"title\\": \\"\\", \\"text\\": \\"L\\\\u00e4s mer om hur du kan bli Lexher-konsult inom loppet av n\\\\u00e5gra intensiva veckor.\\", \\"button_text\\": \\"Lexher Academy\\"}, \\"id\\": \\"8b8a54c3-57ae-4c28-9fe8-cc17c1a55cf1\\"}, {\\"type\\": \\"cta_banner\\", \\"value\\": {\\"page\\": 32, \\"title\\": \\"Bli konsult hos oss\\", \\"text\\": \\"Vill du vara med i Lexhers kompetenta team? L\\\\u00e4s mer om vilka tj\\\\u00e4nster vi s\\\\u00f6ker eller skicka oss en intresseanm\\\\u00e4lan.\\", \\"button_text\\": \\"Tj\\\\u00e4nster hos Lexher\\"}, \\"id\\": \\"87b55be6-5311-4e9d-8006-80f661994455\\"}]"}	\N	48	\N
3237	f	2022-03-02 12:16:24.383677+00	{"pk": 486, "path": "000100010008", "depth": 3, "numchild": 0, "translation_key": "34d3c8e0-9b71-406d-b218-83a1fec473fe", "locale": 1, "title": "Mars-erbjudande!", "draft_title": "Mars-erbjudande!", "slug": "mars-erbjudande", "content_type": 121, "live": false, "has_unpublished_changes": true, "url_path": "/home/mars-erbjudande/", "owner": 7, "seo_title": "", "show_in_menus": false, "search_description": "", "go_live_at": "2022-03-02T12:00:00Z", "expire_at": "2022-03-31T13:00:00Z", "expired": false, "locked": false, "locked_at": null, "locked_by": null, "first_published_at": null, "last_published_at": null, "latest_revision_created_at": "2022-03-02T12:15:28.738Z", "live_revision": null, "alias_of": null, "color_theme": "dark", "alternative_header": "Mars-erbjudande!", "body": "[{\\"type\\": \\"image_and_text\\", \\"value\\": {\\"image\\": 65, \\"image_method\\": \\"max\\", \\"text\\": \\"<p data-block-key=\\\\\\"cpbym\\\\\\"><b>Mars-erbjudande - 10% rabatt!</b></p><p data-block-key=\\\\\\"81u81\\\\\\">Extra mycket utbildning f\\\\u00f6r pengarna! Boka en utbildning hos oss i mars, med startdatum i mars och f\\\\u00e5 10% nedsatt pris.</p><p data-block-key=\\\\\\"2vih8\\\\\\">Hos oss finns \\\\u00e4ven m\\\\u00f6jlighet att genomf\\\\u00f6ra utbildningen i v\\\\u00e5ra lokaler - boka en virtuell utbildning och sitt i v\\\\u00e5ra lokaler med komplett teknisk utrustning och lugn och ro.</p>\\", \\"image_position\\": \\"left\\"}, \\"id\\": \\"cdbe6178-0944-4d0e-b15d-19c14b04a89d\\"}]", "percent_discount": "10", "for_delivery_methods": "[\\"classroom\\", \\"virtual_training\\", \\"video_classroom\\", \\"online_learning\\"]", "comments": [], "course_set": []}	\N	486	7
3240	f	2022-03-02 12:53:11.819925+00	{"pk": 486, "path": "000100010008", "depth": 3, "numchild": 0, "translation_key": "34d3c8e0-9b71-406d-b218-83a1fec473fe", "locale": 1, "title": "Mars-erbjudande!", "draft_title": "Mars-erbjudande!", "slug": "mars-erbjudande", "content_type": 121, "live": false, "has_unpublished_changes": true, "url_path": "/home/mars-erbjudande/", "owner": 7, "seo_title": "", "show_in_menus": false, "search_description": "", "go_live_at": "2022-03-02T12:00:00Z", "expire_at": "2022-03-31T13:00:00Z", "expired": false, "locked": false, "locked_at": null, "locked_by": null, "first_published_at": null, "last_published_at": null, "latest_revision_created_at": "2022-03-02T12:28:46.825Z", "live_revision": null, "alias_of": null, "color_theme": "dark", "alternative_header": "Mars-erbjudande!", "body": "[{\\"type\\": \\"image_and_text\\", \\"value\\": {\\"image\\": 317, \\"image_method\\": \\"max\\", \\"text\\": \\"<h3 data-block-key=\\\\\\"cpbym\\\\\\"><b>Mars-erbjudande - 10% rabatt!</b></h3><p data-block-key=\\\\\\"81u81\\\\\\">Extra mycket utbildning f\\\\u00f6r pengarna! </p><p data-block-key=\\\\\\"df06o\\\\\\"><b>Boka</b> en utbildning <b>i mars</b>, med <b>startdatum i mars</b> och <b>f\\\\u00e5 10%</b> nedsatt pris.</p><p data-block-key=\\\\\\"2vih8\\\\\\"><b>Anv\\\\u00e4nd v\\\\u00e5ra lokaler!</b> </p><p data-block-key=\\\\\\"ge0p\\\\\\">Boka en virtuell utbildning och sitt hos oss med komplett teknisk utrustning och <b>lugn och ro.</b></p>\\", \\"image_position\\": \\"right\\"}, \\"id\\": \\"cdbe6178-0944-4d0e-b15d-19c14b04a89d\\"}]", "percent_discount": "10", "for_delivery_methods": "[\\"classroom\\", \\"virtual_training\\", \\"video_classroom\\", \\"online_learning\\"]", "comments": [], "course_set": []}	\N	486	7
3250	f	2022-03-29 12:55:29.704501+00	{"pk": 486, "path": "000100010008", "depth": 3, "numchild": 0, "translation_key": "34d3c8e0-9b71-406d-b218-83a1fec473fe", "locale": 1, "title": "Mars-erbjudande!", "draft_title": "Mars-erbjudande!", "slug": "mars-erbjudande", "content_type": 121, "live": true, "has_unpublished_changes": false, "url_path": "/home/mars-erbjudande/", "owner": 7, "seo_title": "", "show_in_menus": false, "search_description": "", "go_live_at": "2022-03-02T12:00:00Z", "expire_at": "2022-03-29T13:00:00Z", "expired": false, "locked": false, "locked_at": null, "locked_by": null, "first_published_at": "2022-03-02T12:53:11.944Z", "last_published_at": "2022-03-29T12:33:55.131Z", "latest_revision_created_at": "2022-03-29T12:33:54.885Z", "live_revision": 3249, "alias_of": null, "color_theme": "dark", "alternative_header": "Mars-erbjudande!", "body": "[{\\"type\\": \\"image_and_text\\", \\"value\\": {\\"image\\": 317, \\"image_method\\": \\"max\\", \\"text\\": \\"<h3 data-block-key=\\\\\\"cpbym\\\\\\"><b>Mars-erbjudande - 10% rabatt!</b></h3><p data-block-key=\\\\\\"81u81\\\\\\">Extra mycket utbildning f\\\\u00f6r pengarna!</p><p data-block-key=\\\\\\"df06o\\\\\\"><b>Boka</b> en utbildning <b>i mars</b>, med <b>startdatum i mars</b> och <b>f\\\\u00e5 10%</b> nedsatt pris.</p><p data-block-key=\\\\\\"2vih8\\\\\\"><b>Anv\\\\u00e4nd v\\\\u00e5ra lokaler!</b></p><p data-block-key=\\\\\\"ge0p\\\\\\">Boka en virtuell utbildning och sitt hos oss med komplett teknisk utrustning och <b>lugn och ro.</b></p>\\", \\"image_position\\": \\"right\\"}, \\"id\\": \\"cdbe6178-0944-4d0e-b15d-19c14b04a89d\\"}]", "percent_discount": "10", "for_delivery_methods": "[\\"classroom\\", \\"virtual_training\\", \\"video_classroom\\", \\"online_learning\\"]", "comments": [], "course_set": [{"pk": 6, "sort_order": 0, "campaign": 486, "course": 341}, {"pk": 7, "sort_order": 1, "campaign": 486, "course": 28}, {"pk": 8, "sort_order": 2, "campaign": 486, "course": 12}, {"pk": 9, "sort_order": 3, "campaign": 486, "course": 25}, {"pk": 10, "sort_order": 4, "campaign": 486, "course": 11}, {"pk": 11, "sort_order": 5, "campaign": 486, "course": 26}, {"pk": 12, "sort_order": 6, "campaign": 486, "course": 13}, {"pk": 13, "sort_order": 7, "campaign": 486, "course": 31}, {"pk": 14, "sort_order": 8, "campaign": 486, "course": 84}, {"pk": 15, "sort_order": 9, "campaign": 486, "course": 85}, {"pk": 16, "sort_order": 10, "campaign": 486, "course": 83}, {"pk": 17, "sort_order": 11, "campaign": 486, "course": 108}]}	\N	486	7
3251	f	2022-03-29 12:55:35.676915+00	{"pk": 486, "path": "000100010008", "depth": 3, "numchild": 0, "translation_key": "34d3c8e0-9b71-406d-b218-83a1fec473fe", "locale": 1, "title": "Mars-erbjudande!", "draft_title": "Mars-erbjudande!", "slug": "mars-erbjudande", "content_type": 121, "live": true, "has_unpublished_changes": true, "url_path": "/home/mars-erbjudande/", "owner": 7, "seo_title": "", "show_in_menus": false, "search_description": "", "go_live_at": "2022-03-02T12:00:00Z", "expire_at": "2022-03-29T13:00:00Z", "expired": false, "locked": false, "locked_at": null, "locked_by": null, "first_published_at": "2022-03-02T12:53:11.944Z", "last_published_at": "2022-03-29T12:33:55.131Z", "latest_revision_created_at": "2022-03-29T12:55:29.704Z", "live_revision": 3249, "alias_of": null, "color_theme": "dark", "alternative_header": "Mars-erbjudande!", "body": "[{\\"type\\": \\"image_and_text\\", \\"value\\": {\\"image\\": 317, \\"image_method\\": \\"max\\", \\"text\\": \\"<h3 data-block-key=\\\\\\"cpbym\\\\\\"><b>Mars-erbjudande - 10% rabatt!</b></h3><p data-block-key=\\\\\\"81u81\\\\\\">Extra mycket utbildning f\\\\u00f6r pengarna!</p><p data-block-key=\\\\\\"df06o\\\\\\"><b>Boka</b> en utbildning <b>i mars</b>, med <b>startdatum i mars</b> och <b>f\\\\u00e5 10%</b> nedsatt pris.</p><p data-block-key=\\\\\\"2vih8\\\\\\"><b>Anv\\\\u00e4nd v\\\\u00e5ra lokaler!</b></p><p data-block-key=\\\\\\"ge0p\\\\\\">Boka en virtuell utbildning och sitt hos oss med komplett teknisk utrustning och <b>lugn och ro.</b></p>\\", \\"image_position\\": \\"right\\"}, \\"id\\": \\"cdbe6178-0944-4d0e-b15d-19c14b04a89d\\"}]", "percent_discount": "10", "for_delivery_methods": "[\\"classroom\\", \\"virtual_training\\", \\"video_classroom\\", \\"online_learning\\"]", "comments": [], "course_set": [{"pk": 6, "sort_order": 0, "campaign": 486, "course": 341}, {"pk": 7, "sort_order": 1, "campaign": 486, "course": 28}, {"pk": 8, "sort_order": 2, "campaign": 486, "course": 12}, {"pk": 9, "sort_order": 3, "campaign": 486, "course": 25}, {"pk": 10, "sort_order": 4, "campaign": 486, "course": 11}, {"pk": 11, "sort_order": 5, "campaign": 486, "course": 26}, {"pk": 12, "sort_order": 6, "campaign": 486, "course": 13}, {"pk": 13, "sort_order": 7, "campaign": 486, "course": 31}, {"pk": 14, "sort_order": 8, "campaign": 486, "course": 84}, {"pk": 15, "sort_order": 9, "campaign": 486, "course": 85}, {"pk": 16, "sort_order": 10, "campaign": 486, "course": 83}, {"pk": 17, "sort_order": 11, "campaign": 486, "course": 108}]}	\N	486	7
442	f	2020-04-17 14:04:55.000867+00	{"pk": 48, "path": "0001000100030001", "depth": 4, "numchild": 0, "title": "Om f\\u00f6retaget", "draft_title": "Om f\\u00f6retaget", "slug": "kompetens-i-centrum-och-i-grunden", "content_type": 9, "live": true, "has_unpublished_changes": true, "url_path": "/home/om-lexher/kompetens-i-centrum-och-i-grunden/", "owner": 2, "seo_title": "", "show_in_menus": true, "search_description": "", "go_live_at": null, "expire_at": null, "expired": false, "locked": false, "locked_at": null, "locked_by": null, "first_published_at": "2020-04-16T07:45:37.787Z", "last_published_at": "2020-04-17T13:53:52.426Z", "latest_revision_created_at": "2020-04-17T14:04:52.281Z", "live_revision": 424, "color_theme": "dark", "alternative_header": "Kompetens som grund", "body": "[{\\"type\\": \\"richtext\\", \\"value\\": \\"<p>Lexher startades 2007 med en id\\\\u00e9 om att f\\\\u00f6rse svenska hem med IT Support on-demand. Idag har det utvecklats till en konsultverksamhet d\\\\u00e4r kompetens alltid st\\\\u00e5r i centrum. Vi har dessutom en egen labmilj\\\\u00f6 och erbjuder b\\\\u00e5de egna utbildningar och utbildningar fr\\\\u00e5n Red Hat i v\\\\u00e5rt h\\\\u00f6gteknologiska utbildningscentrum.</p><h3>Alltid i centrum och v\\\\u00e5rt st\\\\u00e4ndiga m\\\\u00e5l</h3><p>Vi vill attrahera h\\\\u00f6gkompetenta medarbetare genom en tydlig teknisk inriktning och fokus p\\\\u00e5 st\\\\u00e4ndig kompetensutveckling. Vi bygger Sveriges st\\\\u00f6rsta team inom Linux, Unix, Devops och IP n\\\\u00e4t. \\\\u00c4r du eller vill du bli expert inom n\\\\u00e5got av dessa omr\\\\u00e5den s\\\\u00f6ker vi dig till v\\\\u00e5r verksamhet.</p><p></p>\\", \\"id\\": \\"e0d35588-002a-428b-96da-6ac20b259a4d\\"}, {\\"type\\": \\"cta_banner\\", \\"value\\": {\\"page\\": 47, \\"title\\": \\"\\", \\"text\\": \\"L\\\\u00e4s mer om hur du kan bli Lexher-konsult inom loppet av n\\\\u00e5gra intensiva veckor.\\", \\"button_text\\": \\"Lexher Academy\\"}, \\"id\\": \\"8b8a54c3-57ae-4c28-9fe8-cc17c1a55cf1\\"}, {\\"type\\": \\"cta_banner\\", \\"value\\": {\\"page\\": 32, \\"title\\": \\"Bli konsult hos oss\\", \\"text\\": \\"Vill du vara med i Lexhers kompetenta team? L\\\\u00e4s mer om vilka tj\\\\u00e4nster vi s\\\\u00f6ker eller skicka oss en intresseanm\\\\u00e4lan.\\", \\"button_text\\": \\"Tj\\\\u00e4nster hos Lexher\\"}, \\"id\\": \\"87b55be6-5311-4e9d-8006-80f661994455\\"}]"}	\N	48	\N
1987	f	2021-03-23 12:29:44.791474+00	{"pk": 48, "path": "0001000100030001", "depth": 4, "numchild": 0, "translation_key": "d217a7c3-1ea7-4496-8bb7-6042ed8310c9", "locale": 1, "title": "Om f\\u00f6retaget", "draft_title": "Om f\\u00f6retaget", "slug": "kompetens-i-centrum-och-i-grunden", "content_type": 9, "live": true, "has_unpublished_changes": false, "url_path": "/home/om-lexher/kompetens-i-centrum-och-i-grunden/", "owner": 2, "seo_title": "", "show_in_menus": true, "search_description": "Vi \\u00e4r ett konsultbolag d\\u00e4r kompetensutveckling alltid st\\u00e5r i centrum. Nu med eget h\\u00f6gteknologiskt utbildningscenter med egen labmilj\\u00f6 mitt i Kista, med b\\u00e5de egna utbildningar och utbildningar fr\\u00e5n Red Hat.\\r\\nVi vill attrahera h\\u00f6gkompetenta medarbetare genom en tydlig teknisk inriktning och fokus p\\u00e5 st\\u00e4ndig kompetensutveckling, och attrahera kunder genom att tillf\\u00f6ra denna k\\u00e4rnkompetens till deras verksamhet.\\r\\nV\\u00e5rt m\\u00e5l \\u00e4r att bli b\\u00e4ttre p\\u00e5 Red Hat \\u00e4n Red Hat, och fungera som en kompetensfabrik f\\u00f6r Red Hat-kompetens och -f\\u00e4rdigheter som bygger effektiva konsulter f\\u00f6r nutidens och framtidens marknad. Vill du vara med i v\\u00e5rt ambiti\\u00f6sa och h\\u00e4rliga team? L\\u00e4s mer om vilka tj\\u00e4nster vi s\\u00f6ker eller skicka oss en intresseanm\\u00e4lan.\\r\\nL\\u00e4s om Lexhers historia", "go_live_at": null, "expire_at": null, "expired": false, "locked": false, "locked_at": null, "locked_by": null, "first_published_at": "2020-04-16T07:45:37.787Z", "last_published_at": "2021-01-18T13:58:17.368Z", "latest_revision_created_at": "2021-01-18T13:58:17.348Z", "live_revision": 1941, "alias_of": null, "color_theme": "dark", "alternative_header": "Kompetens som grund", "body": "[{\\"type\\": \\"richtext\\", \\"value\\": \\"<p>Vi \\\\u00e4r ett konsultbolag d\\\\u00e4r kompetensutveckling alltid st\\\\u00e5r i centrum. V\\\\u00e5rt m\\\\u00e5l \\\\u00e4r att bli b\\\\u00e4ttre p\\\\u00e5 Red Hat \\\\u00e4n Red Hat, och fungera som en kompetensfabrik f\\\\u00f6r Red Hat-kompetens och -f\\\\u00e4rdigheter som bygger effektiva konsulter f\\\\u00f6r nutidens och framtidens marknad.</p><p>Vi har ett eget h\\\\u00f6gteknologiskt utbildningscenter och egen labmilj\\\\u00f6 mitt i Kista, \\\\u00e4r auktoriserad Red Hat Training Facility Partner med h\\\\u00f6gsta tekniska niv\\\\u00e5 (level 4) med egna utbildningar och utbildningar fr\\\\u00e5n Red Hat. Vi \\\\u00e4r \\\\u00e4ven Red Hat Premier Business Partner och kan erbjuda samtliga produkter i Red Hats produktportf\\\\u00f6lj.</p><p>Genom v\\\\u00e5r tydliga tekniska inriktning och v\\\\u00e5rt fokus p\\\\u00e5 st\\\\u00e4ndig kompetensutveckling, attraherar vi mycket kompetenta konsulter och kan erbjuda och tillf\\\\u00f6ra denna k\\\\u00e4rnkompetens till v\\\\u00e5ra kunders verksamhet.</p><p>Vill du vara med i v\\\\u00e5rt ambiti\\\\u00f6sa och h\\\\u00e4rliga team? L\\\\u00e4s mer om vilka tj\\\\u00e4nster vi s\\\\u00f6ker och skicka oss en <a id=\\\\\\"121\\\\\\" linktype=\\\\\\"page\\\\\\">intresseanm\\\\u00e4lan</a>.</p><p><a id=\\\\\\"120\\\\\\" linktype=\\\\\\"page\\\\\\">L\\\\u00e4s om Lexhers historia</a></p><embed alt=\\\\\\"Premier partner certificate.png\\\\\\" embedtype=\\\\\\"image\\\\\\" format=\\\\\\"fullwidth\\\\\\" id=\\\\\\"204\\\\\\"/><p></p><p></p><p></p><p></p><p></p><p></p><p></p><p></p><p></p><p></p><p></p>\\", \\"id\\": \\"e0d35588-002a-428b-96da-6ac20b259a4d\\"}]"}	\N	48	7
443	f	2020-04-17 14:06:09.415324+00	{"pk": 48, "path": "0001000100030001", "depth": 4, "numchild": 0, "title": "Om f\\u00f6retaget", "draft_title": "Om f\\u00f6retaget", "slug": "kompetens-i-centrum-och-i-grunden", "content_type": 9, "live": true, "has_unpublished_changes": false, "url_path": "/home/om-lexher/kompetens-i-centrum-och-i-grunden/", "owner": 2, "seo_title": "", "show_in_menus": true, "search_description": "", "go_live_at": null, "expire_at": null, "expired": false, "locked": false, "locked_at": null, "locked_by": null, "first_published_at": "2020-04-16T07:45:37.787Z", "last_published_at": "2020-04-17T14:04:55.018Z", "latest_revision_created_at": "2020-04-17T14:04:55.000Z", "live_revision": 442, "color_theme": "dark", "alternative_header": "Kompetens som grund", "body": "[{\\"type\\": \\"richtext\\", \\"value\\": \\"<p>Lexher startades 2007 med en id\\\\u00e9 om att f\\\\u00f6rse svenska hem med IT Support on-demand. Idag har det utvecklats till en konsultverksamhet d\\\\u00e4r kompetens alltid st\\\\u00e5r i centrum. Vi har dessutom en egen labmilj\\\\u00f6 och erbjuder b\\\\u00e5de egna utbildningar och utbildningar fr\\\\u00e5n Red Hat i v\\\\u00e5rt h\\\\u00f6gteknologiska utbildningscentrum.</p><h3>Alltid i centrum och v\\\\u00e5rt st\\\\u00e4ndiga m\\\\u00e5l</h3><p>Vi vill attrahera h\\\\u00f6gkompetenta medarbetare genom en tydlig teknisk inriktning och fokus p\\\\u00e5 st\\\\u00e4ndig kompetensutveckling. Vi bygger Sveriges st\\\\u00f6rsta team inom Linux, Unix, Devops och IP n\\\\u00e4t. \\\\u00c4r du eller vill du bli expert inom n\\\\u00e5got av dessa omr\\\\u00e5den s\\\\u00f6ker vi dig till v\\\\u00e5r verksamhet.</p>\\", \\"id\\": \\"e0d35588-002a-428b-96da-6ac20b259a4d\\"}, {\\"type\\": \\"cta_banner\\", \\"value\\": {\\"page\\": 47, \\"title\\": \\"\\", \\"text\\": \\"L\\\\u00e4s mer om hur du kan bli Lexher-konsult inom loppet av n\\\\u00e5gra intensiva veckor.\\", \\"button_text\\": \\"Lexher Academy\\"}, \\"id\\": \\"8b8a54c3-57ae-4c28-9fe8-cc17c1a55cf1\\"}, {\\"type\\": \\"cta_banner\\", \\"value\\": {\\"page\\": 32, \\"title\\": \\"Bli konsult hos oss\\", \\"text\\": \\"Vill du vara med i Lexhers kompetenta team? L\\\\u00e4s mer om vilka tj\\\\u00e4nster vi s\\\\u00f6ker eller skicka oss en intresseanm\\\\u00e4lan.\\", \\"button_text\\": \\"Tj\\\\u00e4nster hos Lexher\\"}, \\"id\\": \\"87b55be6-5311-4e9d-8006-80f661994455\\"}]"}	\N	48	\N
496	f	2020-04-20 09:24:06.610503+00	{"pk": 48, "path": "0001000100030001", "depth": 4, "numchild": 0, "title": "Om f\\u00f6retaget", "draft_title": "Om f\\u00f6retaget", "slug": "kompetens-i-centrum-och-i-grunden", "content_type": 9, "live": true, "has_unpublished_changes": true, "url_path": "/home/om-lexher/kompetens-i-centrum-och-i-grunden/", "owner": 2, "seo_title": "", "show_in_menus": true, "search_description": "", "go_live_at": null, "expire_at": null, "expired": false, "locked": false, "locked_at": null, "locked_by": null, "first_published_at": "2020-04-16T07:45:37.787Z", "last_published_at": "2020-04-20T09:23:34.114Z", "latest_revision_created_at": "2020-04-20T09:24:04.309Z", "live_revision": 493, "color_theme": "dark", "alternative_header": "Kompetens som grund", "body": "[{\\"type\\": \\"richtext\\", \\"value\\": \\"<p>Lexher startades 2007 med en id\\\\u00e9 om att f\\\\u00f6rse svenska hem med IT Support on-demand. Idag har det utvecklats till en konsultverksamhet d\\\\u00e4r kompetens alltid st\\\\u00e5r i centrum. Vi har dessutom en egen labmilj\\\\u00f6 och erbjuder b\\\\u00e5de egna utbildningar och utbildningar fr\\\\u00e5n Red Hat i v\\\\u00e5rt h\\\\u00f6gteknologiska utbildningscentrum.</p><h3>Alltid i centrum och v\\\\u00e5rt st\\\\u00e4ndiga m\\\\u00e5l</h3><p>Vi vill attrahera h\\\\u00f6gkompetenta medarbetare genom en tydlig teknisk inriktning och fokus p\\\\u00e5 st\\\\u00e4ndig kompetensutveckling. Vi bygger Sveriges st\\\\u00f6rsta team inom Linux, Unix, Devops och IP n\\\\u00e4t. Vill du vara med i Lexhers kompetenta team? L\\\\u00e4s mer om vilka tj\\\\u00e4nster vi s\\\\u00f6ker eller skicka oss en intresseanm\\\\u00e4lan.</p>\\", \\"id\\": \\"e0d35588-002a-428b-96da-6ac20b259a4d\\"}, {\\"type\\": \\"cta_box_list\\", \\"value\\": [{\\"heading\\": \\"S\\\\u00f6k tj\\\\u00e4nst hos oss\\", \\"text\\": \\"\\", \\"page\\": 32}], \\"id\\": \\"d65977f3-989f-49cf-baf4-83c15a702f1c\\"}, {\\"type\\": \\"cta_banner\\", \\"value\\": {\\"page\\": 47, \\"title\\": \\"\\", \\"text\\": \\"L\\\\u00e4s mer om hur du kan bli Lexher-konsult inom loppet av n\\\\u00e5gra intensiva veckor.\\", \\"button_text\\": \\"Lexher Academy\\"}, \\"id\\": \\"8b8a54c3-57ae-4c28-9fe8-cc17c1a55cf1\\"}]"}	\N	48	\N
441	f	2020-04-17 14:04:52.281984+00	{"pk": 48, "path": "0001000100030001", "depth": 4, "numchild": 0, "title": "Om f\\u00f6retaget", "draft_title": "Om f\\u00f6retaget", "slug": "kompetens-i-centrum-och-i-grunden", "content_type": 9, "live": true, "has_unpublished_changes": false, "url_path": "/home/om-lexher/kompetens-i-centrum-och-i-grunden/", "owner": 2, "seo_title": "", "show_in_menus": true, "search_description": "", "go_live_at": null, "expire_at": null, "expired": false, "locked": false, "locked_at": null, "locked_by": null, "first_published_at": "2020-04-16T07:45:37.787Z", "last_published_at": "2020-04-17T13:53:52.426Z", "latest_revision_created_at": "2020-04-17T13:53:52.409Z", "live_revision": 424, "color_theme": "dark", "alternative_header": "Kompetens som grund", "body": "[{\\"type\\": \\"richtext\\", \\"value\\": \\"<p>Lexher startades 2007 med en id\\\\u00e9 om att f\\\\u00f6rse svenska hem med IT Support on-demand. Idag har det utvecklats till en konsultverksamhet d\\\\u00e4r kompetens alltid st\\\\u00e5r i centrum. Vi har dessutom en egen labmilj\\\\u00f6 och erbjuder b\\\\u00e5de egna utbildningar och utbildningar fr\\\\u00e5n Red Hat i v\\\\u00e5rt h\\\\u00f6gteknologiska utbildningscentrum.</p><h3>Alltid i centrum och v\\\\u00e5rt st\\\\u00e4ndiga m\\\\u00e5l</h3><p>Vi vill attrahera h\\\\u00f6gkompetenta medarbetare genom en tydlig teknisk inriktning och fokus p\\\\u00e5 st\\\\u00e4ndig kompetensutveckling. Vi bygger Sveriges st\\\\u00f6rsta team inom Linux, Unix, Devops och IP n\\\\u00e4t. \\\\u00c4r du eller vill du bli expert inom n\\\\u00e5got av dessa omr\\\\u00e5den s\\\\u00f6ker vi dig till v\\\\u00e5r verksamhet. </p><p></p>\\", \\"id\\": \\"e0d35588-002a-428b-96da-6ac20b259a4d\\"}, {\\"type\\": \\"cta_banner\\", \\"value\\": {\\"page\\": 47, \\"title\\": \\"\\", \\"text\\": \\"L\\\\u00e4s mer om hur du kan bli Lexher-konsult inom loppet av n\\\\u00e5gra intensiva veckor.\\", \\"button_text\\": \\"Lexher Academy\\"}, \\"id\\": \\"8b8a54c3-57ae-4c28-9fe8-cc17c1a55cf1\\"}, {\\"type\\": \\"cta_banner\\", \\"value\\": {\\"page\\": 32, \\"title\\": \\"Bli konsult hos oss\\", \\"text\\": \\"Vill du vara med i Lexhers kompetenta team? L\\\\u00e4s mer om vilka tj\\\\u00e4nster vi s\\\\u00f6ker eller skicka oss en intresseanm\\\\u00e4lan.\\", \\"button_text\\": \\"Tj\\\\u00e4nster hos Lexher\\"}, \\"id\\": \\"87b55be6-5311-4e9d-8006-80f661994455\\"}]"}	\N	48	\N
1303	f	2020-06-16 17:07:31.759767+00	{"pk": 200, "path": "000100010007", "depth": 3, "numchild": 0, "title": "testsida", "draft_title": "testsida", "slug": "testsida", "content_type": 9, "live": true, "has_unpublished_changes": false, "url_path": "/home/testsida/", "owner": 1, "seo_title": "", "show_in_menus": true, "search_description": "", "go_live_at": null, "expire_at": null, "expired": false, "locked": false, "locked_at": null, "locked_by": null, "first_published_at": null, "last_published_at": null, "latest_revision_created_at": null, "live_revision": null, "color_theme": "dark", "alternative_header": "", "body": "[{\\"type\\": \\"plaintext\\", \\"value\\": \\"inneh\\\\u00e5ll\\", \\"id\\": \\"284be956-10ee-4391-8057-b8b884ffe1bd\\"}]"}	\N	200	\N
1228	f	2020-05-29 09:06:25.261927+00	{"pk": 190, "path": "000100010007", "depth": 3, "numchild": 0, "title": "English", "draft_title": "English", "slug": "english", "content_type": 9, "live": false, "has_unpublished_changes": false, "url_path": "/home/english/", "owner": 1, "seo_title": "", "show_in_menus": true, "search_description": "", "go_live_at": null, "expire_at": null, "expired": false, "locked": false, "locked_at": null, "locked_by": null, "first_published_at": null, "last_published_at": null, "latest_revision_created_at": null, "live_revision": null, "color_theme": "dark", "alternative_header": "Yes, we speak English too!", "body": "[{\\"type\\": \\"richtext\\", \\"value\\": \\"<p>English content...</p>\\", \\"id\\": \\"3b3bdb6c-8e8c-4883-8e54-ed43fb97c3b1\\"}]"}	\N	190	\N
1231	f	2020-05-29 11:05:47.424325+00	{"pk": 190, "path": "000100010007", "depth": 3, "numchild": 0, "title": "English", "draft_title": "English", "slug": "english", "content_type": 9, "live": false, "has_unpublished_changes": true, "url_path": "/home/english/", "owner": 1, "seo_title": "", "show_in_menus": true, "search_description": "", "go_live_at": null, "expire_at": null, "expired": false, "locked": false, "locked_at": null, "locked_by": null, "first_published_at": null, "last_published_at": null, "latest_revision_created_at": "2020-05-29T09:06:25.261Z", "live_revision": null, "color_theme": "dark", "alternative_header": "Yes, we speak English too!", "body": "[{\\"type\\": \\"richtext\\", \\"value\\": \\"<p>English content...</p>\\", \\"id\\": \\"3b3bdb6c-8e8c-4883-8e54-ed43fb97c3b1\\"}]"}	\N	190	7
3254	f	2022-04-04 14:03:38.242614+00	{"pk": 200, "path": "000100010007", "depth": 3, "numchild": 0, "translation_key": "e2f7ba4d-b51b-4261-b967-b362670146c5", "locale": 1, "title": "testsida", "draft_title": "testsida", "slug": "testsida", "content_type": 9, "live": true, "has_unpublished_changes": true, "url_path": "/home/testsida/", "owner": null, "seo_title": "", "show_in_menus": false, "search_description": "inneh\\u00e5ll", "go_live_at": null, "expire_at": null, "expired": false, "locked": false, "locked_at": null, "locked_by": null, "first_published_at": "2020-06-16T17:07:31.773Z", "last_published_at": "2020-06-16T17:07:31.773Z", "latest_revision_created_at": "2022-04-04T14:01:33.866Z", "live_revision": 1303, "alias_of": null, "color_theme": "dark", "alternative_header": "", "body": "[{\\"type\\": \\"plaintext\\", \\"value\\": \\"inneh\\\\u00e5ll\\", \\"id\\": \\"284be956-10ee-4391-8057-b8b884ffe1bd\\"}, {\\"type\\": \\"html\\", \\"value\\": \\"<script src=https://unpkg.com/@gobistories/gobi-web-integration@^6 async onload=\\\\\\"gobi.discover()\\\\\\"></script>\\\\r\\\\n\\\\r\\\\n<div class=\\\\\\"container\\\\\\" style=\\\\\\"text-align: center;\\\\\\">\\\\r\\\\n<div class=\\\\\\"gobi-stories\\\\\\"\\\\r\\\\n  style=\\\\\\"display: inline-block\\\\\\"\\\\r\\\\n  data-gobi-stories=\\\\\\"33hc9\\\\\\"\\\\r\\\\n  data-gobi-bubble-size=\\\\\\"100px\\\\\\"\\\\r\\\\n  data-gobi-animated-bubble=\\\\\\"true\\\\\\"\\\\r\\\\n  data-gobi-disable-shadow-dom=\\\\\\"false\\\\\\"\\\\r\\\\n  data-gobi-auto-start-with-sound=\\\\\\"true\\\\\\">\\\\r\\\\n</div>\\\\r\\\\n\\\\r\\\\n<div class=\\\\\\"gobi-stories\\\\\\"\\\\r\\\\n  style=\\\\\\"display: inline-block\\\\\\"\\\\r\\\\n  data-gobi-stories=\\\\\\"33hc9\\\\\\"\\\\r\\\\n  data-gobi-bubble-size=\\\\\\"100px\\\\\\"\\\\r\\\\n  data-gobi-animated-bubble=\\\\\\"true\\\\\\"\\\\r\\\\n  data-gobi-disable-shadow-dom=\\\\\\"false\\\\\\"\\\\r\\\\n  data-gobi-auto-start-with-sound=\\\\\\"true\\\\\\">\\\\r\\\\n</div>\\\\r\\\\n</div>\\", \\"id\\": \\"d4b8528c-a073-4a93-b720-d9ff7981482a\\"}]", "comments": []}	\N	200	66
1255	f	2020-05-29 15:59:34.741805+00	{"pk": 190, "path": "000100010007", "depth": 3, "numchild": 0, "title": "English", "draft_title": "English", "slug": "english", "content_type": 9, "live": true, "has_unpublished_changes": true, "url_path": "/home/english/", "owner": 1, "seo_title": "", "show_in_menus": true, "search_description": "", "go_live_at": null, "expire_at": null, "expired": false, "locked": false, "locked_at": null, "locked_by": null, "first_published_at": "2020-05-29T11:05:47.442Z", "last_published_at": "2020-05-29T11:05:47.442Z", "latest_revision_created_at": "2020-05-29T15:59:31.109Z", "live_revision": 1231, "color_theme": "dark", "alternative_header": "Yes, we speak English too!", "body": "[{\\"type\\": \\"plaintext\\", \\"value\\": \\"To get help, information and advice in English, please klick on \\\\\\"Hur kan vi hj\\\\u00e4lpa dig?\\\\\\" at the bottom right corner, and state your query. We look forward to hearing from you.\\", \\"id\\": \\"0f4f14fe-007e-4071-b1b0-e9bdbb7d57dc\\"}]"}	\N	190	48
3533	f	2023-08-21 16:33:13.768215+00	{"pk": 190, "path": "000100010002000A", "depth": 4, "numchild": 0, "translation_key": "c37ecfb3-49a0-4a0b-b4ac-46baa4ef0e5d", "locale": 1, "title": "English", "draft_title": "English", "slug": "english", "content_type": 9, "live": true, "has_unpublished_changes": false, "url_path": "/home/utbildning/english/", "owner": null, "seo_title": "", "show_in_menus": false, "search_description": "To get help, information and advice in English, please klick on \\"Hur kan vi hj\\u00e4lpa dig?\\" at the bottom right corner, and state your query. We look forward to hearing from you.", "go_live_at": null, "expire_at": null, "expired": false, "locked": false, "locked_at": null, "locked_by": null, "first_published_at": "2020-05-29T11:05:47.442Z", "last_published_at": "2022-03-07T14:01:09.383Z", "latest_revision_created_at": "2022-03-07T14:01:09.265Z", "live_revision": 3246, "alias_of": null, "color_theme": "dark", "alternative_header": "Yes, we speak English, too!", "body": "[{\\"type\\": \\"plaintext\\", \\"value\\": \\"To get help, information and advice in English, please click on \\\\\\"Kontakta oss\\\\\\" at the bottom right corner, and state your query. We look forward to hearing from you. Or send an e-mail: training@lexher.se\\", \\"id\\": \\"0f4f14fe-007e-4071-b1b0-e9bdbb7d57dc\\"}]", "comments": []}	\N	190	38
3253	f	2022-04-04 14:01:33.866038+00	{"pk": 200, "path": "000100010007", "depth": 3, "numchild": 0, "translation_key": "e2f7ba4d-b51b-4261-b967-b362670146c5", "locale": 1, "title": "testsida", "draft_title": "testsida", "slug": "testsida", "content_type": 9, "live": true, "has_unpublished_changes": false, "url_path": "/home/testsida/", "owner": null, "seo_title": "", "show_in_menus": true, "search_description": "inneh\\u00e5ll", "go_live_at": null, "expire_at": null, "expired": false, "locked": false, "locked_at": null, "locked_by": null, "first_published_at": "2020-06-16T17:07:31.773Z", "last_published_at": "2020-06-16T17:07:31.773Z", "latest_revision_created_at": "2020-06-16T17:07:31.759Z", "live_revision": 1303, "alias_of": null, "color_theme": "dark", "alternative_header": "", "body": "[{\\"type\\": \\"plaintext\\", \\"value\\": \\"inneh\\\\u00e5ll\\", \\"id\\": \\"284be956-10ee-4391-8057-b8b884ffe1bd\\"}, {\\"type\\": \\"html\\", \\"value\\": \\"<script src=https://unpkg.com/@gobistories/gobi-web-integration@^6 async onload=\\\\\\"gobi.discover()\\\\\\"></script>\\\\r\\\\n\\\\r\\\\n<div class=\\\\\\"container\\\\\\" style=\\\\\\"text-align: center;\\\\\\">\\\\r\\\\n<div class=\\\\\\"gobi-stories\\\\\\"\\\\r\\\\n  style=\\\\\\"display: inline-block\\\\\\"\\\\r\\\\n  data-gobi-stories=\\\\\\"33hc9\\\\\\"\\\\r\\\\n  data-gobi-bubble-size=\\\\\\"100px\\\\\\"\\\\r\\\\n  data-gobi-animated-bubble=\\\\\\"true\\\\\\"\\\\r\\\\n  data-gobi-disable-shadow-dom=\\\\\\"false\\\\\\"\\\\r\\\\n  data-gobi-auto-start-with-sound=\\\\\\"true\\\\\\">\\\\r\\\\n</div>\\\\r\\\\n\\\\r\\\\n<div class=\\\\\\"gobi-stories\\\\\\"\\\\r\\\\n  style=\\\\\\"display: inline-block\\\\\\"\\\\r\\\\n  data-gobi-stories=\\\\\\"33hc9\\\\\\"\\\\r\\\\n  data-gobi-bubble-size=\\\\\\"100px\\\\\\"\\\\r\\\\n  data-gobi-animated-bubble=\\\\\\"true\\\\\\"\\\\r\\\\n  data-gobi-disable-shadow-dom=\\\\\\"false\\\\\\"\\\\r\\\\n  data-gobi-auto-start-with-sound=\\\\\\"true\\\\\\">\\\\r\\\\n</div>\\\\r\\\\n</div>\\", \\"id\\": \\"d4b8528c-a073-4a93-b720-d9ff7981482a\\"}]", "comments": []}	\N	200	66
3255	f	2022-04-04 14:37:47.244424+00	{"pk": 200, "path": "000100010007", "depth": 3, "numchild": 0, "translation_key": "e2f7ba4d-b51b-4261-b967-b362670146c5", "locale": 1, "title": "testsida", "draft_title": "testsida", "slug": "testsida", "content_type": 9, "live": true, "has_unpublished_changes": false, "url_path": "/home/testsida/", "owner": null, "seo_title": "", "show_in_menus": false, "search_description": "inneh\\u00e5ll", "go_live_at": null, "expire_at": null, "expired": false, "locked": false, "locked_at": null, "locked_by": null, "first_published_at": "2020-06-16T17:07:31.773Z", "last_published_at": "2022-04-04T14:03:38.349Z", "latest_revision_created_at": "2022-04-04T14:03:38.242Z", "live_revision": 3254, "alias_of": null, "color_theme": "dark", "alternative_header": "", "body": "[{\\"type\\": \\"plaintext\\", \\"value\\": \\"inneh\\\\u00e5ll\\", \\"id\\": \\"284be956-10ee-4391-8057-b8b884ffe1bd\\"}, {\\"type\\": \\"html\\", \\"value\\": \\"<script src=https://unpkg.com/@gobistories/gobi-web-integration@^6 async onload=\\\\\\"gobi.discover()\\\\\\"></script>\\\\r\\\\n\\\\r\\\\n<div class=\\\\\\"gobi-stories\\\\\\"\\\\r\\\\n  data-gobi-stories=\\\\\\"33hc9 ksvz9\\\\\\"\\\\r\\\\n  data-gobi-bubble-size=\\\\\\"100px\\\\\\"\\\\r\\\\n  data-gobi-animated-bubble=\\\\\\"true\\\\\\"\\\\r\\\\n  data-gobi-disable-shadow-dom=\\\\\\"false\\\\\\"\\\\r\\\\n  data-gobi-auto-start-with-sound=\\\\\\"true\\\\\\">\\\\r\\\\n</div>\\", \\"id\\": \\"d4b8528c-a073-4a93-b720-d9ff7981482a\\"}]", "comments": []}	\N	200	66
485	f	2020-04-20 09:20:48.847111+00	{"pk": 48, "path": "0001000100030001", "depth": 4, "numchild": 0, "title": "Om f\\u00f6retaget", "draft_title": "Om f\\u00f6retaget", "slug": "kompetens-i-centrum-och-i-grunden", "content_type": 9, "live": true, "has_unpublished_changes": false, "url_path": "/home/om-lexher/kompetens-i-centrum-och-i-grunden/", "owner": 2, "seo_title": "", "show_in_menus": true, "search_description": "", "go_live_at": null, "expire_at": null, "expired": false, "locked": false, "locked_at": null, "locked_by": null, "first_published_at": "2020-04-16T07:45:37.787Z", "last_published_at": "2020-04-17T14:06:11.977Z", "latest_revision_created_at": "2020-04-17T14:06:11.958Z", "live_revision": 444, "color_theme": "dark", "alternative_header": "Kompetens som grund", "body": "[{\\"type\\": \\"richtext\\", \\"value\\": \\"<p>Lexher startades 2007 med en id\\\\u00e9 om att f\\\\u00f6rse svenska hem med IT Support on-demand. Idag har det utvecklats till en konsultverksamhet d\\\\u00e4r kompetens alltid st\\\\u00e5r i centrum. Vi har dessutom en egen labmilj\\\\u00f6 och erbjuder b\\\\u00e5de egna utbildningar och utbildningar fr\\\\u00e5n Red Hat i v\\\\u00e5rt h\\\\u00f6gteknologiska utbildningscentrum.</p><h3>Alltid i centrum och v\\\\u00e5rt st\\\\u00e4ndiga m\\\\u00e5l</h3><p>Vi vill attrahera h\\\\u00f6gkompetenta medarbetare genom en tydlig teknisk inriktning och fokus p\\\\u00e5 st\\\\u00e4ndig kompetensutveckling. Vi bygger Sveriges st\\\\u00f6rsta team inom Linux, Unix, Devops och IP n\\\\u00e4t. \\\\u00c4r du eller vill du bli expert inom n\\\\u00e5got av dessa omr\\\\u00e5den s\\\\u00f6ker vi dig till v\\\\u00e5r verksamhet.</p>\\", \\"id\\": \\"e0d35588-002a-428b-96da-6ac20b259a4d\\"}, {\\"type\\": \\"cta_banner\\", \\"value\\": {\\"page\\": 32, \\"title\\": \\"Bli konsult hos oss\\", \\"text\\": \\"Vill du vara med i Lexhers kompetenta team? L\\\\u00e4s mer om vilka tj\\\\u00e4nster vi s\\\\u00f6ker eller skicka oss en intresseanm\\\\u00e4lan.\\", \\"button_text\\": \\"Tj\\\\u00e4nster hos Lexher\\"}, \\"id\\": \\"5b77994c-b97b-4678-ad9a-a13eff983324\\"}, {\\"type\\": \\"cta_banner\\", \\"value\\": {\\"page\\": 47, \\"title\\": \\"\\", \\"text\\": \\"L\\\\u00e4s mer om hur du kan bli Lexher-konsult inom loppet av n\\\\u00e5gra intensiva veckor.\\", \\"button_text\\": \\"Lexher Academy\\"}, \\"id\\": \\"8b8a54c3-57ae-4c28-9fe8-cc17c1a55cf1\\"}]"}	\N	48	\N
489	f	2020-04-20 09:22:37.790051+00	{"pk": 48, "path": "0001000100030001", "depth": 4, "numchild": 0, "title": "Om f\\u00f6retaget", "draft_title": "Om f\\u00f6retaget", "slug": "kompetens-i-centrum-och-i-grunden", "content_type": 9, "live": true, "has_unpublished_changes": false, "url_path": "/home/om-lexher/kompetens-i-centrum-och-i-grunden/", "owner": 2, "seo_title": "", "show_in_menus": true, "search_description": "", "go_live_at": null, "expire_at": null, "expired": false, "locked": false, "locked_at": null, "locked_by": null, "first_published_at": "2020-04-16T07:45:37.787Z", "last_published_at": "2020-04-20T09:21:41.188Z", "latest_revision_created_at": "2020-04-20T09:21:41.150Z", "live_revision": 488, "color_theme": "dark", "alternative_header": "Kompetens som grund", "body": "[{\\"type\\": \\"richtext\\", \\"value\\": \\"<p>Lexher startades 2007 med en id\\\\u00e9 om att f\\\\u00f6rse svenska hem med IT Support on-demand. Idag har det utvecklats till en konsultverksamhet d\\\\u00e4r kompetens alltid st\\\\u00e5r i centrum. Vi har dessutom en egen labmilj\\\\u00f6 och erbjuder b\\\\u00e5de egna utbildningar och utbildningar fr\\\\u00e5n Red Hat i v\\\\u00e5rt h\\\\u00f6gteknologiska utbildningscentrum.</p><h3>Alltid i centrum och v\\\\u00e5rt st\\\\u00e4ndiga m\\\\u00e5l</h3><p>Vi vill attrahera h\\\\u00f6gkompetenta medarbetare genom en tydlig teknisk inriktning och fokus p\\\\u00e5 st\\\\u00e4ndig kompetensutveckling. Vi bygger Sveriges st\\\\u00f6rsta team inom Linux, Unix, Devops och IP n\\\\u00e4t. Vill du vara med i Lexhers kompetenta team? L\\\\u00e4s mer om vilka tj\\\\u00e4nster vi s\\\\u00f6ker eller skicka oss en intresseanm\\\\u00e4lan.</p>\\", \\"id\\": \\"e0d35588-002a-428b-96da-6ac20b259a4d\\"}, {\\"type\\": \\"cta_box_list\\", \\"value\\": [{\\"heading\\": \\"Bli konsult hos oss\\", \\"text\\": \\"\\", \\"page\\": 32}], \\"id\\": \\"d65977f3-989f-49cf-baf4-83c15a702f1c\\"}, {\\"type\\": \\"cta_banner\\", \\"value\\": {\\"page\\": 47, \\"title\\": \\"\\", \\"text\\": \\"L\\\\u00e4s mer om hur du kan bli Lexher-konsult inom loppet av n\\\\u00e5gra intensiva veckor.\\", \\"button_text\\": \\"Lexher Academy\\"}, \\"id\\": \\"8b8a54c3-57ae-4c28-9fe8-cc17c1a55cf1\\"}]"}	\N	48	\N
490	f	2020-04-20 09:22:40.190311+00	{"pk": 48, "path": "0001000100030001", "depth": 4, "numchild": 0, "title": "Om f\\u00f6retaget", "draft_title": "Om f\\u00f6retaget", "slug": "kompetens-i-centrum-och-i-grunden", "content_type": 9, "live": true, "has_unpublished_changes": true, "url_path": "/home/om-lexher/kompetens-i-centrum-och-i-grunden/", "owner": 2, "seo_title": "", "show_in_menus": true, "search_description": "", "go_live_at": null, "expire_at": null, "expired": false, "locked": false, "locked_at": null, "locked_by": null, "first_published_at": "2020-04-16T07:45:37.787Z", "last_published_at": "2020-04-20T09:21:41.188Z", "latest_revision_created_at": "2020-04-20T09:22:37.790Z", "live_revision": 488, "color_theme": "dark", "alternative_header": "Kompetens som grund", "body": "[{\\"type\\": \\"richtext\\", \\"value\\": \\"<p>Lexher startades 2007 med en id\\\\u00e9 om att f\\\\u00f6rse svenska hem med IT Support on-demand. Idag har det utvecklats till en konsultverksamhet d\\\\u00e4r kompetens alltid st\\\\u00e5r i centrum. Vi har dessutom en egen labmilj\\\\u00f6 och erbjuder b\\\\u00e5de egna utbildningar och utbildningar fr\\\\u00e5n Red Hat i v\\\\u00e5rt h\\\\u00f6gteknologiska utbildningscentrum.</p><h3>Alltid i centrum och v\\\\u00e5rt st\\\\u00e4ndiga m\\\\u00e5l</h3><p>Vi vill attrahera h\\\\u00f6gkompetenta medarbetare genom en tydlig teknisk inriktning och fokus p\\\\u00e5 st\\\\u00e4ndig kompetensutveckling. Vi bygger Sveriges st\\\\u00f6rsta team inom Linux, Unix, Devops och IP n\\\\u00e4t. Vill du vara med i Lexhers kompetenta team? L\\\\u00e4s mer om vilka tj\\\\u00e4nster vi s\\\\u00f6ker eller skicka oss en intresseanm\\\\u00e4lan.</p>\\", \\"id\\": \\"e0d35588-002a-428b-96da-6ac20b259a4d\\"}, {\\"type\\": \\"cta_box_list\\", \\"value\\": [{\\"heading\\": \\"Bli konsult hos oss\\", \\"text\\": \\"\\", \\"page\\": 32}], \\"id\\": \\"d65977f3-989f-49cf-baf4-83c15a702f1c\\"}, {\\"type\\": \\"cta_banner\\", \\"value\\": {\\"page\\": 47, \\"title\\": \\"\\", \\"text\\": \\"L\\\\u00e4s mer om hur du kan bli Lexher-konsult inom loppet av n\\\\u00e5gra intensiva veckor.\\", \\"button_text\\": \\"Lexher Academy\\"}, \\"id\\": \\"8b8a54c3-57ae-4c28-9fe8-cc17c1a55cf1\\"}]"}	\N	48	\N
929	f	2020-05-15 13:12:52.681061+00	{"pk": 48, "path": "0001000100030001", "depth": 4, "numchild": 0, "title": "Om f\\u00f6retaget", "draft_title": "Om f\\u00f6retaget", "slug": "kompetens-i-centrum-och-i-grunden", "content_type": 9, "live": true, "has_unpublished_changes": false, "url_path": "/home/om-lexher/kompetens-i-centrum-och-i-grunden/", "owner": 2, "seo_title": "", "show_in_menus": true, "search_description": "", "go_live_at": null, "expire_at": null, "expired": false, "locked": false, "locked_at": null, "locked_by": null, "first_published_at": "2020-04-16T07:45:37.787Z", "last_published_at": "2020-05-15T13:10:16.206Z", "latest_revision_created_at": "2020-05-15T13:10:16.186Z", "live_revision": 927, "color_theme": "dark", "alternative_header": "Kompetens som grund", "body": "[{\\"type\\": \\"richtext\\", \\"value\\": \\"<p>Vi \\\\u00e4r ett konsultbolag d\\\\u00e4r kompetensutveckling alltid st\\\\u00e5r i centrum. Nu med eget h\\\\u00f6gteknologiskt utbildningscenter med egen labmilj\\\\u00f6 mitt i Kista, med b\\\\u00e5de egna utbildningar och utbildningar fr\\\\u00e5n Red Hat.</p><p>Vi vill attrahera h\\\\u00f6gkompetenta medarbetare genom en tydlig teknisk inriktning och fokus p\\\\u00e5 st\\\\u00e4ndig kompetensutveckling, och attrahera kunder genom att tillf\\\\u00f6ra denna k\\\\u00e4rnkompetens till deras verksamhet.</p><p>V\\\\u00e5rt m\\\\u00e5l \\\\u00e4r att bli b\\\\u00e4ttre p\\\\u00e5 Red Hat \\\\u00e4n Red Hat, och fungera som en kompetensfabrik f\\\\u00f6r Red Hat-kompetens och -f\\\\u00e4rdigheter som bygger effektiva konsulter f\\\\u00f6r nutidens och framtidens marknad. Vill du vara med i v\\\\u00e5rt ambiti\\\\u00f6sa och h\\\\u00e4rliga team? L\\\\u00e4s mer om vilka tj\\\\u00e4nster vi s\\\\u00f6ker eller skicka oss en intresseanm\\\\u00e4lan.</p><p><a id=\\\\\\"120\\\\\\" linktype=\\\\\\"page\\\\\\">L\\\\u00e4s om Lexhers historia</a></p>\\", \\"id\\": \\"e0d35588-002a-428b-96da-6ac20b259a4d\\"}]"}	\N	48	\N
927	f	2020-05-15 13:10:16.186122+00	{"pk": 48, "path": "0001000100030001", "depth": 4, "numchild": 0, "title": "Om f\\u00f6retaget", "draft_title": "Om f\\u00f6retaget", "slug": "kompetens-i-centrum-och-i-grunden", "content_type": 9, "live": true, "has_unpublished_changes": false, "url_path": "/home/om-lexher/kompetens-i-centrum-och-i-grunden/", "owner": 2, "seo_title": "", "show_in_menus": true, "search_description": "", "go_live_at": null, "expire_at": null, "expired": false, "locked": false, "locked_at": null, "locked_by": null, "first_published_at": "2020-04-16T07:45:37.787Z", "last_published_at": "2020-05-08T08:01:01.862Z", "latest_revision_created_at": "2020-05-08T08:01:01.832Z", "live_revision": 892, "color_theme": "dark", "alternative_header": "Kompetens som grund", "body": "[{\\"type\\": \\"richtext\\", \\"value\\": \\"<p>Vi \\\\u00e4r ett konsultbolag d\\\\u00e4r kompetensutveckling alltid st\\\\u00e5r i centrum. Nu med eget h\\\\u00f6gteknologiskt utbildningscenter med egen labmilj\\\\u00f6 mitt i Kista, med b\\\\u00e5de egna utbildningar och utbildningar fr\\\\u00e5n Red Hat.</p><p>Vi vill attrahera h\\\\u00f6gkompetenta medarbetare genom en tydlig teknisk inriktning och fokus p\\\\u00e5 st\\\\u00e4ndig kompetensutveckling, och attrahera kunder genom att tillf\\\\u00f6ra denna k\\\\u00e4rnkompetens till deras verksamhet.</p><p>V\\\\u00e5rt m\\\\u00e5l \\\\u00e4r att bli b\\\\u00e4ttre p\\\\u00e5 Red Hat \\\\u00e4n Red Hat, och fungera som en kompetensfabrik f\\\\u00f6r Red Hat-kompetens och -f\\\\u00e4rdigheter som bygger effektiva konsulter f\\\\u00f6r nutidens och framtidens marknad. Vill du vara med i v\\\\u00e5rt ambiti\\\\u00f6sa och h\\\\u00e4rliga team? L\\\\u00e4s mer om vilka tj\\\\u00e4nster vi s\\\\u00f6ker eller skicka oss en intresseanm\\\\u00e4lan.</p>\\", \\"id\\": \\"e0d35588-002a-428b-96da-6ac20b259a4d\\"}]"}	\N	48	\N
492	f	2020-04-20 09:23:31.453143+00	{"pk": 48, "path": "0001000100030001", "depth": 4, "numchild": 0, "title": "Om f\\u00f6retaget", "draft_title": "Om f\\u00f6retaget", "slug": "kompetens-i-centrum-och-i-grunden", "content_type": 9, "live": true, "has_unpublished_changes": true, "url_path": "/home/om-lexher/kompetens-i-centrum-och-i-grunden/", "owner": 2, "seo_title": "", "show_in_menus": true, "search_description": "", "go_live_at": null, "expire_at": null, "expired": false, "locked": false, "locked_at": null, "locked_by": null, "first_published_at": "2020-04-16T07:45:37.787Z", "last_published_at": "2020-04-20T09:22:40.208Z", "latest_revision_created_at": "2020-04-20T09:23:03.574Z", "live_revision": 490, "color_theme": "dark", "alternative_header": "Kompetens som grund", "body": "[{\\"type\\": \\"richtext\\", \\"value\\": \\"<p>Lexher startades 2007 med en id\\\\u00e9 om att f\\\\u00f6rse svenska hem med IT Support on-demand. Idag har det utvecklats till en konsultverksamhet d\\\\u00e4r kompetens alltid st\\\\u00e5r i centrum. Vi har dessutom en egen labmilj\\\\u00f6 och erbjuder b\\\\u00e5de egna utbildningar och utbildningar fr\\\\u00e5n Red Hat i v\\\\u00e5rt h\\\\u00f6gteknologiska utbildningscentrum.</p><h3>Alltid i centrum och v\\\\u00e5rt st\\\\u00e4ndiga m\\\\u00e5l</h3><p>Vi vill attrahera h\\\\u00f6gkompetenta medarbetare genom en tydlig teknisk inriktning och fokus p\\\\u00e5 st\\\\u00e4ndig kompetensutveckling. Vi bygger Sveriges st\\\\u00f6rsta team inom Linux, Unix, Devops och IP n\\\\u00e4t. Vill du vara med i Lexhers kompetenta team? L\\\\u00e4s mer om vilka tj\\\\u00e4nster vi s\\\\u00f6ker eller skicka oss en intresseanm\\\\u00e4lan.</p>\\", \\"id\\": \\"e0d35588-002a-428b-96da-6ac20b259a4d\\"}, {\\"type\\": \\"cta_box_list\\", \\"value\\": [{\\"heading\\": \\"S\\\\u00f6k tj\\\\u00e4nster\\", \\"text\\": \\"\\", \\"page\\": 32}], \\"id\\": \\"d65977f3-989f-49cf-baf4-83c15a702f1c\\"}, {\\"type\\": \\"cta_banner\\", \\"value\\": {\\"page\\": 47, \\"title\\": \\"\\", \\"text\\": \\"L\\\\u00e4s mer om hur du kan bli Lexher-konsult inom loppet av n\\\\u00e5gra intensiva veckor.\\", \\"button_text\\": \\"Lexher Academy\\"}, \\"id\\": \\"8b8a54c3-57ae-4c28-9fe8-cc17c1a55cf1\\"}]"}	\N	48	\N
423	f	2020-04-17 13:53:49.712062+00	{"pk": 48, "path": "0001000100030001", "depth": 4, "numchild": 0, "title": "Om f\\u00f6retaget", "draft_title": "Kompetens i centrum och i grunden", "slug": "kompetens-i-centrum-och-i-grunden", "content_type": 9, "live": true, "has_unpublished_changes": false, "url_path": "/home/om-lexher/kompetens-i-centrum-och-i-grunden/", "owner": 2, "seo_title": "", "show_in_menus": true, "search_description": "", "go_live_at": null, "expire_at": null, "expired": false, "locked": false, "locked_at": null, "locked_by": null, "first_published_at": "2020-04-16T07:45:37.787Z", "last_published_at": "2020-04-16T07:45:37.787Z", "latest_revision_created_at": "2020-04-16T07:45:37.770Z", "live_revision": 273, "color_theme": "dark", "alternative_header": "Kompetens som grund", "body": "[{\\"type\\": \\"richtext\\", \\"value\\": \\"<p>Lexher startades 2007 med en id\\\\u00e9 om att f\\\\u00f6rse svenska hem med IT Support on-demand. Idag har det utvecklats till en konsultverksamhet d\\\\u00e4r kompetens alltid st\\\\u00e5r i centrum. Vi har dessutom en egen labmilj\\\\u00f6 och erbjuder b\\\\u00e5de egna utbildningar och utbildningar fr\\\\u00e5n Red Hat i v\\\\u00e5rt h\\\\u00f6gteknologiska utbildningscentrum.</p><h3>Alltid i centrum och v\\\\u00e5rt st\\\\u00e4ndiga m\\\\u00e5l</h3><p>Vi vill attrahera h\\\\u00f6gkompetenta medarbetare genom en tydlig teknisk inriktning och fokus p\\\\u00e5 st\\\\u00e4ndig kompetensutveckling. Vi bygger Sveriges st\\\\u00f6rsta team inom Linux, Unix, Devops och IP n\\\\u00e4t. \\\\u00c4r du eller vill du bli expert inom n\\\\u00e5got av dessa omr\\\\u00e5den s\\\\u00f6ker vi dig till v\\\\u00e5r verksamhet. L\\\\u00e4s mer om hur du kan bli Lexher-konsult inom loppet av n\\\\u00e5gra intensiva veckor. (l\\\\u00e4nk till Lexher certifiering)</p><h3>Vill du vara med i Lexhers kompetenta team?</h3><p>L\\\\u00e4s mer om vilka tj\\\\u00e4nster vi s\\\\u00f6ker eller skicka oss en intresseanm\\\\u00e4lan.</p>\\", \\"id\\": \\"e0d35588-002a-428b-96da-6ac20b259a4d\\"}, {\\"type\\": \\"cta_banner\\", \\"value\\": {\\"page\\": 45, \\"title\\": \\"Bli konsult hos oss\\", \\"text\\": \\"\\", \\"button_text\\": \\"Kontakta Lexher\\"}, \\"id\\": \\"87b55be6-5311-4e9d-8006-80f661994455\\"}]"}	\N	48	\N
494	f	2020-04-20 09:23:55.356591+00	{"pk": 48, "path": "0001000100030001", "depth": 4, "numchild": 0, "title": "Om f\\u00f6retaget", "draft_title": "Om f\\u00f6retaget", "slug": "kompetens-i-centrum-och-i-grunden", "content_type": 9, "live": true, "has_unpublished_changes": false, "url_path": "/home/om-lexher/kompetens-i-centrum-och-i-grunden/", "owner": 2, "seo_title": "", "show_in_menus": true, "search_description": "", "go_live_at": null, "expire_at": null, "expired": false, "locked": false, "locked_at": null, "locked_by": null, "first_published_at": "2020-04-16T07:45:37.787Z", "last_published_at": "2020-04-20T09:23:34.114Z", "latest_revision_created_at": "2020-04-20T09:23:34.095Z", "live_revision": 493, "color_theme": "dark", "alternative_header": "Kompetens som grund", "body": "[{\\"type\\": \\"richtext\\", \\"value\\": \\"<p>Lexher startades 2007 med en id\\\\u00e9 om att f\\\\u00f6rse svenska hem med IT Support on-demand. Idag har det utvecklats till en konsultverksamhet d\\\\u00e4r kompetens alltid st\\\\u00e5r i centrum. Vi har dessutom en egen labmilj\\\\u00f6 och erbjuder b\\\\u00e5de egna utbildningar och utbildningar fr\\\\u00e5n Red Hat i v\\\\u00e5rt h\\\\u00f6gteknologiska utbildningscentrum.</p><h3>Alltid i centrum och v\\\\u00e5rt st\\\\u00e4ndiga m\\\\u00e5l</h3><p>Vi vill attrahera h\\\\u00f6gkompetenta medarbetare genom en tydlig teknisk inriktning och fokus p\\\\u00e5 st\\\\u00e4ndig kompetensutveckling. Vi bygger Sveriges st\\\\u00f6rsta team inom Linux, Unix, Devops och IP n\\\\u00e4t. Vill du vara med i Lexhers kompetenta team? L\\\\u00e4s mer om vilka tj\\\\u00e4nster vi s\\\\u00f6ker eller skicka oss en intresseanm\\\\u00e4lan.</p>\\", \\"id\\": \\"e0d35588-002a-428b-96da-6ac20b259a4d\\"}, {\\"type\\": \\"cta_box_list\\", \\"value\\": [{\\"heading\\": \\"S\\\\u00f6k tj\\\\u00e4nst\\", \\"text\\": \\"\\", \\"page\\": 32}], \\"id\\": \\"d65977f3-989f-49cf-baf4-83c15a702f1c\\"}, {\\"type\\": \\"cta_banner\\", \\"value\\": {\\"page\\": 47, \\"title\\": \\"\\", \\"text\\": \\"L\\\\u00e4s mer om hur du kan bli Lexher-konsult inom loppet av n\\\\u00e5gra intensiva veckor.\\", \\"button_text\\": \\"Lexher Academy\\"}, \\"id\\": \\"8b8a54c3-57ae-4c28-9fe8-cc17c1a55cf1\\"}]"}	\N	48	\N
1713	f	2020-08-20 12:53:34.057032+00	{"pk": 195, "path": "0001000300080001", "depth": 4, "numchild": 0, "title": "Medarbetare", "draft_title": "Medarbetare", "slug": "medarbetare", "content_type": 94, "live": true, "has_unpublished_changes": false, "url_path": "/intranet/teamet/medarbetare/", "owner": 1, "seo_title": "", "show_in_menus": true, "search_description": "", "go_live_at": null, "expire_at": null, "expired": false, "locked": false, "locked_at": null, "locked_by": null, "first_published_at": "2020-06-16T15:23:25.418Z", "last_published_at": "2020-06-22T07:25:23.915Z", "latest_revision_created_at": "2020-06-22T07:25:23.826Z", "live_revision": 1404, "members": [{"pk": 1, "sort_order": 0, "team": 195, "member": 1}, {"pk": 2, "sort_order": 1, "team": 195, "member": 2}, {"pk": 3, "sort_order": 2, "team": 195, "member": 3}, {"pk": 4, "sort_order": 3, "team": 195, "member": 4}, {"pk": 5, "sort_order": 4, "team": 195, "member": 5}, {"pk": 6, "sort_order": 5, "team": 195, "member": 6}, {"pk": 7, "sort_order": 6, "team": 195, "member": 7}, {"pk": 8, "sort_order": 7, "team": 195, "member": 8}, {"pk": 32, "sort_order": 8, "team": 195, "member": 32}, {"pk": 9, "sort_order": 9, "team": 195, "member": 9}, {"pk": 10, "sort_order": 10, "team": 195, "member": 10}, {"pk": 11, "sort_order": 11, "team": 195, "member": 11}, {"pk": 12, "sort_order": 12, "team": 195, "member": 12}, {"pk": 14, "sort_order": 14, "team": 195, "member": 14}, {"pk": 15, "sort_order": 15, "team": 195, "member": 15}, {"pk": 16, "sort_order": 16, "team": 195, "member": 16}, {"pk": 17, "sort_order": 17, "team": 195, "member": 17}, {"pk": 18, "sort_order": 18, "team": 195, "member": 18}, {"pk": 19, "sort_order": 19, "team": 195, "member": 19}, {"pk": 20, "sort_order": 20, "team": 195, "member": 20}, {"pk": 21, "sort_order": 21, "team": 195, "member": 21}, {"pk": 24, "sort_order": 24, "team": 195, "member": 24}, {"pk": 25, "sort_order": 25, "team": 195, "member": 25}, {"pk": 26, "sort_order": 26, "team": 195, "member": 26}, {"pk": 27, "sort_order": 27, "team": 195, "member": 27}, {"pk": 29, "sort_order": 29, "team": 195, "member": 29}, {"pk": 30, "sort_order": 30, "team": 195, "member": 30}, {"pk": 31, "sort_order": 31, "team": 195, "member": 31}]}	\N	195	\N
493	f	2020-04-20 09:23:34.095772+00	{"pk": 48, "path": "0001000100030001", "depth": 4, "numchild": 0, "title": "Om f\\u00f6retaget", "draft_title": "Om f\\u00f6retaget", "slug": "kompetens-i-centrum-och-i-grunden", "content_type": 9, "live": true, "has_unpublished_changes": true, "url_path": "/home/om-lexher/kompetens-i-centrum-och-i-grunden/", "owner": 2, "seo_title": "", "show_in_menus": true, "search_description": "", "go_live_at": null, "expire_at": null, "expired": false, "locked": false, "locked_at": null, "locked_by": null, "first_published_at": "2020-04-16T07:45:37.787Z", "last_published_at": "2020-04-20T09:22:40.208Z", "latest_revision_created_at": "2020-04-20T09:23:31.453Z", "live_revision": 490, "color_theme": "dark", "alternative_header": "Kompetens som grund", "body": "[{\\"type\\": \\"richtext\\", \\"value\\": \\"<p>Lexher startades 2007 med en id\\\\u00e9 om att f\\\\u00f6rse svenska hem med IT Support on-demand. Idag har det utvecklats till en konsultverksamhet d\\\\u00e4r kompetens alltid st\\\\u00e5r i centrum. Vi har dessutom en egen labmilj\\\\u00f6 och erbjuder b\\\\u00e5de egna utbildningar och utbildningar fr\\\\u00e5n Red Hat i v\\\\u00e5rt h\\\\u00f6gteknologiska utbildningscentrum.</p><h3>Alltid i centrum och v\\\\u00e5rt st\\\\u00e4ndiga m\\\\u00e5l</h3><p>Vi vill attrahera h\\\\u00f6gkompetenta medarbetare genom en tydlig teknisk inriktning och fokus p\\\\u00e5 st\\\\u00e4ndig kompetensutveckling. Vi bygger Sveriges st\\\\u00f6rsta team inom Linux, Unix, Devops och IP n\\\\u00e4t. Vill du vara med i Lexhers kompetenta team? L\\\\u00e4s mer om vilka tj\\\\u00e4nster vi s\\\\u00f6ker eller skicka oss en intresseanm\\\\u00e4lan.</p>\\", \\"id\\": \\"e0d35588-002a-428b-96da-6ac20b259a4d\\"}, {\\"type\\": \\"cta_box_list\\", \\"value\\": [{\\"heading\\": \\"S\\\\u00f6k tj\\\\u00e4nster\\", \\"text\\": \\"\\", \\"page\\": 32}], \\"id\\": \\"d65977f3-989f-49cf-baf4-83c15a702f1c\\"}, {\\"type\\": \\"cta_banner\\", \\"value\\": {\\"page\\": 47, \\"title\\": \\"\\", \\"text\\": \\"L\\\\u00e4s mer om hur du kan bli Lexher-konsult inom loppet av n\\\\u00e5gra intensiva veckor.\\", \\"button_text\\": \\"Lexher Academy\\"}, \\"id\\": \\"8b8a54c3-57ae-4c28-9fe8-cc17c1a55cf1\\"}]"}	\N	48	\N
424	f	2020-04-17 13:53:52.409618+00	{"pk": 48, "path": "0001000100030001", "depth": 4, "numchild": 0, "title": "Om f\\u00f6retaget", "draft_title": "Om f\\u00f6retaget", "slug": "kompetens-i-centrum-och-i-grunden", "content_type": 9, "live": true, "has_unpublished_changes": true, "url_path": "/home/om-lexher/kompetens-i-centrum-och-i-grunden/", "owner": 2, "seo_title": "", "show_in_menus": true, "search_description": "", "go_live_at": null, "expire_at": null, "expired": false, "locked": false, "locked_at": null, "locked_by": null, "first_published_at": "2020-04-16T07:45:37.787Z", "last_published_at": "2020-04-16T07:45:37.787Z", "latest_revision_created_at": "2020-04-17T13:53:49.712Z", "live_revision": 273, "color_theme": "dark", "alternative_header": "Kompetens som grund", "body": "[{\\"type\\": \\"richtext\\", \\"value\\": \\"<p>Lexher startades 2007 med en id\\\\u00e9 om att f\\\\u00f6rse svenska hem med IT Support on-demand. Idag har det utvecklats till en konsultverksamhet d\\\\u00e4r kompetens alltid st\\\\u00e5r i centrum. Vi har dessutom en egen labmilj\\\\u00f6 och erbjuder b\\\\u00e5de egna utbildningar och utbildningar fr\\\\u00e5n Red Hat i v\\\\u00e5rt h\\\\u00f6gteknologiska utbildningscentrum.</p><h3>Alltid i centrum och v\\\\u00e5rt st\\\\u00e4ndiga m\\\\u00e5l</h3><p>Vi vill attrahera h\\\\u00f6gkompetenta medarbetare genom en tydlig teknisk inriktning och fokus p\\\\u00e5 st\\\\u00e4ndig kompetensutveckling. Vi bygger Sveriges st\\\\u00f6rsta team inom Linux, Unix, Devops och IP n\\\\u00e4t. \\\\u00c4r du eller vill du bli expert inom n\\\\u00e5got av dessa omr\\\\u00e5den s\\\\u00f6ker vi dig till v\\\\u00e5r verksamhet. L\\\\u00e4s mer om hur du kan bli Lexher-konsult inom loppet av n\\\\u00e5gra intensiva veckor. (l\\\\u00e4nk till Lexher certifiering)</p><h3>Vill du vara med i Lexhers kompetenta team?</h3><p>L\\\\u00e4s mer om vilka tj\\\\u00e4nster vi s\\\\u00f6ker eller skicka oss en intresseanm\\\\u00e4lan.</p>\\", \\"id\\": \\"e0d35588-002a-428b-96da-6ac20b259a4d\\"}, {\\"type\\": \\"cta_banner\\", \\"value\\": {\\"page\\": 45, \\"title\\": \\"Bli konsult hos oss\\", \\"text\\": \\"\\", \\"button_text\\": \\"Kontakta Lexher\\"}, \\"id\\": \\"87b55be6-5311-4e9d-8006-80f661994455\\"}]"}	\N	48	\N
\.


--
-- Data for Name: wagtailcore_pagesubscription; Type: TABLE DATA; Schema: public; Owner: -
--

COPY public.wagtailcore_pagesubscription (id, comment_notifications, page_id, user_id) FROM stdin;
1	f	190	7
5	f	192	7
6	f	393	7
2	f	113	7
3	f	62	7
7	f	469	7
160	f	341	7
161	f	345	7
38	f	116	7
162	f	351	7
131	f	3	13
20	f	483	70
103	f	288	7
32	f	48	7
23	t	484	7
92	f	464	7
137	f	120	7
112	f	17	7
169	f	292	7
181	t	503	7
168	f	293	7
182	t	504	7
180	t	502	7
31	f	270	60
194	f	12	38
179	t	501	7
37	f	44	7
39	f	76	7
4	f	195	7
44	f	141	7
46	f	394	7
9	f	195	60
114	f	402	7
110	f	295	7
26	f	414	7
195	t	508	38
186	f	3	38
190	f	75	38
121	f	3	7
68	f	140	7
22	f	138	7
21	f	481	7
198	f	190	38
191	f	48	38
146	f	120	38
116	f	70	7
41	f	11	7
25	f	413	7
118	f	65	7
47	f	71	7
136	f	8	7
58	f	31	7
147	f	353	7
60	f	84	7
62	f	107	7
64	f	85	7
66	f	83	7
71	f	27	7
72	f	28	7
75	f	447	7
77	f	349	7
142	t	492	7
185	f	44	38
42	f	26	7
139	t	489	7
86	f	431	7
87	f	359	7
8	f	480	7
141	t	491	7
88	f	430	7
89	f	96	7
148	f	441	7
149	f	13	7
150	f	10	7
144	t	493	7
140	t	490	7
151	f	99	7
152	f	23	7
153	f	108	7
154	f	105	7
155	f	29	7
124	f	190	13
170	f	73	7
120	f	142	7
156	f	30	7
157	f	94	7
119	t	485	7
171	f	468	7
158	f	95	7
159	f	346	7
122	f	75	7
172	f	168	7
123	t	486	7
173	t	495	7
174	t	496	7
175	t	497	7
126	f	200	66
132	f	65	13
133	f	116	13
43	f	195	70
45	f	3	66
40	f	12	7
10	f	25	7
97	f	21	7
24	f	14	7
106	f	18	7
108	f	19	7
93	f	391	7
95	f	191	7
166	f	20	7
165	f	16	7
178	t	500	7
177	t	499	7
183	t	505	7
164	f	457	7
184	f	284	7
176	t	498	7
167	f	290	7
105	f	458	7
145	t	494	7
163	f	291	7
101	f	283	7
99	f	22	7
188	f	488	38
189	f	116	38
196	f	8	38
192	t	506	38
193	t	507	38
197	f	65	38
\.


--
-- Data for Name: wagtailcore_pageviewrestriction; Type: TABLE DATA; Schema: public; Owner: -
--

COPY public.wagtailcore_pageviewrestriction (id, password, page_id, restriction_type) FROM stdin;
2		193	login
3		200	login
4		508	login
\.


--
-- Data for Name: wagtailcore_pageviewrestriction_groups; Type: TABLE DATA; Schema: public; Owner: -
--

COPY public.wagtailcore_pageviewrestriction_groups (id, pageviewrestriction_id, group_id) FROM stdin;
\.


--
-- Data for Name: wagtailcore_site; Type: TABLE DATA; Schema: public; Owner: -
--

COPY public.wagtailcore_site (id, hostname, port, is_default_site, root_page_id, site_name) FROM stdin;
3	intranet.lexher.se	443	f	193	Intranätet
2	lexher.se	443	t	3	Lexher
\.


--
-- Data for Name: wagtailcore_task; Type: TABLE DATA; Schema: public; Owner: -
--

COPY public.wagtailcore_task (id, name, active, content_type_id) FROM stdin;
1	Moderators approval	t	111
\.


--
-- Data for Name: wagtailcore_taskstate; Type: TABLE DATA; Schema: public; Owner: -
--

COPY public.wagtailcore_taskstate (id, status, started_at, finished_at, content_type_id, page_revision_id, task_id, workflow_state_id, finished_by_id, comment) FROM stdin;
\.


--
-- Data for Name: wagtailcore_workflow; Type: TABLE DATA; Schema: public; Owner: -
--

COPY public.wagtailcore_workflow (id, name, active) FROM stdin;
1	Moderators approval	t
\.


--
-- Data for Name: wagtailcore_workflowpage; Type: TABLE DATA; Schema: public; Owner: -
--

COPY public.wagtailcore_workflowpage (page_id, workflow_id) FROM stdin;
1	1
\.


--
-- Data for Name: wagtailcore_workflowstate; Type: TABLE DATA; Schema: public; Owner: -
--

COPY public.wagtailcore_workflowstate (id, status, created_at, current_task_state_id, page_id, requested_by_id, workflow_id) FROM stdin;
\.


--
-- Data for Name: wagtailcore_workflowtask; Type: TABLE DATA; Schema: public; Owner: -
--

COPY public.wagtailcore_workflowtask (id, sort_order, task_id, workflow_id) FROM stdin;
1	0	1	1
\.


--
-- Data for Name: wagtaildocs_document; Type: TABLE DATA; Schema: public; Owner: -
--

COPY public.wagtaildocs_document (id, title, file, created_at, uploaded_by_user_id, collection_id, file_size, file_hash) FROM stdin;
3	LÖNEPOLICY	documents/17-0127-lnepolicy-uppd-171128.pdf	2020-06-22 06:55:27.146494+00	\N	16	449250	e4edcbf20f69b4d66d1b3b188506765c6056427a
4	KONTORSREGLER	documents/konsultregler-tc3.pdf	2020-06-22 06:55:27.329117+00	\N	16	132045	bd730555e70f4551cfd5df9a4633a074b986effb
5	LATHUND till COMAEA	documents/comaea-10-lathund-medarbetare-lexher-kom-igng-o-kompetenser.pdf	2020-06-22 06:55:27.803961+00	\N	16	1383147	e6cf004c20905af879f4ed141b672813bbf5a721
6	CODE OF CONDUCT ENG	documents/lexher-code-of-conduct-eng-1.pdf	2020-06-22 06:55:28.199394+00	\N	16	1732384	7d43cad7888cf4325ca244615ad1b5d7ab0d7008
7	CODE OF CONDUCT SV	documents/code-of-conduct-2019.pdf	2020-06-22 06:55:28.43757+00	\N	16	386373	32fe6cfb79b0a4add7809bbda007721f36cde867
8	ALKOHOL- OCH DROGPOLICY	documents/alkoholpolicy-2019.pdf	2020-06-22 06:55:28.700091+00	\N	16	746841	897409bca9d25ae233be2b360f2490c6a1e52517
1	INTERVJUGUIDE	documents/lexher-intervjuguide-2019.pdf	2020-06-22 06:55:26.4829+00	\N	16	81702	476c51c94a3a80c98c62d3b3e2f8973c3dd4cb41
2	PERSONALHANDBOK	documents/personalhandbok-2019.pdf	2020-06-22 06:55:26.883663+00	\N	16	748560	1a3ca43fc3ede0067061922422d021505d3f7863
9	Det agila teamet	documents/The_Agile_Team.pdf	2020-09-07 08:44:42.677721+00	\N	1	51968	4796fb58a0402abc3288ed7f9c8bdc6259ef0fd6
10	Workshop agilt arbetssätt	documents/Workshop_AGILE_handouts.pdf	2020-09-07 14:55:15.293284+00	\N	1	537413	1299e2fc28cba763bace4b48cc752eac1ce87e77
11	AWS	documents/AWS.pdf	2020-09-07 15:00:44.829699+00	\N	1	4523847	78cb12b8ddbae6b63c7f2fd93839ee323e386169
\.


--
-- Data for Name: wagtaildocs_uploadeddocument; Type: TABLE DATA; Schema: public; Owner: -
--

COPY public.wagtaildocs_uploadeddocument (id, file, uploaded_by_user_id) FROM stdin;
\.


--
-- Data for Name: wagtailembeds_embed; Type: TABLE DATA; Schema: public; Owner: -
--

COPY public.wagtailembeds_embed (id, url, max_width, type, html, title, author_name, provider_name, thumbnail_url, width, height, last_updated, hash) FROM stdin;
1	https://www.youtube.com/watch?v=9p8W7j2l7Mg	\N	video	<iframe width="480" height="270" src="https://www.youtube.com/embed/9p8W7j2l7Mg?feature=oembed" frameborder="0" allow="accelerometer; autoplay; encrypted-media; gyroscope; picture-in-picture" allowfullscreen></iframe>	What is Ansible? Ansible Quick Start Video	Linux0	YouTube	https://i.ytimg.com/vi/9p8W7j2l7Mg/hqdefault.jpg	480	270	2020-04-29 07:30:44.055464+00	98c86dbec79df3d69dfd7dcba818c9c6
2	https://www.youtube.com/watch?v=L_luIGpo3DQ	\N	video	<iframe width="480" height="270" src="https://www.youtube.com/embed/L_luIGpo3DQ?feature=oembed" frameborder="0" allow="accelerometer; autoplay; encrypted-media; gyroscope; picture-in-picture" allowfullscreen></iframe>	Red Hat Learning Subscription features and benefits	Red Hat Videos	YouTube	https://i.ytimg.com/vi/L_luIGpo3DQ/hqdefault.jpg	480	270	2020-06-04 12:05:06.348555+00	b2976157fce1ef53cf8fa3a8ca9c9810
3	https://vimeo.com/739559284	\N	video	<iframe src="https://player.vimeo.com/video/739559284?h=fda86c5a4c&amp;app_id=122963" width="426" height="240" frameborder="0" allow="autoplay; fullscreen; picture-in-picture" allowfullscreen title="Science Tower Teamtailor"></iframe>	Science Tower Teamtailor	Christopher Holland	Vimeo	https://i.vimeocdn.com/video/1488323304-1bcb1758cfa1d2f5f32dc001885029a4ee3821ddd54cb3a1f030c6b701c83aba-d_295x166	426	240	2022-08-15 07:39:16.203682+00	1731e6e5860782de8dc48c54d8fbb244
\.


--
-- Data for Name: wagtailforms_formsubmission; Type: TABLE DATA; Schema: public; Owner: -
--

COPY public.wagtailforms_formsubmission (id, form_data, submit_time, page_id) FROM stdin;
\.


--
-- Data for Name: wagtailimages_image; Type: TABLE DATA; Schema: public; Owner: -
--

COPY public.wagtailimages_image (id, title, file, width, height, created_at, focal_point_x, focal_point_y, focal_point_width, focal_point_height, uploaded_by_user_id, file_size, collection_id, file_hash) FROM stdin;
283	Salsa	original_images/85541480-345E-4F0C-B7CA-6C6D799571AA_1_105_c.jpeg	768	1024	2021-09-16 11:30:24.32635+00	\N	\N	\N	\N	7	256440	1	8c9e0c9579bca173201c4a99e53a607d1e0bc082
291	20200526_miljökorridor.jpg	original_images/20200526_miljokorridor.jpg	4000	3000	2021-09-29 07:21:57.414456+00	\N	\N	\N	\N	7	3289497	11	4c49090d17ff329d113c5c2b9615fd17a8984dd2
79	Khalex Wan	original_images/khalex.png	720	460	2020-06-16 19:51:34.160981+00	\N	\N	\N	\N	\N	200567	8	1fef957be4eecb32c327b242820f1ca37b307157
284	Asiatisk buffé	original_images/3A1A521F-D952-45D8-B787-3D19BBBB67C1_1_105_c.jpeg	768	1024	2021-09-16 11:32:10.689263+00	\N	\N	\N	\N	7	344579	1	52951fcb3e8d6c4b16d69a52a3b0ee532fabd544
288	20200526_grönasoffan.jpg	original_images/20200526_gronasoffan.jpg	4000	3000	2021-09-29 07:21:52.785644+00	\N	\N	\N	\N	7	3861816	11	c085c5fa3cd4374659cca19ab578b5bc562414f5
292	20200526_podrum.jpg	original_images/20200526_podrum.jpg	4000	3000	2021-09-29 07:21:58.990367+00	\N	\N	\N	\N	7	4015380	11	c2cc8e54d0e20468d3a9b341c587464ae3fc4404
64	Logo RedHat Hat Color RGB.png	original_images/Logo_RedHat_Hat_Color_RGB.png	384	290	2020-06-03 11:58:18.775998+00	171	114	342	228	7	7393	9	9270e11582dc71122ac44848c7055fec4bf077a0
66	Logo-Red_Hat-Bus_Partner-Training-A-Reverse-RGB.png	original_images/Logo-Red_Hat-Bus_Partner-Training-A-Reverse-RGB_qgFeBKz.png	1232	705	2020-06-09 14:06:21.075749+00	621	354	1215	700	7	29823	9	b2483daca4974b70eace066077a0a3cd0ffc26ba
285	Mingel	original_images/F63E7D76-6879-413E-8FE3-2CCDFA6B13FC_1_105_c.jpeg	1024	768	2021-09-16 11:32:55.748722+00	\N	\N	\N	\N	7	267956	1	305134d77a9608802542f15bf4f35c6195b5722a
289	20200526_loungematbänk.jpg	original_images/20200526_loungematbank.jpg	4000	3000	2021-09-29 07:21:54.283657+00	\N	\N	\N	\N	7	2792885	11	46f2a91211da2559c3d08d3de6d0e7f9011f4d93
293	20200526_SanFransisco.jpg	original_images/20200526_SanFransisco.jpg	4000	3000	2021-09-29 07:22:00.423579+00	\N	\N	\N	\N	7	2701605	11	65995765e0065da11d4ed9a2730935b384b3429b
130	20200702_151930.jpg	original_images/20200702_151930.jpg	4000	3000	2020-07-03 07:40:51.658615+00	\N	\N	\N	\N	7	2468801	11	7515bc17980f731eb96ba867e0616282494a9571
124	Sandra och Eva.jpg	original_images/Sandra_och_Eva.jpg	640	480	2020-07-02 07:44:38.946574+00	\N	\N	\N	\N	7	105391	11	7523a60882ad2a95d7f4b994a2edc177f10de191
126	IMG_1165.jpg	original_images/IMG_1165.jpg	640	480	2020-07-02 14:57:55.388472+00	\N	\N	\N	\N	7	118349	11	09d87958193bdeea25959ff02319e1c78d114b52
127	IMG_1167.jpg	original_images/IMG_1167.jpg	640	480	2020-07-02 14:58:33.352437+00	\N	\N	\N	\N	7	119226	11	0866a65ceb527771454a57ed2dfaf74df122e6da
128	IMG_1173.jpg	original_images/IMG_1173.jpg	640	640	2020-07-02 14:59:27.405557+00	\N	\N	\N	\N	7	121423	11	82cb5fd5889f825ad259fd2d6dca5d60ed5c4294
125	20200526_111703 (4).jpg	original_images/20200526_111703_4.jpg	3199	2384	2020-07-02 14:57:04.74193+00	1632	973	3083	1939	7	1161554	11	b9a80b613282901a1122db924d608e9e60146421
131	Websites.png	original_images/Websites.png	667	374	2020-07-13 12:49:59.987079+00	\N	\N	\N	\N	7	140449	1	363ee09c5028c0628934b0366ac0604aab11832a
129	20200702_152047.jpg	original_images/20200702_152047.jpg	4000	3000	2020-07-03 07:39:54.188894+00	\N	\N	\N	\N	7	3082609	11	b31088edb5fc8060be4049d3a5450c499c57e759
132	logo abf.svg	original_images/Logo_abf.png	321	47	2020-07-15 08:55:01.821642+00	100	20	194	34	7	4631	1	d7c89facf64fa1b95db1cd541e4a05beec0ca418
133	Anteckning 2020-07-15 105846.png	original_images/Anteckning_2020-07-15_105846.png	319	62	2020-07-15 08:59:08.466575+00	\N	\N	\N	\N	7	5685	1	c9435e379939071601b05cd802f5beb0027dd7ff
134	Blommor sommar	original_images/Blommor_sommar.png	1568	526	2020-07-18 10:10:22.802739+00	\N	\N	\N	\N	38	806104	1	852f99afe87b74184dee54697082c8934cb15873
135	Blommor sommar	original_images/Blommor_sommar_RBys9c4.png	1574	770	2020-07-18 10:12:00.36564+00	785	367	921	436	38	1058478	1	ad32412fe480d9a35f0e56a6bda56ecac06818b1
150	Max tårta	original_images/image.png	877	1188	2020-09-18 12:39:29.058141+00	489	651	740	1033	7	2190405	11	4acf48f30d03dc1d506723f7b226a230316e579a
141	nap	original_images/Napractiva.PNG	695	179	2020-09-04 12:34:54.498663+00	\N	\N	\N	\N	\N	53784	1	191c0e170a63e6b09ba3e7b49965805eba8d3046
137	coffee online.PNG	original_images/coffee_online.PNG	498	490	2020-08-27 14:32:54.523601+00	\N	\N	\N	\N	\N	492570	1	94ca83b85e83f5d60240d954b156bc3ef721e6ce
138	coffee online.PNG	original_images/coffee_online_hC7k2QS.PNG	498	490	2020-08-28 06:25:37.605878+00	\N	\N	\N	\N	\N	492570	1	94ca83b85e83f5d60240d954b156bc3ef721e6ce
140	Coffee online bild 2.webp	original_images/Coffee_online_bild_2.webp	1280	853	2020-08-28 11:17:56.515854+00	\N	\N	\N	\N	\N	117332	1	84e1451fd9861bfd5beaf5c8055ca228625e5feb
139	Daniel S.jpg	original_images/Daniel_S.jpg	1719	2344	2020-08-28 07:10:54.047524+00	839	968	1226	1351	\N	888903	1	5bde5e87ecefc8e053a007a51fc4977a7436b316
136	Jimmy Q.jpg	original_images/Jimmy_Q.jpg	2592	1944	2020-08-27 08:44:30.949105+00	1814	1216	1555	1454	\N	1101140	1	2db38367430f8d6dfa8434144ed28084d137c772
142	massage.PNG	original_images/massage.PNG	598	389	2020-09-04 12:42:37.749895+00	\N	\N	\N	\N	\N	358109	1	702f5f5c732b6831d0dcdd586d1770bc506154f5
143	IMG_1732.jpg	original_images/IMG_1732.jpg	640	480	2020-09-15 13:46:03.814038+00	\N	\N	\N	\N	\N	112171	1	358798f90da328459d7436f3a383eb1b7df5a490
144	IMG_1732.jpg	original_images/IMG_1732_yTHASlU.jpg	640	480	2020-09-15 13:46:10.846027+00	\N	\N	\N	\N	\N	112171	18	358798f90da328459d7436f3a383eb1b7df5a490
145	IMG_1733.jpg	original_images/IMG_1733.jpg	640	480	2020-09-15 13:46:38.695636+00	\N	\N	\N	\N	\N	114513	18	aee376d167f96e2faf90320e48abe7953f2ff75b
171	Logo-RedHat-D-Red-CMYK.jpg	original_images/Logo-RedHat-D-Red-CMYK.jpg	384	390	2020-11-27 11:11:14.907783+00	\N	\N	\N	\N	7	75793	1	84a555386e28f41893605f1ec3b176c3b9ed610f
155	Kontor m logo.png	original_images/Kontor_m_logo.png	1156	388	2020-09-30 15:42:47.885166+00	920	96	333	182	7	841257	11	1fb64c8185a8c98cf2b790e14c735a6661921af7
172	Logo-RedHat-Hat-Color-Pantone.jpg	original_images/Logo-RedHat-Hat-Color-Pantone.jpg	384	290	2020-11-27 11:11:15.068036+00	179	113	219	226	7	53528	1	4ffdfe59acea632076036d970f5cc5bdf0ccd6a9
163	Red Hat Learning Subscription free trial email-web banner (Detailed).png	original_images/Red_Hat_Learning_Subscription_free_trial_email-web_banner_Detailed.png	593	280	2020-10-21 12:42:48.493846+00	\N	\N	\N	\N	7	28975	22	19db24728f06bc020588ae9a3fbda26553daf7c1
149	Red Hat Certificate Tårta	original_images/20200916_141359.jpg	4000	3000	2020-09-18 12:38:38.126908+00	\N	\N	\N	\N	7	2959035	11	d6511cd5552f681abcddd37c352c6e780e310a31
164	Eva Stenson	original_images/20200909_080859_002.jpg	875	820	2020-11-11 09:37:35.817554+00	\N	\N	\N	\N	7	170063	1	647fcc41e61613e7387fe2cb6af0cb2c10e26b9d
169	Logo-RedHat-A-Color-RGB.png	original_images/Logo-RedHat-A-Color-RGB.png	1226	290	2020-11-27 11:11:14.580041+00	194	145	379	290	7	15999	1	8d658f9626763376b4592623195032607cb32ef8
173	Mark Fagerlund	original_images/Mark.jpg	2316	3088	2020-12-01 12:51:01.231648+00	\N	\N	\N	\N	7	1120191	1	2cb354bc5824f0aaed07b1445249c3912cdf62ab
167	Logo RedHat A Reverse RGB.png	original_images/Logo_RedHat_A_Reverse_RGB.png	1226	290	2020-11-17 15:30:38.959111+00	633	127	1184	218	7	15275	1	6cdf87695d998e164b8af7fb167054b0415d7c28
65	Logo-Red_Hat-Training_and_Certification-A-Standard-RGB (4).png	original_images/Logo-Red_Hat-Training_and_Certification-A-Standard-RGB_4.png	1618	662	2020-06-09 14:02:15.232566+00	155	97	310	195	7	40924	9	6fc093c1e9c31cf7a0cc15a3b67c712c347a1c05
168	Logo-RedHat-A-Color-Pantone.jpg	original_images/Logo-RedHat-A-Color-Pantone.jpg	1226	290	2020-11-27 11:10:41.590145+00	\N	\N	\N	\N	7	82761	1	fd39a1518bbad35414d8e049eb7ec9fe9f6c7e7c
190	Mattias Fahlin (2).jpg	original_images/Mattias_Fahlin_2.jpg	480	640	2020-12-11 08:05:04.079791+00	241	202	412	365	7	126790	1	20eb76533d995e8c3ce6b7e5365a3b4ac89d39ac
170	Logo-RedHat-D-Color-RGB (1).png	original_images/Logo-RedHat-D-Color-RGB_1.png	384	390	2020-11-27 11:11:14.737269+00	204	152	270	185	7	10604	1	bb9b6143c84d28464c0dcc6da1794ba53e86936f
199	Logo-Red_Hat-Premier_Bus_Partner-Resell-A-Standard-CMYK.jpg	original_images/Logo-Red_Hat-Premier_Bus_Partner-Resell-A-Standard-CMYK.jpg	1233	902	2021-01-15 09:54:07.227492+00	\N	\N	\N	\N	7	899456	1	c687973879786f6a3c2a4a224911a49e988ce03e
204	Premier partner certificate.png	original_images/Premier_partner_certificate.png	933	522	2021-01-18 10:47:47.992234+00	\N	\N	\N	\N	7	121983	1	f5c68344cdbcd25b59bbaf24b25a5f08aa58e7ac
227	Bara tårta.jpg	original_images/Bara_tarta.jpg	480	640	2021-03-19 14:30:47.63831+00	\N	\N	\N	\N	7	80496	26	7f6c91d47c0de6ebff46bc5b78f5de5a855f88bc
205	Red Hat logo.png	original_images/Red_Hat_logo.png	227	110	2021-01-18 13:20:08.132059+00	67	42	91	54	7	7036	1	ff094ed399d232e9923e3310319dd4f06f606e97
207	Lexher Academy RH 5.png	original_images/LA_RH_5.png	437	236	2021-01-18 13:27:33.080307+00	331	49	150	76	7	31691	1	63df18530a863d14a66b06aaa4a8484c83767826
234	Marks tårta	original_images/IMG_3268.jpg	3024	4032	2021-06-10 09:15:18.478572+00	\N	\N	\N	\N	7	4291769	26	6e356f6a21c7d87e55b5d61572188d8d49c25519
202	Logo-Red_Hat-Premier_Bus_Partner-Sol_Prov-Cloud-A-Standard-RGB.png	original_images/Logo-Red_Hat-Premier_Bus_Partner-Sol_Prov-Cloud-A-Standard-RGB.png	1232	1089	2021-01-18 10:30:03.436783+00	360	379	695	733	7	45578	11	33283be353b2aebaf59064814a87339d51eae0ac
226	Tårta Erik.jpg	original_images/Tarta_Erik.jpg	480	640	2021-03-19 14:28:31.836803+00	\N	\N	\N	\N	7	97955	26	6f0f2cf5a3a99b8812dcaf961b00e07a371f2aa1
228	Alexander tårta.png	original_images/Alexander_tarta.png	530	692	2021-04-23 14:43:58.715168+00	\N	\N	\N	\N	7	788541	26	302975c324286641e1fce8d7a91be1c272b4b33a
229	Bara tårta Alexander.jpeg	original_images/Bara_tarta_Alexander.jpeg	4032	3024	2021-04-23 14:44:03.802496+00	\N	\N	\N	\N	7	2549449	26	89fbd5ea9fc35b241dd22165084e11d56734aa6a
230	Boule Tanto	original_images/images_boule_tanto_1.jpeg	225	225	2021-05-20 11:53:18.455947+00	\N	\N	\N	\N	7	15837	28	a1096f29bbec54147d469b2bbb5758d1516a6d1c
231	Sol	original_images/Screenshot_2021-05-28_at_17.10.03.png	654	466	2021-05-28 15:11:57.965063+00	\N	\N	\N	\N	7	411625	28	4dca0b1b1c6b8e0e256f95783e49effd687cc91c
232	Mark RHCE	original_images/IMG_3231.jpg	3024	4032	2021-06-10 09:11:16.071154+00	\N	\N	\N	\N	7	3759306	26	ac8b33a9430db7dfcff1275a34ac8fca29e81df1
233	Mark RHCE-tårta	original_images/IMG_3261.jpg	4032	3024	2021-06-10 09:11:23.340866+00	2079	1390	3394	1575	7	4132268	26	82197066f1414da7b4043c0cbf3027156dc3fe2a
235	Spel	original_images/IMG_3185.jpg	4032	3024	2021-06-10 09:25:14.019467+00	\N	\N	\N	\N	7	6750617	31	9c79b762d12c9a6437c247a4acd31fd62e535d83
237	Spel	original_images/IMG_3187.jpg	4032	3024	2021-06-10 09:25:20.642456+00	\N	\N	\N	\N	7	5152998	31	205fc132db62c4cf595d66af677eef77fff91eeb
238	Spel	original_images/IMG_3188.jpg	4032	3024	2021-06-10 09:25:23.495772+00	\N	\N	\N	\N	7	4772504	31	5f2dd3084433f2c0fb46bcc4075368d01a9cc59c
239	Spel	original_images/IMG_3189.jpg	4032	3024	2021-06-10 09:25:28.078394+00	\N	\N	\N	\N	7	4728152	31	8565376a2782cf3a8e05da98bec6e81aac34df58
240	Spel	original_images/IMG_3190.jpg	4032	3024	2021-06-10 09:25:32.315932+00	\N	\N	\N	\N	7	7235653	31	20a546b953db2755e0f1810c7bb228132ebfbb72
241	Soligt	original_images/IMG_3191.jpg	3024	4032	2021-06-10 09:25:34.728795+00	\N	\N	\N	\N	7	3253501	31	cbb5a3e1282a205ec7578d5cffa0177eb522f7c1
242	Spel	original_images/IMG_3192.jpg	4032	3024	2021-06-10 09:25:37.72938+00	\N	\N	\N	\N	7	6155179	31	ea58c0b190afe83547c2f1cb29628fd7fb8e1773
243	Mätning	original_images/IMG_3193.jpg	3024	4032	2021-06-10 09:25:40.667739+00	\N	\N	\N	\N	7	7073708	31	4cab38ed3f5216450a5e798b857eab30896414fd
244	Spel	original_images/IMG_3194.jpg	3024	4032	2021-06-10 09:25:43.112963+00	\N	\N	\N	\N	7	6009115	31	f80ca2f3cec502943e48dad526bf007f3f250c80
245	Mätning	original_images/IMG_3195.jpg	3024	4032	2021-06-10 09:25:45.762497+00	\N	\N	\N	\N	7	6550279	31	85888818f763efff6f4d69f12cc6a67cfb4a95dc
246	Spel	original_images/IMG_3196.jpg	4032	3024	2021-06-10 09:25:48.355935+00	\N	\N	\N	\N	7	5461716	31	de5837e6dcf65dff6e556d968723eda837359ae1
247	Medalj	original_images/IMG_3197.jpg	3024	4032	2021-06-10 09:25:51.864501+00	\N	\N	\N	\N	7	5361507	31	e4c09b27e09b95ef5aaddbe2945f2dce3ea857da
236	Spel	original_images/IMG_3186.jpg	3024	4032	2021-06-10 09:25:16.542193+00	\N	\N	\N	\N	7	5089097	31	a0dd0be0c6ef8d64eae4417408edeac1e61e769e
248	Vinnare	original_images/IMG_3198.jpg	3024	4032	2021-06-10 09:25:54.480291+00	\N	\N	\N	\N	7	5689023	31	564ffbb9c94dd3ad334b4c637976a98f7f02bc42
250	Vinnare	original_images/IMG_3201.jpg	3024	4032	2021-06-10 09:25:59.352586+00	\N	\N	\N	\N	7	5767145	31	0c50fcef43d123efce7d9426c6f1e0fa962b06b5
251	Regnbåge	original_images/IMG_3205.jpg	4032	3024	2021-06-10 09:26:01.378923+00	\N	\N	\N	\N	7	4943543	31	94d8f66c24bde52b1c8158a55a51764d7461eccf
252	Mat	original_images/IMG_3259.jpg	4032	3024	2021-06-10 09:26:02.967617+00	\N	\N	\N	\N	7	3678124	31	4a2ffd6da2032f40044899595b87331831f3ab87
253	Instruktioner	original_images/IMG_3260.jpg	4032	3024	2021-06-10 09:26:04.974041+00	\N	\N	\N	\N	7	3832029	31	b06e29ab884cc8dacc03298e34bbb0bd980ab36a
254	Mat	original_images/IMG_3262.jpg	4032	3024	2021-06-10 09:26:06.799678+00	\N	\N	\N	\N	7	3823459	31	e9f31696f261f76e52846a187d848432c09e8e01
255	Välkomstdrink	original_images/IMG_3264.jpg	4032	3024	2021-06-10 09:26:08.947884+00	\N	\N	\N	\N	7	5000977	31	c9e2e4be1353d2d775041575b90c0593682532c3
256	Mat	original_images/IMG_3266.jpg	4032	3024	2021-06-10 09:26:10.809474+00	\N	\N	\N	\N	7	4556829	31	a977b724a4489b06551de2a1fe2a6b3bfbb73750
257	Välkomstdrink	original_images/IMG_3267.jpg	4032	3024	2021-06-10 09:26:12.903484+00	\N	\N	\N	\N	7	4836975	31	e4f7a62149b912aa67756dc2250983d95b7d7d61
258	Välkomstdrink	original_images/IMG_3269.jpg	4032	3024	2021-06-10 09:26:15.148325+00	\N	\N	\N	\N	7	5475702	31	7c8cf7c13b16382fec93fe37d692e4ea48ebdb1f
259	Logo-Red_Hat-Premier_Bus_Partner-Sol_Prov-Container_platform_specialist-A-Standard-RGB.png	original_images/Logo-Red_Hat-Premier_Bus_Partner-Sol_Prov-Container_platform_specialist-A-.png	1233	1088	2021-06-15 09:15:24.395737+00	\N	\N	\N	\N	7	52016	9	0acc5ec432aefc68027371af9460e2ba528389ac
260	Logo-Red_Hat-Premier_Bus_Partner-Sol_Prov-Container_platform_specialist-A-Standard-RGB.png	original_images/Logo-Red_Hat-Premier_Bus_Partner-Sol_Prov-Container_platform_specialist-_YScXYyj.png	1233	1088	2021-06-15 09:16:27.955475+00	\N	\N	\N	\N	7	52016	9	0acc5ec432aefc68027371af9460e2ba528389ac
41	Träskalle med loggan	original_images/unnamed.png	1078	1066	2020-04-29 06:18:00.448271+00	529	633	884	623	\N	1008385	7	32c7fba52b69c365b61bf2909c5e5abd3f2751a5
261	Logo-Red_Hat-Premier_Bus_Partner-Sol_Prov-Container_platform_specialist-A-Reverse-RGB.png	original_images/Logo-Red_Hat-Premier_Bus_Partner-Sol_Prov-Container_platform_specialist-_k4d6X33.png	1233	1088	2021-06-15 09:16:59.011898+00	\N	\N	\N	\N	7	51255	9	15a2112d56252d922ba413e2dd4eb99ad63be2e8
263	Sol 2	original_images/Sol2.png	274	300	2021-06-21 14:40:52.314545+00	\N	\N	\N	\N	7	72381	28	7d64d1b18096eaf3989175396a57336d810017c1
264	Team	original_images/pexels-belle-co-1000445_2.jpg	640	426	2021-07-01 13:00:13.654003+00	\N	\N	\N	\N	60	30121	1	e69e548d90f402cf7baf94b436c2ec4bb473d546
265	Bild nyhetsbrev	original_images/Sol_m_glasogon_1.png	480	432	2021-07-02 07:48:44.081746+00	\N	\N	\N	\N	7	155250	28	cd88c228ea773683db0de8b29b07346e32ee2af6
266	Skills assessment kampanj	original_images/Skills_assessment_picture.jpeg	800	418	2021-07-13 13:50:24.240028+00	\N	\N	\N	\N	7	44874	22	ec82ef6ca85c402359a8fd49bc24679d040aecd6
267	Amer-Mir.jpg	original_images/Amer-Mir.jpg	354	236	2021-07-14 14:20:59.661908+00	\N	\N	\N	\N	7	56350	8	0aa6aa3f1fd183c00262132125095e9257ef25b1
268	Skärmavbild 2021-08-02 kl. 09.38.00.png	original_images/Skarmavbild_2021-08-02_kl._09.38.00.png	902	924	2021-08-02 07:39:47.411062+00	\N	\N	\N	\N	60	1320298	1	c26f6e700a05498ec0f2293fc98cdf78bd2c7ae3
269	Navita_Photo.jpg	original_images/Navita_Photo.jpg	97	132	2021-08-10 11:02:35.836307+00	\N	\N	\N	\N	60	5034	1	971c461feeefbf35db66517f698fff964f351274
270	Jonas Anell.png	original_images/Jonas_Anell.png	1070	1180	2021-08-10 11:14:25.251127+00	532	406	548	809	60	1675940	1	d1447cd2f010c2a1c72c4c93f1f4b63db2ba7bb7
273	Skärmavbild 2021-08-11 kl. 09.40.23.png	original_images/Skarmavbild_2021-08-11_kl._09.40.23.png	794	766	2021-08-11 07:40:57.268544+00	410	351	611	697	60	1037767	1	1c97eef605a53979b9e7107cfb91cebe9d701258
274	Skärmavbild 2021-08-11 kl. 09.42.46.png	original_images/Skarmavbild_2021-08-11_kl._09.42.46.png	804	782	2021-08-11 07:43:11.66012+00	407	364	738	725	60	1044600	1	a9cf3b08a52387bf727759959a94dab321303a63
275	Dmitry Kosov 2.jpeg	original_images/Dmitry_Kosov_2.jpeg	1440	2560	2021-08-11 07:45:56.624462+00	762	947	1354	1672	60	509339	1	65d750549ded463b8f6482cefdd319a849913088
276	Skärmavbild 2021-08-11 kl. 11.03.23.png	original_images/Skarmavbild_2021-08-11_kl._11.03.23.png	1388	788	2021-08-11 09:04:03.019734+00	\N	\N	\N	\N	60	1393212	1	9756323ba30aa670db5a8e1b2d1a7f3e4879264e
277	20210812_Johan Sörell tårta.jpg	original_images/20210812_Johan_Sorell_tarta.jpg	1500	2000	2021-08-13 09:57:44.563984+00	\N	\N	\N	\N	7	442797	26	4d9a348595e6408f44bb2fcd4146bde27a572cae
278	20210812_Johan Sörell RHCE.jpg	original_images/20210812_Johan_Sorell_RHCE.jpg	1500	2000	2021-08-13 09:58:09.896006+00	\N	\N	\N	\N	7	343797	26	7309170725894f1d1328c227c33982eaddb70880
279	image.png	original_images/image_oIXSTlO.png	121	165	2021-08-13 10:33:09.956651+00	66	85	103	156	7	59938	26	31a910cd79444fa715a5e950ba95113e2f70def8
280	20210812_Johan Sörell RHCE.jpg	original_images/20210812_Johan_Sorell_RHCE_rvTfJqb.jpg	1500	2000	2021-08-13 10:37:20.932147+00	843	1020	1293	1726	7	343797	11	7309170725894f1d1328c227c33982eaddb70880
281	markus-winkler-aId-xYRTlEc-unsplash (1).jpg	original_images/markus-winkler-aId-xYRTlEc-unsplash_1.jpg	1920	1280	2021-08-20 13:16:23.977164+00	\N	\N	\N	\N	60	306428	1	367d83bb0c0ed97265885f27d65e6e011b7cb0d3
6	Nätverkskablar	original_images/thomas-jensen-qTEj-KMMq_Q-unsplash_1.jpg	2400	1596	2020-04-20 08:33:50.335538+00	\N	\N	\N	\N	\N	400537	3	c25f8665eaf120a2c06f65573be1dcc3d0dfbc9f
7	Lärare vid blädderblock	original_images/fred-kloet-IrQZkyhdOow-unsplash.jpg	2921	3996	2020-04-20 08:57:36.52105+00	1673	1738	2494	2011	\N	3884161	5	d69220a8ee1265671aecf26d5c2af5dd12a9a0ab
8	Lärare vid tavla	original_images/thisisengineering-raeng-h6gCRTCxM7o-unsplash.jpg	7521	5017	2020-04-20 08:57:38.482033+00	4766	2026	5509	4053	\N	5387843	5	5c6c08ee38350f926de2c87e9d2deb87a2217742
9	Instruktör	original_images/tr-ng-trung-c-p-kinh-t-du-l-ch-thanh-ph-h-chi-minh-cet-4WcIJXcFj3I-unsplas.jpg	6000	4000	2020-04-20 08:57:39.51782+00	2189	2158	3936	3683	\N	1462360	5	c56cb47daf951e48514cb3f35ed1ebd44b505c53
10	Kvinna med pärm	original_images/icons8-team-FcLyt7lW5wg-unsplash.jpg	3744	5616	2020-04-20 08:57:40.457237+00	1829	1680	2517	2817	\N	1799501	5	755ff684b98432ac5e36b7425b06e0240483037a
11	Klassrum	original_images/neonbrand-1-aA2Fadydc-unsplash.jpg	5101	3401	2020-04-20 08:57:41.178704+00	\N	\N	\N	\N	\N	1324741	2	8401cfa8cdfeb34dad42fbebfab405e19ddadd9a
12	Rödhårig konsult	original_images/thisisengineering-raeng-TXxiFuQLBKQ-unsplash.jpg	7730	5156	2020-04-20 08:57:43.012874+00	5290	2200	4083	3767	\N	5146397	4	1be75a3d934315ceddb43b183636a97aa8dfc324
13	Student med block	original_images/hannah-olinger-NXiIVnzBwZ8-unsplash.jpg	2403	3600	2020-04-20 08:57:43.534751+00	1207	1299	2390	2034	\N	788835	6	c5b6458dc4ab441c93e2899703d1c1da834c3325
14	Boktrave	original_images/ed-robertson-FDzRG30DeVM-unsplash.jpg	3421	5131	2020-04-20 08:57:44.581924+00	\N	\N	\N	\N	\N	4061853	3	c0b96d8511134293bc5c7d2c2c8d4137d916a453
15	Kille med laptop	original_images/oleg-ivanov-aVbR17HLZTg-unsplash_1.jpg	3456	5184	2020-04-20 08:57:45.344862+00	1728	2410	3456	3404	\N	1576167	6	82c779bbc8af1a4b566fbc5aaa5899ff53ccf257
16	Tjej med läppstift	original_images/michael-dam-mEZ3PoFGs_k-unsplash_vDLTiJK.jpg	3744	5616	2020-04-20 08:57:46.241761+00	1872	2223	3744	3603	\N	1454120	4	b0244c983541129ae5ede2b650896bfefacad4a8
17	Konsult	original_images/marius-ciocirlan-vMV6r4VRhJ8-unsplash_EqDWoQh.jpg	5459	5304	2020-04-20 08:57:47.562144+00	2685	2112	3512	3518	\N	3050945	4	10c8b6e261e45558836166d484e6c5a76effb6a4
18	Student med padda	original_images/brooke-cagle-JBwcenOuRCg-unsplash.jpg	4213	2809	2020-04-20 08:57:48.462421+00	1717	1626	2225	2286	\N	2438680	6	5bc1e531c4c337f2cc4634a3dfd3701aa2299fd0
19	Lärare vid whiteboard	original_images/christina-wocintechchat-com-4T-02pK0jUg-unsplash.jpg	6016	4016	2020-04-20 08:57:49.428487+00	3717	1920	2425	2000	\N	2484169	5	a67d489203f66ee639c0b190c4e38b6c2113103c
21	Nätversksswitch	original_images/jordan-harrison-40XgDxBfYXM-unsplash.jpg	6000	4000	2020-04-20 08:57:51.960168+00	\N	\N	\N	\N	\N	2451760	3	359ef360bdcd800ad68598636555f48b08f95220
22	Laptop	original_images/christopher-gower-m_HRfLhgABo-unsplash.jpg	3882	2584	2020-04-20 08:57:52.438077+00	1787	1586	2572	1973	\N	923966	3	8fcb0a0fa2a4c04702a439367848f198e196738a
262	IMG_4066.jpeg	original_images/IMG_4066.jpeg	640	480	2021-06-21 12:15:49.614595+00	\N	\N	\N	\N	\N	50145	1	18ddbdd44edab6b32ac2f5c15e3d4797122653ca
24	Räcker upp handen	original_images/felicia-buitenwerf-Qs_Zkak27Jk-unsplash.jpg	6000	4000	2020-04-20 08:57:54.744582+00	3553	1948	4498	3263	\N	5968523	2	221c8f8d127b9ec2994b68bda9a7453322b6dec8
25	Klassrum med datorer	original_images/jonathan-borba-PZBjJ12Xv2s-unsplash.jpg	3648	5472	2020-04-20 08:57:56.313343+00	1874	3091	2672	2808	\N	4694029	2	70257a169e73509aec1c4263208eed099e50154b
26	Lärare framför projektion	original_images/neonbrand-gYf49RB7bvE-unsplash.jpg	5184	3456	2020-04-20 08:57:57.128321+00	1550	1919	2431	2142	\N	1631488	5	13c1bbb2aacb795c0c745bcf2e70716d49a9798d
28	Red Hat-konsult	original_images/red-hat-factory-lknvOcns4zM-unsplash.jpg	3366	4713	2020-04-20 09:31:15.6721+00	1651	1794	3004	3149	\N	2372706	4	ccb8fb9f885581b65bc225a02d13591e2f772501
40	Hendrik L	original_images/henrik_lundgren_liggande_svartvit.jpg	1600	1067	2020-04-28 14:00:16.175215+00	\N	\N	\N	\N	\N	106555	8	32100916623fe2f47931dd8dec0629fab01c9d2a
42	Red Hat Business Partner	original_images/Logo-Red_Hat-Bus_Partner-Training-A-Reverse-RGB.png	1232	705	2020-05-06 07:28:25.844894+00	234	336	468	646	\N	29823	9	b2483daca4974b70eace066077a0a3cd0ffc26ba
43	Red Hat | Lexher	original_images/Logo-Red_Hat-Lexher.png	1784	528	2020-05-06 07:28:26.119291+00	893	264	1780	528	\N	17874	9	8f7bd1c3fa67d9b020692c48f9b3881a5b259e0b
45	Hanna Sundin	original_images/hanna_liggande-svartvit.jpg	1600	1067	2020-05-16 12:45:42.666948+00	\N	\N	\N	\N	\N	141542	8	53c19e90ad3fb6fc2d1305fa9919a6fea811a5af
46	Mattias Kullman	original_images/mattias_liggande-svartvit.jpg	1600	1067	2020-05-16 12:47:00.438633+00	\N	\N	\N	\N	\N	86485	8	9d45bc1b27777e25845c4d888484a413227f1edf
47	Red Hat Ready Business Partner	original_images/Logo-Red_Hat-Ready_Bus_Partner-Training-A-Reverse-RGB.png	1232	901	2020-05-16 13:11:08.428326+00	341	246	677	493	\N	33778	9	d7c6befb9b31786c9b4a2708f9d0b6630f098e75
48	1.jpg	original_images/1_wuTUk7L.jpg	930	616	2020-05-18 11:15:00.118464+00	805	269	248	296	\N	430548	11	2d7d4f9213fae49dc942e54f1512e415edb6c13e
49	2.jpg	original_images/2_VxgIXLf.jpg	930	616	2020-05-18 11:15:00.543397+00	533	177	260	285	\N	362315	11	8b6433f356d3119dcf2e292fe2330bd8c8543731
50	3.jpg	original_images/3.jpg	930	616	2020-05-18 11:15:00.981441+00	322	257	323	436	\N	429631	11	d20c827bc93f26b9b878881dd9e07989371d660f
51	4.jpg	original_images/4_THTLyqN.jpg	930	616	2020-05-18 11:15:01.543742+00	212	413	355	405	\N	250054	11	551da2bbfed0df548e9dd3198d9b3627a861cec7
52	5.jpg	original_images/5_bWs0ItO.jpg	930	616	2020-05-18 11:15:01.821386+00	265	291	425	521	\N	451532	11	7f8431f5d00734b0d868c0d36187e00ba5402d50
53	6.jpg	original_images/6_ZqaoZxX.jpg	930	616	2020-05-18 11:15:02.12383+00	771	216	232	320	\N	441881	11	b9f85771138159aef621637841b6885d9798d804
54	7.jpg	original_images/7_gvgO5YQ.jpg	930	616	2020-05-18 11:15:02.412805+00	401	171	375	338	\N	346590	11	49339287c9b0b4397117890214959df5573f3cfb
55	8.jpg	original_images/8_rCMqABc.jpg	930	616	2020-05-18 11:15:02.662886+00	681	264	340	420	\N	390071	11	927fecd31c9887170a5df20e18cc4394bdf2a78d
56	9.jpg	original_images/9_RHGuZKY.jpg	930	616	2020-05-18 11:15:03.156512+00	324	324	256	306	\N	359172	11	823122af5c0d49faa2f91c26f4e7af62300fd148
57	10.jpg	original_images/10_tp44yz7.jpg	930	616	2020-05-18 11:15:03.418759+00	591	212	322	285	\N	390929	11	95f5b890a8692257599205e97b8b6b616db6d764
58	11.jpg	original_images/11.jpg	930	616	2020-05-18 11:15:03.648687+00	561	219	230	320	\N	450051	11	32e7ab7e3f6f28f93d61dd97d9884c33cb3cd2bb
59	12.jpg	original_images/12.jpg	930	616	2020-05-18 11:15:03.884344+00	544	262	274	209	\N	441483	11	dca9a5b7887318f25128eaecc68bd9745651888d
60	13.jpg	original_images/13.jpg	930	616	2020-05-18 11:15:04.109815+00	475	285	244	288	\N	384467	11	ce2b33725dc74b0971993cdb9914bd9380e24846
61	14.jpg	original_images/14.jpg	930	616	2020-05-18 11:15:04.380047+00	518	300	409	440	\N	348936	11	a8938bec1532513ba6a20e5c3e7921295f7ff193
67	Albena Turnina	original_images/albena-1.png	660	420	2020-06-16 19:50:22.034684+00	\N	\N	\N	\N	\N	180263	8	ac22318db03a34fd29df825dc3c5a6097ceab467
69	Alexander Popenko	original_images/alexander_liggande_svartvit-1024x683.jpg	1024	683	2020-06-16 19:51:32.025331+00	\N	\N	\N	\N	\N	62790	8	8345f113ec3b8ba0ad3bfe2c871b10879a94b9c6
70	Amer Mir	original_images/amer.png	660	420	2020-06-16 19:51:32.164721+00	\N	\N	\N	\N	\N	180483	8	c2cb22ab7d5544a620f813df17f4c1b526845bb6
71	Anna Jagdhar	original_images/anna.png	720	460	2020-06-16 19:51:32.497668+00	\N	\N	\N	\N	\N	622503	8	2a5eecb2367b97e798920d0a5cee10d24f46a1b7
72	Bernardo Troncoso	original_images/bernardo-2.png	657	420	2020-06-16 19:51:32.752494+00	\N	\N	\N	\N	\N	175611	8	98a16c8e454a780bce03df01145d7f4c48ff5278
73	Diana Nesic	original_images/bild-p-diana-fr-linkedin.png	800	800	2020-06-16 19:51:33.158273+00	378	235	346	340	\N	903809	8	70f5209439260e8f0f133a4396f4553a4f3bbff2
74	Christoffer Morais	original_images/christoffer.png	718	460	2020-06-16 19:51:33.29948+00	\N	\N	\N	\N	\N	200672	8	1ef90d8ffe318b8d2dac14540ca2f3ae12f8f4ae
75	Emilio Alvarez	original_images/emilio.png	720	460	2020-06-16 19:51:33.456791+00	\N	\N	\N	\N	\N	185921	8	32ca8c1b297eb0892a328fdfe92a24d1439e660d
76	Erik Reidler	original_images/erik.jpg	720	460	2020-06-16 19:51:33.604933+00	\N	\N	\N	\N	\N	149070	8	11bc31442142e73f460d06ba64885ab5fee3b009
77	Johan Sörell	original_images/johan-2.png	720	460	2020-06-16 19:51:33.751906+00	\N	\N	\N	\N	\N	225323	8	a937764c6faa0179bf0944ee6db33c05ff83e2dc
78	Jon Andersson	original_images/jon.png	720	461	2020-06-16 19:51:33.997971+00	\N	\N	\N	\N	\N	172152	8	dd99514c20c0c03a8f4a0b506061b51db7c90ed4
80	Knut Renvall	original_images/knut.png	720	460	2020-06-16 19:51:34.304672+00	\N	\N	\N	\N	\N	197336	8	382b51448829395048c3189abfea35c0f57d5d6b
81	Kwame Twumasi	original_images/kwame.png	657	420	2020-06-16 19:51:34.448098+00	\N	\N	\N	\N	\N	171492	8	0306f321d312ffb7ee51ad96f81f3ebb3e157f98
82	Marco Khai	original_images/marco.png	720	460	2020-06-16 19:51:34.596219+00	\N	\N	\N	\N	\N	204658	8	12b728a53dd55928c8efbcf5334d093bcff50e8d
83	Max Shah	original_images/Max.jpg	907	1024	2020-06-16 19:51:34.738366+00	397	339	678	662	\N	115652	8	960d0263c6de9104a430513da264bcbad9af7f3d
84	Mikael Björkgren	original_images/mikael-bjrkgren.png	660	420	2020-06-16 19:51:34.859899+00	\N	\N	\N	\N	\N	198989	8	4352d4394d2ccc179b3eca4629edc00ce95ce06a
85	Nico Zanjani	original_images/nico-2.png	657	420	2020-06-16 19:51:35.001731+00	\N	\N	\N	\N	\N	175674	8	4e17d952b4d68329f6d15e64c67ed2739d5efef9
86	Niklas Holmström	original_images/niklas.png	720	460	2020-06-16 19:51:35.29466+00	\N	\N	\N	\N	\N	228479	8	221ac59c10b8f803139b982ff34a2ddd40699ad4
87	Padmashree Prakash	original_images/padmashree.png	720	460	2020-06-16 19:51:35.466835+00	\N	\N	\N	\N	\N	256950	8	90553c57633747e20f0acc1dc35cea5c2c2d3f90
88	Peter Nilsson	original_images/petern-3.png	660	420	2020-06-16 19:51:35.694045+00	\N	\N	\N	\N	\N	162757	8	666f56291060c889333f3b7f0d24ae79e543a149
89	Sanmi Omogunloye	original_images/sanmi.png	720	460	2020-06-16 19:51:35.970213+00	\N	\N	\N	\N	\N	306950	8	e8a09fde17d9332a166745bd1424bcaa240060e2
39	Caterina K	original_images/ck.jpg	3072	2303	2020-04-28 13:58:45.369364+00	\N	\N	\N	\N	\N	402093	8	a31b641aa4dd8602cf9ca5638efc7ab29a726cb3
90	Stefan Frisenfelt	original_images/stefan-frisenfelt.png	720	460	2020-06-16 19:51:36.122357+00	\N	\N	\N	\N	\N	187490	8	5d6e838f84e7927238b2a55ccdf99cb8457a5807
91	Stefan Qvickström	original_images/stefan.png	720	460	2020-06-16 19:51:36.266429+00	\N	\N	\N	\N	\N	216197	8	4befe13cb46a8bc1923bff2f3735eafcab484515
92	img_1067-rotated.jpg	original_images/img_1067-rotated.jpg	480	640	2020-06-16 20:32:33.803112+00	\N	\N	\N	\N	\N	86671	13	84a6e3c90cd07ba4cc64f87b98f505bf765caa2c
93	img_1068.jpg	original_images/img_1068.jpg	640	480	2020-06-16 20:32:34.015377+00	\N	\N	\N	\N	\N	165719	13	d061cd3fabfba4d9e9ae5da2fc923a39c34cbe9f
94	img_1069.jpg	original_images/img_1069.jpg	640	480	2020-06-16 20:32:34.175063+00	\N	\N	\N	\N	\N	166075	13	67c68dc9163b50d69528bf6eee7992b7a50d4f73
95	img_1070.jpg	original_images/img_1070.jpg	640	480	2020-06-16 20:32:34.317811+00	\N	\N	\N	\N	\N	172651	13	651476ea8cb2b9d647283c25c90508a7458647f8
96	img_1072.jpg	original_images/img_1072.jpg	640	480	2020-06-16 20:32:34.612142+00	\N	\N	\N	\N	\N	165598	13	ee00efa0a2f393009070a908bbcccb5ed3391729
97	img_1073-rotated.jpg	original_images/img_1073-rotated.jpg	480	640	2020-06-16 20:32:34.762471+00	\N	\N	\N	\N	\N	72401	13	d92e47ed6e51ae6bc2bc5aea68e84019d578d947
98	img_1074.jpg	original_images/img_1074.jpg	640	480	2020-06-16 20:32:34.928359+00	\N	\N	\N	\N	\N	124669	13	11fbe9ad13dbfc247a1d52788f5ea2d3a093903a
99	img_1075.jpg	original_images/img_1075.jpg	640	480	2020-06-16 20:32:35.067721+00	\N	\N	\N	\N	\N	131415	13	984e2f24e3e60b5306cf85e1b5675176a5a7b665
100	img_1076-rotated.jpg	original_images/img_1076-rotated.jpg	480	640	2020-06-16 20:32:35.184773+00	\N	\N	\N	\N	\N	69984	13	2f24c71b53059041c8f4963ccdb00f174b075469
101	img_0079.jpg	original_images/img_0079.jpg	640	480	2020-06-16 20:36:22.000857+00	\N	\N	\N	\N	\N	99282	14	5b7c304ebe9c496293c1a7c2e1c97db8b446fd43
102	img_0081.jpg	original_images/img_0081.jpg	640	480	2020-06-16 20:36:22.241855+00	\N	\N	\N	\N	\N	77715	14	93246ac21dc535927c261f14043f2c601d87c19e
103	img_0082.jpg	original_images/img_0082.jpg	640	480	2020-06-16 20:36:22.376862+00	\N	\N	\N	\N	\N	107582	14	f227b3afc53ed0cb9ab0f4d839fc199ea8b9c1f2
104	img_0084.jpg	original_images/img_0084.jpg	640	480	2020-06-16 20:36:22.521357+00	\N	\N	\N	\N	\N	71104	14	cd07864125905cc6b258ddfabc1cb1ad22fb6da5
105	img_0085.jpg	original_images/img_0085.jpg	640	480	2020-06-16 20:36:22.754822+00	\N	\N	\N	\N	\N	83824	14	3a73ed66f98ab86607289f233eb37dd47403f19b
106	img_0086.jpg	original_images/img_0086.jpg	640	480	2020-06-16 20:36:22.885792+00	\N	\N	\N	\N	\N	69976	14	3473b78b6972cf784f6de98d32c837d3cd280356
107	img_0087.jpg	original_images/img_0087.jpg	640	480	2020-06-16 20:36:22.997736+00	\N	\N	\N	\N	\N	58172	14	7ebdb2fbf38fb9ba37b592075716a00bc781830e
108	img_0699-e1560326165289.jpg	original_images/img_0699-e1560326165289.jpg	480	640	2020-06-16 20:41:29.183033+00	\N	\N	\N	\N	\N	106917	15	eb3333921b27251c1221d6db88913e286e3aeb25
109	img_0702-e1560326153578.jpg	original_images/img_0702-e1560326153578.jpg	480	640	2020-06-16 20:41:29.39168+00	\N	\N	\N	\N	\N	59253	15	c5f7f6a99b6474d5eaacb90a28dda761ce132031
110	img_0704-e1560326143772.jpg	original_images/img_0704-e1560326143772.jpg	480	640	2020-06-16 20:41:29.551158+00	\N	\N	\N	\N	\N	110696	15	b264942070abb8f8a45bbf5ce5be5e72520a4781
111	img_0705-e1560326126825.jpg	original_images/img_0705-e1560326126825.jpg	480	640	2020-06-16 20:41:29.684914+00	\N	\N	\N	\N	\N	94174	15	604af91764a556a67fae174e76f0773d8c8c542a
112	img_0709-e1560326117800.jpg	original_images/img_0709-e1560326117800.jpg	480	640	2020-06-16 20:41:29.816138+00	\N	\N	\N	\N	\N	106294	15	0fc5913c3d0dd955aa8178207cac3d4322382667
113	img_0711-e1560326102255.jpg	original_images/img_0711-e1560326102255.jpg	480	640	2020-06-16 20:41:29.945286+00	\N	\N	\N	\N	\N	105490	15	73626302ec1e7d655130ea1d838ecd48e8230472
114	img_0714-e1560326088258.jpg	original_images/img_0714-e1560326088258.jpg	480	640	2020-06-16 20:41:30.080194+00	\N	\N	\N	\N	\N	97163	15	46e2451f79e6964b1ce584b2416e782fe8fd193e
115	img_0716-e1560326052374.jpg	original_images/img_0716-e1560326052374.jpg	480	640	2020-06-16 20:41:30.211864+00	\N	\N	\N	\N	\N	79306	15	ec0d629482a3d764c51189e6635b773b17160dc6
116	img_0719-e1560326037157.jpg	original_images/img_0719-e1560326037157.jpg	480	640	2020-06-16 20:41:30.342068+00	\N	\N	\N	\N	\N	65156	15	975a985e814018b2cf02b80748a9bc1cdca3c0c8
117	img_0720-e1560326022422.jpg	original_images/img_0720-e1560326022422.jpg	480	640	2020-06-16 20:41:30.465575+00	\N	\N	\N	\N	\N	85686	15	0ae3290e7dfd6912f252b345d00e44d1a38d88b6
118	imagen-de-ios-768x577.jpg	original_images/imagen-de-ios-768x577.jpg	768	577	2020-06-16 20:44:11.387579+00	\N	\N	\N	\N	\N	90575	15	62004524210a1857bbbc97640d82656a241dcd0d
119	imagen-768x577.jpg	original_images/imagen-768x577.jpg	768	577	2020-06-16 20:44:28.802395+00	\N	\N	\N	\N	\N	97250	15	46f8101f0a280290c592f77dece7318c3d5d2020
121	avanza.png	original_images/avanza.png	343	147	2020-06-22 06:24:49.528465+00	\N	\N	\N	\N	\N	3841	1	72250c37b2bdcab7c5023698a2c17bdaded6c05f
122	lexher-skpbil-300x169.jpg	original_images/lexher-skpbil-300x169.jpg	300	169	2020-06-22 06:40:57.301517+00	\N	\N	\N	\N	\N	7186	1	05f366799763b782d1345daf7f9001afb3050731
282	Simon Karlsson	original_images/E723C280-1A75-43EC-B04E-AA9F1FC889A9.png	501	501	2021-09-06 08:17:00.222448+00	270	259	382	304	7	243560	8	f64ac2974ec47cd72c4e2c97e4e5d194e38ca7f4
286	Asiatisk buffé 2	original_images/D315B2F5-20F0-455B-968F-F6B7100E9813_1_105_c.jpeg	1024	768	2021-09-16 11:33:05.866798+00	\N	\N	\N	\N	7	311477	1	b389ff07f1bd7d445aa30c9bd9ec8f8c88c0d81d
290	20200526_loungevy.jpg	original_images/20200526_loungevy.jpg	4000	3000	2021-09-29 07:21:55.938566+00	\N	\N	\N	\N	7	3621017	11	be5baf213407b92967eb935f829b63a2c989bbe8
294	pexels-pixabay-459653.jpg	original_images/pexels-pixabay-459653.jpg	640	426	2021-10-08 11:39:41.877225+00	\N	\N	\N	\N	70	73163	1	5c95860f79b2d417a655db3eda9bb3fa57f47b66
287	Sara.jpg	original_images/Sara.jpg	3024	3827	2021-09-27 11:23:17.561998+00	1030	1189	2035	2366	60	1803278	1	da7f3b166dff71241eebdaf6bf6cf3581931863c
300	pexels-soumil-kumar-735911.jpg	original_images/pexels-soumil-kumar-735911.jpg	6016	4016	2021-10-22 11:06:33.40893+00	3005	1942	6010	3195	60	1551228	1	9ec2203e40ba75b00de249a631dbc0344f12b8ab
302	pexels-pixabay-270373.jpg	original_images/pexels-pixabay-270373.jpg	3000	2000	2021-10-22 11:25:10.956142+00	\N	\N	\N	\N	60	953883	1	6c3445467d065e961304bea4fbb9b2c408fea2ec
303	Network code.PNG	original_images/Network_code.PNG	645	424	2021-10-22 11:29:48.139627+00	\N	\N	\N	\N	60	582789	1	7afd891b3a5a41f104cb6d2ef32cd951dc454a27
304	pexels-negative-space-97077.jpg	original_images/pexels-negative-space-97077.jpg	6000	4000	2021-10-22 11:32:26.590522+00	\N	\N	\N	\N	60	1768042	1	ce155d2d6cacb9f8c5d696d8606a174d63a28c7e
305	Devops.jpg	original_images/Devops.jpg	6016	4016	2021-10-22 11:42:22.353884+00	\N	\N	\N	\N	60	2184279	1	42833f718c9c541a2372099b9a9d11746fd842f5
318	Vit	original_images/vit.JPG	56	13	2022-04-06 11:56:47.441971+00	\N	\N	\N	\N	\N	7859	1	3fa7226c2e9fd99e4ad5ab333cbacf4f0e04edad
324	Play button.png	original_images/playbuttonwhite.png	625	480	2022-04-21 14:01:21.559313+00	\N	\N	\N	\N	\N	23914	1	794a5707f34140c504c67e8507ffcf21b4facaa7
315	Logo RedHat Hat Color RGB (1).png	original_images/Logo_RedHat_Hat_Color_RGB_1.png	384	290	2022-03-02 12:43:52.972198+00	\N	\N	\N	\N	7	7393	1	9270e11582dc71122ac44848c7055fec4bf077a0
316	download (1).png	original_images/download_1.png	225	225	2022-03-02 12:45:08.747254+00	\N	\N	\N	\N	7	2206	1	fee56bb457fe4493bdbbd50492a452ad153f5a67
317	download.png	original_images/download.png	300	168	2022-03-02 12:46:07.374686+00	\N	\N	\N	\N	7	3428	1	fb5e07cb8ef88de2629aaded2d09e4a2b408f03c
325	Logo Svart png	original_images/Black.png	1168	895	2022-04-29 14:18:54.553229+00	\N	\N	\N	\N	13	11193	1	1d999117e3492bddd3e46bc79c8ceb319b3cc6c0
326	Lexher_svart_Signatur	original_images/Lexher_svart.png	641	210	2022-04-29 14:37:15.807756+00	\N	\N	\N	\N	13	8735	1	a58e2032711ffc13219620efb6849d3f836c7212
27	Lexher Academy	original_images/Academy.png	1792	1196	2020-04-20 09:01:05.44536+00	\N	\N	\N	\N	\N	53982	1	8f6883b4df1b254ed11294ae2abdf8ba4c59890f
29	1.jpg	original_images/1.jpg	1000	750	2020-04-27 15:49:40.141535+00	\N	\N	\N	\N	\N	359110	7	ca2308b053c6d770b6b1ecb0bb1792f1d088b1d0
3	Grupparbete	original_images/brooke-cagle-g1Kr4Ozfoac-unsplash.jpg	5231	3487	2020-04-17 15:12:27.817502+00	\N	\N	\N	\N	\N	3711515	2	db675794d57d62df12a558dd0730de10f101f1db
30	2.jpg	original_images/2.jpg	1000	750	2020-04-27 15:49:40.782287+00	\N	\N	\N	\N	\N	391410	7	042d98617681456fc8ca5eb84814ea97b9f69424
31	3.png	original_images/3.png	1000	750	2020-04-27 15:49:41.57721+00	\N	\N	\N	\N	\N	1121333	7	6e49c19a3d9ed5113edb5882323664cd3c1f6962
32	4.jpg	original_images/4.jpg	1000	750	2020-04-27 15:49:41.92737+00	\N	\N	\N	\N	\N	559868	7	1e764b1f6e79e1d2a417b287216248eecd7737b4
33	5.jpg	original_images/5.jpg	1000	750	2020-04-27 15:49:42.240363+00	\N	\N	\N	\N	\N	504434	7	7defcef023a313f3344c5ff1d812a025022c7702
34	6.jpg	original_images/6.jpg	1000	750	2020-04-27 15:49:42.567634+00	\N	\N	\N	\N	\N	471402	7	8d6220cc11ce6aeceb1ef46a25221b4e3cd541ba
35	7.jpg	original_images/7.jpg	1000	750	2020-04-27 15:49:43.025231+00	\N	\N	\N	\N	\N	635473	7	66d934af9074c7518186cfa38477d3793eb95415
38	10.jpg	original_images/10.jpg	1000	750	2020-04-27 15:49:44.013214+00	\N	\N	\N	\N	\N	292177	1	81a420b3d78c05bfdb2620f925d9606f095b2143
37	9.jpg	original_images/9.jpg	1000	750	2020-04-27 15:49:43.776581+00	\N	\N	\N	\N	\N	543207	7	f864a9c4354befe6b18ac2d4170cce6f12410481
36	8.jpg	original_images/8.jpg	1000	750	2020-04-27 15:49:43.345502+00	\N	\N	\N	\N	\N	357990	7	45995f659db16f1315dadebce65b060b50667bd2
146	IMG_1736.jpg	original_images/IMG_1736.jpg	640	480	2020-09-15 13:46:49.689783+00	\N	\N	\N	\N	\N	147708	1	bd95fd8751e9c533e0eacd358aa69f58f86b381d
147	IMG_1736.jpg	original_images/IMG_1736_YqUxulb.jpg	640	480	2020-09-15 13:46:58.380379+00	\N	\N	\N	\N	\N	147708	18	bd95fd8751e9c533e0eacd358aa69f58f86b381d
148	IMG_1737.jpg	original_images/IMG_1737.jpg	640	480	2020-09-15 13:47:05.736399+00	\N	\N	\N	\N	\N	114450	18	3c3e0d412384df9d687d89304c1c706144d45348
151	OrgLexher2020.PNG	original_images/OrgLexher2020.PNG	2855	1286	2020-09-25 15:37:05.260316+00	\N	\N	\N	\N	\N	55479	1	319570cad25b941263b1dc85af6a2ad1e3226b9c
152	OrgLexher2020.PNG	original_images/OrgLexher2020_35HO4BJ.PNG	2855	1286	2020-09-25 15:38:11.456785+00	\N	\N	\N	\N	\N	55479	19	319570cad25b941263b1dc85af6a2ad1e3226b9c
153	umer9 (002).jpg	original_images/umer9_002.jpg	630	945	2020-09-29 10:44:34.657633+00	\N	\N	\N	\N	\N	39565	4	8bf05ca33826ce4a18fd271be93c9f58f4311269
154	Umer2.PNG	original_images/Umer2.PNG	1175	935	2020-09-29 10:48:34.713875+00	\N	\N	\N	\N	\N	902572	4	8d5f35b0dc17d33b5f741dcf5af50ba8df5a77c6
156	Björn Nilsson.jpg	original_images/Bjorn_Nilsson.jpg	1868	2610	2020-10-02 12:51:15.780538+00	\N	\N	\N	\N	\N	770045	1	185ad19f3a7c58cb9316b459f214c76008189042
157	björn2.jpg	original_images/bjorn2.jpg	1868	2610	2020-10-02 13:02:25.458064+00	\N	\N	\N	\N	\N	770045	1	185ad19f3a7c58cb9316b459f214c76008189042
160	SmartEyes.PNG	original_images/SmartEyes.PNG	1814	1242	2020-10-09 12:38:39.622456+00	\N	\N	\N	\N	\N	3817602	1	ea344bd853fe1ad0173147e34d5e530f015e3b22
161	Specsavers.PNG	original_images/Specsavers.PNG	590	235	2020-10-09 13:17:34.791914+00	\N	\N	\N	\N	\N	39123	7	f2f4f4aaba2bd267ac54f31aa2e77fd11d1781a8
159	Sennai Zerazion.PNG	original_images/Sennai_Zerazion.PNG	447	444	2020-10-09 10:45:20.556474+00	231	151	293	300	\N	271186	4	587bd70d43cf3fc064202298f8dca7ad77e1ad55
177	5.jpg	original_images/5_O3rHtin.jpg	640	480	2020-12-08 11:50:21.662008+00	\N	\N	\N	\N	\N	104852	24	373bfffdff8ccb0fe12a131fc5d4a8c78b5fb253
158	Malin Flink.PNG	original_images/Malin_Flink.PNG	594	533	2020-10-09 10:28:22.621031+00	\N	\N	\N	\N	\N	664114	1	2bd9807e85eca6d386a743544eda2753302e2685
166	Niklas Lund - bild.jpg	original_images/Niklas_Lund_-_bild.jpg	677	903	2020-11-16 14:07:06.953861+00	\N	\N	\N	\N	\N	74541	8	e1c9a6f01a8aeb8b84dc167da4b2aca765b38224
180	11.1.jpg	original_images/11.1.jpg	640	480	2020-12-08 12:02:51.075997+00	\N	\N	\N	\N	\N	89723	24	162f0d5a335e7b3d1a099019fe2e3ecfa8924114
179	9.jpg	original_images/9_uknDTxB.jpg	640	480	2020-12-08 11:50:35.058795+00	\N	\N	\N	\N	\N	138579	24	7635662cdf16f96cadb0bbfad8fb85f577453d4a
178	6.jpg	original_images/6_4isVqxw.jpg	640	480	2020-12-08 11:50:26.956229+00	\N	\N	\N	\N	\N	97092	24	41c0623661e21355c664595e251e838a02869563
176	4.jpg	original_images/4_Vrqealp.jpg	640	480	2020-12-08 11:50:11.215629+00	\N	\N	\N	\N	\N	97567	24	a4db32de2328cd4550ea20586321f1b9c5b95b48
174	1.jpg	original_images/1_0VREVzy.jpg	640	480	2020-12-08 11:49:56.440971+00	\N	\N	\N	\N	\N	121504	24	96d26dac6752424d10c936555784a5ca7d701c56
181	2.1.jpg	original_images/2.1.jpg	640	480	2020-12-08 12:05:45.00463+00	\N	\N	\N	\N	\N	123084	24	cafb31c9730e0f503ffabbcb5768a2682f50d972
182	10.jpg	original_images/10_v2UZ0fq.jpg	640	480	2020-12-08 12:05:58.50105+00	\N	\N	\N	\N	\N	132360	24	2a952ec1b0768a4e747b73a78650568dd7fbeb1b
183	14.jpg	original_images/14_YZ10qgP.jpg	640	480	2020-12-08 12:06:11.520147+00	\N	\N	\N	\N	\N	96544	24	386ed1c4b87bfd07564927e7b099476086e7062a
184	12.jpg	original_images/12_t2EvH2Q.jpg	640	480	2020-12-08 12:06:21.740518+00	\N	\N	\N	\N	\N	87242	24	fd502aaf5a031ae715ebc497932129b6b7e22030
186	7.1.jpg	original_images/7.1.jpg	640	480	2020-12-08 12:08:34.232674+00	\N	\N	\N	\N	\N	83404	24	7baf121bd30a37e02d7bef13acae6c74693c5ad1
185	8.jpg	original_images/8_K6z34qr.jpg	640	480	2020-12-08 12:07:18.583911+00	\N	\N	\N	\N	\N	108120	24	302ff13edf16fb2cc902b9992a5fdec8ddb1b532
191	Mark Fagerlund - Red Hat Ansible certifiering dec 2020	original_images/IMG_2257.jpg	640	480	2020-12-11 12:20:16.976543+00	\N	\N	\N	\N	\N	102852	26	277a4735ad96e233ad4508cc45d30c50db4fd45c
192	Tårta - RHCSA - Mattias	original_images/IMG_2258.jpg	640	480	2020-12-11 12:21:49.29114+00	\N	\N	\N	\N	\N	150385	26	545bfd6ef71b3368696da0109dc1d4b09b94ddc4
193	Tårta - Juniper Networks - Sennai	original_images/IMG_2260.jpg	640	480	2020-12-11 12:22:14.751881+00	\N	\N	\N	\N	\N	108756	26	060972e1d7a430a11e231cf2208339195e88e468
195	Certifiering - RHCSA - Mattias Fahlin	original_images/IMG_2266.jpg	640	480	2020-12-11 12:22:47.967733+00	\N	\N	\N	\N	\N	143017	26	28a7cd5ea954ab6e880868a78f07a28699493305
196	Juniper Networks Certifiering - Sennai Zerazion	original_images/IMG_2271.jpg	640	480	2020-12-11 12:23:12.129437+00	\N	\N	\N	\N	\N	136301	26	7b19da6c96e511acb19ee387f63d2ef18dfb9674
197	Ansible tårta - Mark	original_images/IMG_2252_Ansible_tarta.jpg	640	480	2020-12-11 12:30:26.11583+00	\N	\N	\N	\N	\N	104771	26	b0073c3caa051bb005db96ec0180c6c546d5a09f
198	ny bild.jpg	original_images/ny_bild.jpg	2640	1980	2020-12-14 14:20:08.388226+00	\N	\N	\N	\N	\N	1259667	4	dc1e0b4911f3f372d51918add4c19a03b4550791
201	Stackrox.PNG	original_images/Stackrox.PNG	701	387	2021-01-15 11:46:54.596789+00	\N	\N	\N	\N	\N	100869	22	1d2c66c6699ea01a5996a44a7f7f1e9d50c4ae32
217	6.jpg	original_images/6_BDwL38l.jpg	3024	4032	2021-01-22 12:24:04.742239+00	\N	\N	\N	\N	\N	4885758	29	b9d0decb759eb77f0bb9da4f26d2e4f529dd6476
218	7.jpg	original_images/7_vxs5e8J.jpg	3024	4032	2021-01-22 12:24:21.888858+00	\N	\N	\N	\N	\N	4911334	29	b0e272412ac52d62d2dc13b2f8cce68487296e75
219	8.jpg	original_images/8_Je3rOa9.jpg	4032	3024	2021-01-22 12:24:37.816117+00	\N	\N	\N	\N	\N	4469597	29	a443a04085c2a1ef6d94542f409e5c99ea6df9e4
208	IMG_2481 Niklas cake.jpg	original_images/IMG_2481_Niklas_cake.jpg	640	480	2021-01-18 14:42:20.828106+00	\N	\N	\N	\N	\N	97762	26	e7c5fab1daf4feb6919d31794975dadb5af8b5d9
209	IMG_2482 Umer cake.jpg	original_images/IMG_2482_Umer_cake.jpg	640	480	2021-01-18 14:42:32.201845+00	\N	\N	\N	\N	\N	98123	26	4176caf561cc5de27981e9d5bd07d8777d3d2f77
210	IMG_2485 Umer Babar.jpg	original_images/IMG_2485_Umer_Babar.jpg	640	480	2021-01-18 14:42:39.338628+00	\N	\N	\N	\N	\N	107965	26	89682846de313582c991f4482fdff84ed40dee9f
211	IMG_2487 Niklas Lund.jpg	original_images/IMG_2487_Niklas_Lund.jpg	640	480	2021-01-18 14:42:45.126045+00	\N	\N	\N	\N	\N	130820	26	edc8eaee7790ca66c869133ca4aa9c742866cbd8
212	1.jpg	original_images/1_V0i5pjR.jpg	4032	3024	2021-01-22 12:22:27.218329+00	\N	\N	\N	\N	\N	4012573	29	0676ccc9548c352e260351be0b3f9c5634ff2ae5
213	2.jpg	original_images/2_G6OKLJd.jpg	4032	3024	2021-01-22 12:22:47.616599+00	\N	\N	\N	\N	\N	4572612	29	b724995df999f5d3ff2b1b011082d1fcbbf6ce74
214	3.jpg	original_images/3_62DuDeT.jpg	4032	3024	2021-01-22 12:23:03.387101+00	\N	\N	\N	\N	\N	4307300	29	7f868d46bfd610697df03b34e6eba7c870c75f24
215	4.jpg	original_images/4_H9f8JXB.jpg	3024	4032	2021-01-22 12:23:21.421913+00	\N	\N	\N	\N	\N	5161205	29	ca5fe16c1168d60762b6ca749fe2685e075d1f9e
216	5.jpg	original_images/5_8i8U71t.jpg	3024	4032	2021-01-22 12:23:35.960252+00	\N	\N	\N	\N	\N	2615938	29	0ce6ce091b1f527b62edccffba4beed42da2ffcf
220	9.jpg	original_images/9_pDRWyyY.jpg	4032	3024	2021-01-22 12:24:53.537051+00	\N	\N	\N	\N	\N	4391300	29	f006771ee1e8ed6f208afeea30bd9bbd7a5c2bf7
221	10.jpg	original_images/10_ryTi9lx.jpg	4032	3024	2021-01-22 12:25:10.851584+00	\N	\N	\N	\N	\N	4330296	29	7919dac7470c5cabf0b9defcdcdc3ff60338bc4d
222	11.jpg	original_images/11_K05TCKl.jpg	4032	3024	2021-01-22 12:25:28.309488+00	\N	\N	\N	\N	\N	5015917	29	3676ed062014025335fd9fbca56af1bdf280334d
223	Maria Cristina Pinke de Sousa.jpg	original_images/Maria_Cristina_Pinke_de_Sousa.jpg	118	118	2021-02-17 10:22:09.991308+00	\N	\N	\N	\N	\N	4558	8	9f05d7fb1c9337013bf3c456d15562aba8823e69
224	Peter Lundgren	original_images/Profil.jpg	2944	2208	2021-03-01 11:58:02.384466+00	1530	803	2801	1414	\N	1565584	4	249b5005390fc50f53f1fe6db6cc5343dcb16bb2
225	IMG_4357.jpg	original_images/IMG_4357.jpg	2278	2818	2021-03-08 11:53:04.766968+00	\N	\N	\N	\N	\N	1025679	4	a9c394bef4263aacdd2f608ad604a2c74b64af99
\.


--
-- Data for Name: wagtailimages_rendition; Type: TABLE DATA; Schema: public; Owner: -
--

COPY public.wagtailimages_rendition (id, file, width, height, focal_point_key, filter_spec, image_id) FROM stdin;
11	images/brooke-cagle-g1Kr4Ozfoac-unsplash.max-165x165.jpg	165	109		max-165x165	3
16	images/brooke-cagle-g1Kr4Ozfoac-unsplash.original.jpg	5231	3487		original	3
17	images/brooke-cagle-g1Kr4Ozfoac-unsplash.max-800x600.jpg	800	533		max-800x600	3
20	images/thomas-jensen-qTEj-KMMq_Q-unsplash_1.max-165x165.jpg	165	109		max-165x165	6
21	images/thomas-jensen-qTEj-KMMq_Q-unsplash.2e16d0ba.fill-495x540.jpg	495	540	2e16d0ba	fill-495x540	6
22	images/brooke-cagle-g1Kr4Ozfoac-unsplash.width-1110.jpg	1110	739		width-1110	3
23	images/neonbrand-gYf49RB7bvE-unsplash.max-165x165.jpg	165	110		max-165x165	26
24	images/jonathan-borba-PZBjJ12Xv2s-unsplash.max-165x165.jpg	110	165		max-165x165	25
25	images/felicia-buitenwerf-Qs_Zkak27Jk-unsplash.max-165x165.jpg	165	110		max-165x165	24
27	images/christopher-gower-m_HRfLhgABo-unsplash.max-165x165.jpg	165	109		max-165x165	22
28	images/jordan-harrison-40XgDxBfYXM-unsplash.max-165x165.jpg	165	110		max-165x165	21
30	images/christina-wocintechchat-com-4T-02pK0jUg-unsp.max-165x165.jpg	165	110		max-165x165	19
31	images/brooke-cagle-JBwcenOuRCg-unsplash.max-165x165.jpg	165	110		max-165x165	18
32	images/marius-ciocirlan-vMV6r4VRhJ8-unsplash_EqDWoQ.max-165x165.jpg	165	160		max-165x165	17
33	images/michael-dam-mEZ3PoFGs_k-unsplash_vDLTiJK.max-165x165.jpg	110	165		max-165x165	16
34	images/oleg-ivanov-aVbR17HLZTg-unsplash_1.max-165x165.jpg	110	165		max-165x165	15
35	images/Academy.max-165x165.png	165	110		max-165x165	27
36	images/Academy.width-1110.png	1110	740		width-1110	27
37	images/ed-robertson-FDzRG30DeVM-unsplash.max-165x165.jpg	110	165		max-165x165	14
38	images/hannah-olinger-NXiIVnzBwZ8-unsplash.max-165x165.jpg	110	165		max-165x165	13
39	images/thisisengineering-raeng-TXxiFuQLBKQ-unsplash.max-165x165.jpg	165	110		max-165x165	12
40	images/neonbrand-1-aA2Fadydc-unsplash.max-165x165.jpg	165	110		max-165x165	11
41	images/icons8-team-FcLyt7lW5wg-unsplash.max-165x165.jpg	110	165		max-165x165	10
43	images/tr-ng-trung-c-p-kinh-t-du-l-ch-thanh-ph-h-ch.max-165x165.jpg	165	110		max-165x165	9
44	images/thisisengineering-raeng-h6gCRTCxM7o-unsplash.max-165x165.jpg	165	110		max-165x165	8
45	images/fred-kloet-IrQZkyhdOow-unsplash.max-165x165.jpg	120	165		max-165x165	7
46	images/neonbrand-gYf49RB7bvE-unsplash.original.jpg	5184	3456		original	26
47	images/neonbrand-gYf49RB7bvE-unsplash.max-800x600.jpg	800	533		max-800x600	26
48	images/jonathan-borba-PZBjJ12Xv2s-unsplash.original.jpg	3648	5472		original	25
49	images/jonathan-borba-PZBjJ12Xv2s-unsplash.max-800x600.jpg	400	600		max-800x600	25
50	images/felicia-buitenwerf-Qs_Zkak27Jk-unsplash.original.jpg	6000	4000		original	24
52	images/felicia-buitenwerf-Qs_Zkak27Jk-unsplash.max-800x600.jpg	800	533		max-800x600	24
53	images/christopher-gower-m_HRfLhgABo-unsplash.original.jpg	3882	2584		original	22
54	images/christopher-gower-m_HRfLhgABo-unsplash.max-800x600.jpg	800	532		max-800x600	22
55	images/jordan-harrison-40XgDxBfYXM-unsplash.original.jpg	6000	4000		original	21
56	images/jordan-harrison-40XgDxBfYXM-unsplash.max-800x600.jpg	800	533		max-800x600	21
59	images/christina-wocintechchat-com-4T-02pK0jUg-unsplas.original.jpg	6016	4016		original	19
60	images/christina-wocintechchat-com-4T-02pK0jUg-unsp.max-800x600.jpg	800	534		max-800x600	19
61	images/brooke-cagle-JBwcenOuRCg-unsplash.original.jpg	4213	2809		original	18
62	images/brooke-cagle-JBwcenOuRCg-unsplash.max-800x600.jpg	800	533		max-800x600	18
63	images/marius-ciocirlan-vMV6r4VRhJ8-unsplash_EqDWoQh.original.jpg	5459	5304		original	17
64	images/marius-ciocirlan-vMV6r4VRhJ8-unsplash_EqDWoQ.max-800x600.jpg	617	600		max-800x600	17
65	images/michael-dam-mEZ3PoFGs_k-unsplash_vDLTiJK.original.jpg	3744	5616		original	16
66	images/michael-dam-mEZ3PoFGs_k-unsplash_vDLTiJK.max-800x600.jpg	400	600		max-800x600	16
67	images/oleg-ivanov-aVbR17HLZTg-unsplash_1.original.jpg	3456	5184		original	15
68	images/oleg-ivanov-aVbR17HLZTg-unsplash_1.max-800x600.jpg	400	600		max-800x600	15
69	images/ed-robertson-FDzRG30DeVM-unsplash.original.jpg	3421	5131		original	14
70	images/ed-robertson-FDzRG30DeVM-unsplash.max-800x600.jpg	400	600		max-800x600	14
243	images/5_bWs0ItO.max-165x165.jpg	165	109		max-165x165	52
244	images/4_THTLyqN.max-165x165.jpg	165	109		max-165x165	51
245	images/3.max-165x165.jpg	165	109		max-165x165	50
246	images/2_VxgIXLf.max-165x165.jpg	165	109		max-165x165	49
247	images/1_wuTUk7L.max-165x165.jpg	165	109		max-165x165	48
249	images/14.max-800x600.jpg	800	529		max-800x600	61
250	images/13.original.jpg	930	616		original	60
251	images/13.max-800x600.jpg	800	529		max-800x600	60
252	images/12.original.jpg	930	616		original	59
253	images/12.max-800x600.jpg	800	529		max-800x600	59
254	images/11.original.jpg	930	616		original	58
255	images/11.max-800x600.jpg	800	529		max-800x600	58
345	images/bernardo-2.max-165x165.png	165	105		max-165x165	72
346	images/anna.max-165x165.png	165	105		max-165x165	71
347	images/amer.max-165x165.png	165	105		max-165x165	70
348	images/alexander_liggande_svartvit-1024x683.max-165x165.jpg	165	110		max-165x165	69
349	images/albena-1.max-165x165.png	165	105		max-165x165	67
350	images/Max.original.jpg	907	1024		original	83
351	images/Max.max-800x600.jpg	531	600		max-800x600	83
352	images/unnamed.original.png	1078	1066		original	41
71	images/hannah-olinger-NXiIVnzBwZ8-unsplash.original.jpg	2403	3600		original	13
72	images/hannah-olinger-NXiIVnzBwZ8-unsplash.max-800x600.jpg	400	600		max-800x600	13
73	images/thisisengineering-raeng-TXxiFuQLBKQ-unsplash.original.jpg	7730	5156		original	12
261	images/10_tp44yz7.max-800x600.jpg	800	529		max-800x600	57
75	images/thisisengineering-raeng-TXxiFuQLBKQ-unsplash.max-800x600.jpg	800	533		max-800x600	12
76	images/neonbrand-1-aA2Fadydc-unsplash.original.jpg	5101	3401		original	11
77	images/neonbrand-1-aA2Fadydc-unsplash.max-800x600.jpg	800	533		max-800x600	11
78	images/icons8-team-FcLyt7lW5wg-unsplash.original.jpg	3744	5616		original	10
79	images/icons8-team-FcLyt7lW5wg-unsplash.max-800x600.jpg	400	600		max-800x600	10
80	images/tr-ng-trung-c-p-kinh-t-du-l-ch-thanh-ph-h-chi-m.original.jpg	6000	4000		original	9
81	images/tr-ng-trung-c-p-kinh-t-du-l-ch-thanh-ph-h-ch.max-800x600.jpg	800	533		max-800x600	9
82	images/thisisengineering-raeng-h6gCRTCxM7o-unsplash.original.jpg	7521	5017		original	8
83	images/thisisengineering-raeng-h6gCRTCxM7o-unsplash.max-800x600.jpg	800	533		max-800x600	8
84	images/fred-kloet-IrQZkyhdOow-unsplash.original.jpg	2921	3996		original	7
85	images/fred-kloet-IrQZkyhdOow-unsplash.max-800x600.jpg	438	600		max-800x600	7
86	images/thomas-jensen-qTEj-KMMq_Q-unsplash_1.original.jpg	2400	1596		original	6
87	images/thomas-jensen-qTEj-KMMq_Q-unsplash_1.max-800x600.jpg	800	532		max-800x600	6
88	images/Academy.original.png	1792	1196		original	27
89	images/Academy.max-800x600.png	800	533		max-800x600	27
90	images/christina-wocintechchat-com-4T-02p.08550694.fill-495x540.jpg	495	540	08550694	fill-495x540	19
91	images/felicia-buitenwerf-Qs_Zkak27Jk-uns.18475107.fill-495x540.jpg	495	540	18475107	fill-495x540	24
92	images/neonbrand-gYf49RB7bvE-unsplash.b910bd28.fill-495x540.jpg	495	540	b910bd28	fill-495x540	26
93	images/marius-ciocirlan-vMV6r4VRhJ8-unspl.4bfb90ff.fill-495x540.jpg	495	540	4bfb90ff	fill-495x540	17
94	images/michael-dam-mEZ3PoFGs_k-unsplash_v.71d615e8.fill-495x540.jpg	495	540	71d615e8	fill-495x540	16
95	images/red-hat-factory-lknvOcns4zM-unsplash.max-165x165.jpg	117	165		max-165x165	28
96	images/red-hat-factory-lknvOcns4zM-unspla.2e16d0ba.fill-495x540.jpg	495	540	2e16d0ba	fill-495x540	28
97	images/red-hat-factory-lknvOcns4zM-unsplash.original.jpg	3366	4713		original	28
98	images/red-hat-factory-lknvOcns4zM-unsplash.max-800x600.jpg	428	600		max-800x600	28
99	images/red-hat-factory-lknvOcns4zM-unspla.eca1ada8.fill-495x540.jpg	495	540	eca1ada8	fill-495x540	28
100	images/red-hat-factory-lknvOcns4zM-un.eca1ada8.fill-495x540-c80.jpg	495	540	eca1ada8	fill-495x540-c80	28
101	images/michael-dam-mEZ3PoFGs_k-unspla.71d615e8.fill-495x540-c80.jpg	495	540	71d615e8	fill-495x540-c80	16
102	images/thomas-jensen-qTEj-KMMq_Q-unsp.2e16d0ba.fill-495x540-c80.jpg	495	540	2e16d0ba	fill-495x540-c80	6
103	images/marius-ciocirlan-vMV6r4VRhJ8-u.4bfb90ff.fill-495x540-c80.jpg	495	540	4bfb90ff	fill-495x540-c80	17
104	images/Academy.2e16d0ba.fill-1110x624-c80.png	1110	624	2e16d0ba	fill-1110x624-c80	27
105	images/brooke-cagle-g1Kr4Ozfoac-unsp.2e16d0ba.fill-1110x624-c80.jpg	1110	624	2e16d0ba	fill-1110x624-c80	3
106	images/Academy.2e16d0ba.fill-900x500-c80.png	900	500	2e16d0ba	fill-900x500-c80	27
107	images/brooke-cagle-g1Kr4Ozfoac-unspl.2e16d0ba.fill-900x500-c80.jpg	900	500	2e16d0ba	fill-900x500-c80	3
108	images/brooke-cagle-JBwcenOuRCg-unspl.6551882d.fill-900x500-c80.jpg	900	500	6551882d	fill-900x500-c80	18
109	images/christopher-gower-m_HRfLhgABo-.3c3d6f44.fill-495x540-c80.jpg	495	540	3c3d6f44	fill-495x540-c80	22
110	images/thisisengineering-raeng-TXxiFu.7f45fb17.fill-495x540-c80.jpg	495	540	7f45fb17	fill-495x540-c80	12
111	images/10.max-165x165.jpg	165	123		max-165x165	38
112	images/9.max-165x165.jpg	165	123		max-165x165	37
113	images/8.max-165x165.jpg	165	123		max-165x165	36
114	images/7.max-165x165.jpg	165	123		max-165x165	35
115	images/6.max-165x165.jpg	165	123		max-165x165	34
116	images/5.max-165x165.jpg	165	123		max-165x165	33
117	images/4.max-165x165.jpg	165	123		max-165x165	32
118	images/3.max-165x165.png	165	123		max-165x165	31
119	images/2.max-165x165.jpg	165	123		max-165x165	30
120	images/1.max-165x165.jpg	165	123		max-165x165	29
121	images/10.original.jpg	1000	750		original	38
122	images/10.max-800x600.jpg	800	600		max-800x600	38
123	images/9.original.jpg	1000	750		original	37
124	images/9.max-800x600.jpg	800	600		max-800x600	37
125	images/8.original.jpg	1000	750		original	36
126	images/8.max-800x600.jpg	800	600		max-800x600	36
128	images/henrik_lundgren_liggande_svartvit.max-165x165.jpg	165	110		max-165x165	40
129	images/henrik_lundgren_liggande_svartvit.original.jpg	1600	1067		original	40
130	images/henrik_lundgren_liggande_svartvit.max-800x600.jpg	800	533		max-800x600	40
134	images/henrik_lundgren_liggande_svart.2e16d0ba.fill-350x262-c90.jpg	350	262	2e16d0ba	fill-350x262-c90	40
135	images/10.2e16d0ba.fill-350x262-c90.jpg	350	262	2e16d0ba	fill-350x262-c90	38
136	images/7.2e16d0ba.fill-495x540-c80.jpg	495	540	2e16d0ba	fill-495x540-c80	35
137	images/8.2e16d0ba.fill-495x540-c80.jpg	495	540	2e16d0ba	fill-495x540-c80	36
138	images/fred-kloet-IrQZkyhdOow-unsplas.ab185ef5.fill-495x540-c80.jpg	495	540	ab185ef5	fill-495x540-c80	7
139	images/oleg-ivanov-aVbR17HLZTg-unspla.d4525131.fill-495x540-c80.jpg	495	540	d4525131	fill-495x540-c80	15
248	images/14.original.jpg	930	616		original	61
140	images/neonbrand-gYf49RB7bvE-unsplash.b910bd28.fill-495x540-c80.jpg	495	540	b910bd28	fill-495x540-c80	26
141	images/unnamed.max-165x165.png	165	163		max-165x165	41
142	images/unnamed.2e16d0ba.fill-350x262-c90.png	350	262	2e16d0ba	fill-350x262-c90	41
143	images/1.2e16d0ba.fill-495x540-c80.jpg	495	540	2e16d0ba	fill-495x540-c80	29
144	images/thisisengineering-raeng-h6gCRT.f088eb5c.fill-495x540-c80.jpg	495	540	f088eb5c	fill-495x540-c80	8
146	images/Logo-Red_Hat-Lexher.max-165x165.png	165	48		max-165x165	43
147	images/Logo-Red_Hat-Bus_Partner-Training-A-Reverse-.max-165x165.png	165	94		max-165x165	42
149	images/unnamed.2e16d0ba.fill-256x280-c80.png	256	280	2e16d0ba	fill-256x280-c80	41
150	images/unnamed.width-930.png	930	919		width-930	41
151	images/7.original.jpg	1000	750		original	35
152	images/7.max-800x600.jpg	800	600		max-800x600	35
153	images/6.original.jpg	1000	750		original	34
154	images/6.max-800x600.jpg	800	600		max-800x600	34
155	images/5.original.jpg	1000	750		original	33
156	images/5.max-800x600.jpg	800	600		max-800x600	33
157	images/4.original.jpg	1000	750		original	32
158	images/4.max-800x600.jpg	800	600		max-800x600	32
159	images/3.original.png	1000	750		original	31
160	images/3.max-800x600.png	800	600		max-800x600	31
161	images/2.original.jpg	1000	750		original	30
162	images/2.max-800x600.jpg	800	600		max-800x600	30
163	images/1.original.jpg	1000	750		original	29
164	images/1.max-800x600.jpg	800	600		max-800x600	29
165	images/9.2e16d0ba.fill-256x280-c80.jpg	256	280	2e16d0ba	fill-256x280-c80	37
166	images/8.2e16d0ba.fill-256x280-c80.jpg	256	280	2e16d0ba	fill-256x280-c80	36
167	images/7.2e16d0ba.fill-256x280-c80.jpg	256	280	2e16d0ba	fill-256x280-c80	35
168	images/6.2e16d0ba.fill-256x280-c80.jpg	256	280	2e16d0ba	fill-256x280-c80	34
169	images/5.2e16d0ba.fill-256x280-c80.jpg	256	280	2e16d0ba	fill-256x280-c80	33
170	images/4.2e16d0ba.fill-256x280-c80.jpg	256	280	2e16d0ba	fill-256x280-c80	32
171	images/3.2e16d0ba.fill-256x280-c80.png	256	280	2e16d0ba	fill-256x280-c80	31
172	images/2.2e16d0ba.fill-256x280-c80.jpg	256	280	2e16d0ba	fill-256x280-c80	30
173	images/1.2e16d0ba.fill-256x280-c80.jpg	256	280	2e16d0ba	fill-256x280-c80	29
174	images/1.width-930.jpg	930	697		width-930	29
175	images/2.width-930.jpg	930	697		width-930	30
176	images/8.width-930.jpg	930	697		width-930	36
177	images/9.width-930.jpg	930	697		width-930	37
178	images/7.width-930.jpg	930	697		width-930	35
179	images/4.width-930.jpg	930	697		width-930	32
180	images/5.width-930.jpg	930	697		width-930	33
181	images/3.width-930.png	930	697		width-930	31
182	images/6.width-930.jpg	930	697		width-930	34
184	images/hanna_liggande-svartvit.max-165x165.jpg	165	110		max-165x165	45
185	images/mattias_liggande-svartvit.max-165x165.jpg	165	110		max-165x165	46
186	images/hanna_liggande-svartvit.2e16d0ba.fill-350x262-c90.jpg	350	262	2e16d0ba	fill-350x262-c90	45
187	images/mattias_liggande-svartvit.2e16d0ba.fill-350x262-c90.jpg	350	262	2e16d0ba	fill-350x262-c90	46
202	images/Logo-Red_Hat-Lexher.2e16d0ba.fill-495x540-c80.png	484	528	2e16d0ba	fill-495x540-c80	43
213	images/Academy.max-900x500.png	749	500		max-900x500	27
214	images/brooke-cagle-g1Kr4Ozfoac-unsplash.max-900x500.jpg	750	500		max-900x500	3
216	images/Logo-Red_Hat-Ready_Bus_Partner-Training-A-Re.max-165x165.png	165	120		max-165x165	47
217	images/Logo-Red_Hat-Ready_Bus_Partner-Training-A-Rever.original.png	1232	901		original	47
218	images/Logo-Red_Hat-Ready_Bus_Partner-Training-A-Re.max-800x600.png	800	585		max-800x600	47
219	images/Logo-Red_Hat-Ready_Bus_Partner-Training-A-Re.max-495x540.png	495	362		max-495x540	47
220	images/14.2e16d0ba.fill-256x280-c80.jpg	256	280	2e16d0ba	fill-256x280-c80	61
221	images/13.2e16d0ba.fill-256x280-c80.jpg	256	280	2e16d0ba	fill-256x280-c80	60
222	images/12.2e16d0ba.fill-256x280-c80.jpg	256	280	2e16d0ba	fill-256x280-c80	59
223	images/11.2e16d0ba.fill-256x280-c80.jpg	256	280	2e16d0ba	fill-256x280-c80	58
224	images/10_tp44yz7.2e16d0ba.fill-256x280-c80.jpg	256	280	2e16d0ba	fill-256x280-c80	57
225	images/9_RHGuZKY.2e16d0ba.fill-256x280-c80.jpg	256	280	2e16d0ba	fill-256x280-c80	56
226	images/8_rCMqABc.2e16d0ba.fill-256x280-c80.jpg	256	280	2e16d0ba	fill-256x280-c80	55
227	images/7_gvgO5YQ.2e16d0ba.fill-256x280-c80.jpg	256	280	2e16d0ba	fill-256x280-c80	54
228	images/6_ZqaoZxX.2e16d0ba.fill-256x280-c80.jpg	256	280	2e16d0ba	fill-256x280-c80	53
229	images/5_bWs0ItO.2e16d0ba.fill-256x280-c80.jpg	256	280	2e16d0ba	fill-256x280-c80	52
230	images/4_THTLyqN.2e16d0ba.fill-256x280-c80.jpg	256	280	2e16d0ba	fill-256x280-c80	51
231	images/3.2e16d0ba.fill-256x280-c80.jpg	256	280	2e16d0ba	fill-256x280-c80	50
232	images/2_VxgIXLf.2e16d0ba.fill-256x280-c80.jpg	256	280	2e16d0ba	fill-256x280-c80	49
233	images/1_wuTUk7L.2e16d0ba.fill-256x280-c80.jpg	256	280	2e16d0ba	fill-256x280-c80	48
234	images/14.max-165x165.jpg	165	109		max-165x165	61
235	images/13.max-165x165.jpg	165	109		max-165x165	60
236	images/12.max-165x165.jpg	165	109		max-165x165	59
237	images/11.max-165x165.jpg	165	109		max-165x165	58
238	images/10_tp44yz7.max-165x165.jpg	165	109		max-165x165	57
239	images/9_RHGuZKY.max-165x165.jpg	165	109		max-165x165	56
240	images/8_rCMqABc.max-165x165.jpg	165	109		max-165x165	55
241	images/7_gvgO5YQ.max-165x165.jpg	165	109		max-165x165	54
242	images/6_ZqaoZxX.max-165x165.jpg	165	109		max-165x165	53
256	images/14.f2b74d66.fill-256x280-c80.jpg	256	280	f2b74d66	fill-256x280-c80	61
257	images/13.0a025c15.fill-256x280-c80.jpg	256	280	0a025c15	fill-256x280-c80	60
258	images/12.ef3637e8.fill-256x280-c80.jpg	256	280	ef3637e8	fill-256x280-c80	59
259	images/11.5638fabd.fill-256x280-c80.jpg	256	280	5638fabd	fill-256x280-c80	58
260	images/10_tp44yz7.original.jpg	930	616		original	57
262	images/9_RHGuZKY.original.jpg	930	616		original	56
263	images/9_RHGuZKY.max-800x600.jpg	800	529		max-800x600	56
264	images/10_tp44yz7.8581ca56.fill-256x280-c80.jpg	256	280	8581ca56	fill-256x280-c80	57
265	images/9_RHGuZKY.62a19f7d.fill-256x280-c80.jpg	256	280	62a19f7d	fill-256x280-c80	56
266	images/8_rCMqABc.original.jpg	930	616		original	55
267	images/8_rCMqABc.max-800x600.jpg	800	529		max-800x600	55
268	images/8_rCMqABc.1fc9271e.fill-256x280-c80.jpg	256	280	1fc9271e	fill-256x280-c80	55
269	images/7_gvgO5YQ.original.jpg	930	616		original	54
270	images/7_gvgO5YQ.max-800x600.jpg	800	529		max-800x600	54
271	images/6_ZqaoZxX.original.jpg	930	616		original	53
272	images/6_ZqaoZxX.max-800x600.jpg	800	529		max-800x600	53
273	images/7_gvgO5YQ.3515a3c8.fill-256x280-c80.jpg	256	280	3515a3c8	fill-256x280-c80	54
274	images/6_ZqaoZxX.80c0535e.fill-256x280-c80.jpg	256	280	80c0535e	fill-256x280-c80	53
275	images/6_ZqaoZxX.width-930.jpg	930	616		width-930	53
276	images/5_bWs0ItO.width-930.jpg	930	616		width-930	52
277	images/7_gvgO5YQ.width-930.jpg	930	616		width-930	54
278	images/5_bWs0ItO.original.jpg	930	616		original	52
279	images/5_bWs0ItO.max-800x600.jpg	800	529		max-800x600	52
280	images/4_THTLyqN.original.jpg	930	616		original	51
281	images/4_THTLyqN.max-800x600.jpg	800	529		max-800x600	51
282	images/3.original.jpg	930	616		original	50
283	images/3.max-800x600.jpg	800	529		max-800x600	50
284	images/2_VxgIXLf.original.jpg	930	616		original	49
285	images/2_VxgIXLf.max-800x600.jpg	800	529		max-800x600	49
286	images/1_wuTUk7L.original.jpg	930	616		original	48
287	images/1_wuTUk7L.max-800x600.jpg	800	529		max-800x600	48
288	images/5_bWs0ItO.bbdd4355.fill-256x280-c80.jpg	256	280	bbdd4355	fill-256x280-c80	52
289	images/4_THTLyqN.2991f03a.fill-256x280-c80.jpg	256	280	2991f03a	fill-256x280-c80	51
290	images/3.a95e6fac.fill-256x280-c80.jpg	256	280	a95e6fac	fill-256x280-c80	50
291	images/2_VxgIXLf.6a482540.fill-256x280-c80.jpg	256	280	6a482540	fill-256x280-c80	49
292	images/1_wuTUk7L.74dcd7d7.fill-256x280-c80.jpg	256	280	74dcd7d7	fill-256x280-c80	48
293	images/9_RHGuZKY.width-930.jpg	930	616		width-930	56
294	images/8_rCMqABc.width-930.jpg	930	616		width-930	55
295	images/10_tp44yz7.width-930.jpg	930	616		width-930	57
296	images/9_RHGuZKY.26a3913c.fill-256x280-c80.jpg	256	280	26a3913c	fill-256x280-c80	56
297	images/3.width-930.jpg	930	616		width-930	50
299	images/2_VxgIXLf.width-930.jpg	930	616		width-930	49
298	images/4_THTLyqN.width-930.jpg	930	616		width-930	51
300	images/1_wuTUk7L.width-930.jpg	930	616		width-930	48
301	images/14.width-930.jpg	930	616		width-930	61
302	images/13.width-930.jpg	930	616		width-930	60
303	images/12.width-930.jpg	930	616		width-930	59
304	images/11.width-930.jpg	930	616		width-930	58
305	images/8_rCMqABc.1fc9271e.fill-495x540-c80.jpg	495	541	1fc9271e	fill-495x540-c80	55
306	images/6_ZqaoZxX.80c0535e.fill-900x500-c80.jpg	900	500	80c0535e	fill-900x500-c80	53
312	images/2_VxgIXLf.6a482540.fill-495x540-c80.jpg	495	540	6a482540	fill-495x540-c80	49
313	images/1_wuTUk7L.74dcd7d7.fill-495x540-c80.jpg	495	541	74dcd7d7	fill-495x540-c80	48
320	images/Logo_RedHat_Hat_Color_RGB.max-165x165.png	165	124		max-165x165	64
321	images/Logo_RedHat_Hat_Color_RGB.max-495x540.png	384	290		max-495x540	64
322	images/Logo-Red_Hat-Bus_Partner-Training-A-Reverse-.max-495x540.png	495	283		max-495x540	42
323	images/Logo-Red_Hat-Bus_Partner-Training-A-Reverse-.max-165x165_S7aprcT.png	165	94		max-165x165	66
324	images/Logo-Red_Hat-Training_and_Certification-A-St.max-165x165.png	165	67		max-165x165	65
325	images/Logo-Red_Hat-Bus_Partner-Training-A-Reverse-.max-495x540_yXYrEVu.png	495	283		max-495x540	66
326	images/stefan.max-165x165.png	165	105		max-165x165	91
327	images/stefan-frisenfelt.max-165x165.png	165	105		max-165x165	90
328	images/sanmi.max-165x165.png	165	105		max-165x165	89
329	images/petern-3.max-165x165.png	165	105		max-165x165	88
330	images/padmashree.max-165x165.png	165	105		max-165x165	87
331	images/niklas.max-165x165.png	165	105		max-165x165	86
332	images/nico-2.max-165x165.png	165	105		max-165x165	85
333	images/mikael-bjrkgren.max-165x165.png	165	105		max-165x165	84
334	images/Max.max-165x165.jpg	146	165		max-165x165	83
335	images/marco.max-165x165.png	165	105		max-165x165	82
336	images/kwame.max-165x165.png	165	105		max-165x165	81
337	images/knut.max-165x165.png	165	105		max-165x165	80
338	images/khalex.max-165x165.png	165	105		max-165x165	79
339	images/jon.max-165x165.png	165	105		max-165x165	78
340	images/johan-2.max-165x165.png	165	105		max-165x165	77
341	images/erik.max-165x165.jpg	165	105		max-165x165	76
342	images/emilio.max-165x165.png	165	105		max-165x165	75
343	images/christoffer.max-165x165.png	165	105		max-165x165	74
344	images/bild-p-diana-fr-linkedin.max-165x165.png	165	165		max-165x165	73
353	images/unnamed.max-800x600.png	606	600		max-800x600	41
354	images/bild-p-diana-fr-linkedin.original.png	800	800		original	73
355	images/bild-p-diana-fr-linkedin.max-800x600.png	600	600		max-800x600	73
356	images/stefan-frisenfelt.2e16d0ba.fill-350x262-c90.png	350	262	2e16d0ba	fill-350x262-c90	90
357	images/bild-p-diana-fr-linkedin.2f9b033b.fill-350x262-c90.png	350	262	2f9b033b	fill-350x262-c90	73
358	images/khalex.2e16d0ba.fill-350x262-c90.png	350	262	2e16d0ba	fill-350x262-c90	79
359	images/unnamed.90702afc.fill-350x262-c90.png	350	262	90702afc	fill-350x262-c90	41
360	images/albena-1.2e16d0ba.fill-350x262-c90.png	350	262	2e16d0ba	fill-350x262-c90	67
361	images/alexander_liggande_svartvit-10.2e16d0ba.fill-350x262-c90.jpg	350	262	2e16d0ba	fill-350x262-c90	69
362	images/anna.2e16d0ba.fill-350x262-c90.png	350	262	2e16d0ba	fill-350x262-c90	71
363	images/christoffer.2e16d0ba.fill-350x262-c90.png	350	262	2e16d0ba	fill-350x262-c90	74
364	images/emilio.2e16d0ba.fill-350x262-c90.png	350	262	2e16d0ba	fill-350x262-c90	75
365	images/erik.2e16d0ba.fill-350x262-c90.jpg	350	262	2e16d0ba	fill-350x262-c90	76
366	images/johan-2.2e16d0ba.fill-350x262-c90.png	350	262	2e16d0ba	fill-350x262-c90	77
367	images/niklas.2e16d0ba.fill-350x262-c90.png	350	262	2e16d0ba	fill-350x262-c90	86
368	images/nico-2.2e16d0ba.fill-350x262-c90.png	350	262	2e16d0ba	fill-350x262-c90	85
369	images/petern-3.2e16d0ba.fill-350x262-c90.png	350	262	2e16d0ba	fill-350x262-c90	88
370	images/stefan.2e16d0ba.fill-350x262-c90.png	350	262	2e16d0ba	fill-350x262-c90	91
371	images/knut.2e16d0ba.fill-350x262-c90.png	350	262	2e16d0ba	fill-350x262-c90	80
372	images/bernardo-2.2e16d0ba.fill-350x262-c90.png	350	262	2e16d0ba	fill-350x262-c90	72
373	images/padmashree.2e16d0ba.fill-350x262-c90.png	350	262	2e16d0ba	fill-350x262-c90	87
374	images/jon.2e16d0ba.fill-350x262-c90.png	350	262	2e16d0ba	fill-350x262-c90	78
375	images/marco.2e16d0ba.fill-350x262-c90.png	350	262	2e16d0ba	fill-350x262-c90	82
376	images/sanmi.2e16d0ba.fill-350x262-c90.png	350	262	2e16d0ba	fill-350x262-c90	89
377	images/amer.2e16d0ba.fill-350x262-c90.png	350	262	2e16d0ba	fill-350x262-c90	70
378	images/kwame.2e16d0ba.fill-350x262-c90.png	350	262	2e16d0ba	fill-350x262-c90	81
379	images/mikael-bjrkgren.2e16d0ba.fill-350x262-c90.png	350	262	2e16d0ba	fill-350x262-c90	84
380	images/Max.61770d8a.fill-350x262-c90.jpg	350	262	61770d8a	fill-350x262-c90	83
381	images/img_1076-rotated.width-350.jpg	350	466		width-350	100
382	images/img_1076-rotated.2e16d0ba.fill-256x280-c80.jpg	256	280	2e16d0ba	fill-256x280-c80	100
383	images/img_1075.2e16d0ba.fill-256x280-c80.jpg	256	280	2e16d0ba	fill-256x280-c80	99
384	images/img_1074.2e16d0ba.fill-256x280-c80.jpg	256	280	2e16d0ba	fill-256x280-c80	98
385	images/img_1073-rotated.2e16d0ba.fill-256x280-c80.jpg	256	280	2e16d0ba	fill-256x280-c80	97
386	images/img_1072.2e16d0ba.fill-256x280-c80.jpg	256	280	2e16d0ba	fill-256x280-c80	96
387	images/img_1070.2e16d0ba.fill-256x280-c80.jpg	256	280	2e16d0ba	fill-256x280-c80	95
388	images/img_1069.2e16d0ba.fill-256x280-c80.jpg	256	280	2e16d0ba	fill-256x280-c80	94
389	images/img_1068.2e16d0ba.fill-256x280-c80.jpg	256	280	2e16d0ba	fill-256x280-c80	93
390	images/img_1067-rotated.2e16d0ba.fill-256x280-c80.jpg	256	280	2e16d0ba	fill-256x280-c80	92
391	images/img_1076-rotated.max-165x165.jpg	123	165		max-165x165	100
392	images/img_1075.max-165x165.jpg	165	123		max-165x165	99
393	images/img_1074.max-165x165.jpg	165	123		max-165x165	98
394	images/img_1073-rotated.max-165x165.jpg	123	165		max-165x165	97
395	images/img_1072.max-165x165.jpg	165	123		max-165x165	96
396	images/img_1070.max-165x165.jpg	165	123		max-165x165	95
397	images/img_1069.max-165x165.jpg	165	123		max-165x165	94
398	images/img_1068.max-165x165.jpg	165	123		max-165x165	93
399	images/img_1067-rotated.max-165x165.jpg	123	165		max-165x165	92
400	images/img_0087.2e16d0ba.fill-256x280-c80.jpg	256	280	2e16d0ba	fill-256x280-c80	107
401	images/img_0086.2e16d0ba.fill-256x280-c80.jpg	256	280	2e16d0ba	fill-256x280-c80	106
402	images/img_0085.2e16d0ba.fill-256x280-c80.jpg	256	280	2e16d0ba	fill-256x280-c80	105
403	images/img_0084.2e16d0ba.fill-256x280-c80.jpg	256	280	2e16d0ba	fill-256x280-c80	104
404	images/img_0082.2e16d0ba.fill-256x280-c80.jpg	256	280	2e16d0ba	fill-256x280-c80	103
405	images/img_0081.2e16d0ba.fill-256x280-c80.jpg	256	280	2e16d0ba	fill-256x280-c80	102
406	images/img_0079.2e16d0ba.fill-256x280-c80.jpg	256	280	2e16d0ba	fill-256x280-c80	101
407	images/img_0087.max-165x165.jpg	165	123		max-165x165	107
408	images/img_0086.max-165x165.jpg	165	123		max-165x165	106
409	images/img_0085.max-165x165.jpg	165	123		max-165x165	105
410	images/img_0084.max-165x165.jpg	165	123		max-165x165	104
411	images/img_0082.max-165x165.jpg	165	123		max-165x165	103
412	images/img_0081.max-165x165.jpg	165	123		max-165x165	102
413	images/img_0079.max-165x165.jpg	165	123		max-165x165	101
414	images/img_0720-e1560326022422.2e16d0ba.fill-256x280-c80.jpg	256	280	2e16d0ba	fill-256x280-c80	117
415	images/img_0719-e1560326037157.2e16d0ba.fill-256x280-c80.jpg	256	280	2e16d0ba	fill-256x280-c80	116
416	images/img_0716-e1560326052374.2e16d0ba.fill-256x280-c80.jpg	256	280	2e16d0ba	fill-256x280-c80	115
417	images/img_0714-e1560326088258.2e16d0ba.fill-256x280-c80.jpg	256	280	2e16d0ba	fill-256x280-c80	114
418	images/img_0711-e1560326102255.2e16d0ba.fill-256x280-c80.jpg	256	280	2e16d0ba	fill-256x280-c80	113
419	images/img_0709-e1560326117800.2e16d0ba.fill-256x280-c80.jpg	256	280	2e16d0ba	fill-256x280-c80	112
420	images/img_0705-e1560326126825.2e16d0ba.fill-256x280-c80.jpg	256	280	2e16d0ba	fill-256x280-c80	111
421	images/img_0704-e1560326143772.2e16d0ba.fill-256x280-c80.jpg	256	280	2e16d0ba	fill-256x280-c80	110
497	images/img_1067-rotated.width-930.jpg	480	640		width-930	92
422	images/img_0702-e1560326153578.2e16d0ba.fill-256x280-c80.jpg	256	280	2e16d0ba	fill-256x280-c80	109
423	images/img_0699-e1560326165289.2e16d0ba.fill-256x280-c80.jpg	256	280	2e16d0ba	fill-256x280-c80	108
424	images/img_0716-e1560326052374.width-930.jpg	480	640		width-930	115
425	images/img_0719-e1560326037157.width-930.jpg	480	640		width-930	116
426	images/img_0714-e1560326088258.width-930.jpg	480	640		width-930	114
427	images/img_0720-e1560326022422.max-165x165.jpg	123	165		max-165x165	117
428	images/img_0719-e1560326037157.max-165x165.jpg	123	165		max-165x165	116
429	images/img_0716-e1560326052374.max-165x165.jpg	123	165		max-165x165	115
430	images/img_0714-e1560326088258.max-165x165.jpg	123	165		max-165x165	114
431	images/img_0711-e1560326102255.max-165x165.jpg	123	165		max-165x165	113
432	images/img_0709-e1560326117800.max-165x165.jpg	123	165		max-165x165	112
433	images/img_0705-e1560326126825.max-165x165.jpg	123	165		max-165x165	111
434	images/img_0704-e1560326143772.max-165x165.jpg	123	165		max-165x165	110
435	images/img_0702-e1560326153578.max-165x165.jpg	123	165		max-165x165	109
436	images/img_0699-e1560326165289.max-165x165.jpg	123	165		max-165x165	108
437	images/imagen-768x577.2e16d0ba.fill-256x280-c80.jpg	256	280	2e16d0ba	fill-256x280-c80	119
438	images/imagen-de-ios-768x577.2e16d0ba.fill-256x280-c80.jpg	256	280	2e16d0ba	fill-256x280-c80	118
439	images/img_0087.width-350.jpg	350	262		width-350	107
440	images/imagen-768x577.width-350.jpg	350	262		width-350	119
441	images/img_1076-rotated.width-930.jpg	480	640		width-930	100
442	images/img_1075.width-930.jpg	640	480		width-930	99
443	images/img_1069.width-930.jpg	640	480		width-930	94
444	images/img_1068.width-930.jpg	640	480		width-930	93
445	images/img_1070.width-930.jpg	640	480		width-930	95
446	images/img_0087.width-930.jpg	640	480		width-930	107
447	images/img_0086.width-930.jpg	640	480		width-930	106
448	images/img_0085.width-930.jpg	640	480		width-930	105
449	images/img_0084.width-930.jpg	640	480		width-930	104
450	images/img_0082.width-930.jpg	640	480		width-930	103
451	images/imagen-768x577.max-165x165.jpg	165	123		max-165x165	119
452	images/imagen-de-ios-768x577.max-165x165.jpg	165	123		max-165x165	118
458	images/avanza.max-800x600.png	343	147		max-800x600	121
459	images/avanza.width-500.png	343	147		width-500	121
460	images/avanza.max-165x165.png	165	70		max-165x165	121
461	images/avanza.2e16d0ba.fill-495x540-c80.png	135	147	2e16d0ba	fill-495x540-c80	121
462	images/avanza.max-495x540.png	343	147		max-495x540	121
463	images/lexher-skpbil-300x169.max-165x165.jpg	165	92		max-165x165	122
464	images/lexher-skpbil-300x169.max-495x540.jpg	300	169		max-495x540	122
469	images/Sandra_och_Eva.2e16d0ba.fill-256x280-c80.jpg	256	280	2e16d0ba	fill-256x280-c80	124
470	images/Sandra_och_Eva.max-165x165.jpg	165	123		max-165x165	124
471	images/Sandra_och_Eva.width-930.jpg	640	480		width-930	124
472	images/IMG_1173.2e16d0ba.fill-256x280-c80.jpg	256	280	2e16d0ba	fill-256x280-c80	128
473	images/IMG_1167.2e16d0ba.fill-256x280-c80.jpg	256	280	2e16d0ba	fill-256x280-c80	127
474	images/IMG_1165.2e16d0ba.fill-256x280-c80.jpg	256	280	2e16d0ba	fill-256x280-c80	126
475	images/20200526_111703_4.2e16d0ba.fill-256x280-c80.jpg	256	280	2e16d0ba	fill-256x280-c80	125
476	images/IMG_1173.max-165x165.jpg	165	165		max-165x165	128
477	images/IMG_1167.max-165x165.jpg	165	123		max-165x165	127
478	images/IMG_1165.max-165x165.jpg	165	123		max-165x165	126
479	images/20200526_111703_4.max-165x165.jpg	165	122		max-165x165	125
480	images/20200526_111703_4.2e16d0ba.fill-900x500-c80.jpg	900	500	2e16d0ba	fill-900x500-c80	125
481	images/20200526_111703_4.original.jpg	3199	2384		original	125
482	images/20200526_111703_4.max-800x600.jpg	800	596		max-800x600	125
483	images/20200526_111703_4.a3911dd4.fill-900x500-c80.jpg	900	500	a3911dd4	fill-900x500-c80	125
487	images/20200526_111703_4.a3911dd4.fill-256x280-c80.jpg	256	280	a3911dd4	fill-256x280-c80	125
488	images/20200702_151930.2e16d0ba.fill-256x280-c80.jpg	256	280	2e16d0ba	fill-256x280-c80	130
489	images/20200702_152047.2e16d0ba.fill-256x280-c80.jpg	256	280	2e16d0ba	fill-256x280-c80	129
490	images/20200702_151930.width-930.jpg	930	697		width-930	130
491	images/20200702_152047.width-930.jpg	930	697		width-930	129
492	images/IMG_1173.width-930.jpg	640	640		width-930	128
493	images/IMG_1167.width-930.jpg	640	480		width-930	127
494	images/IMG_1165.width-930.jpg	640	480		width-930	126
495	images/20200526_111703_4.width-930.jpg	930	693		width-930	125
496	images/img_1072.width-930.jpg	640	480		width-930	96
498	images/imagen-768x577.width-930.jpg	768	577		width-930	119
499	images/imagen-de-ios-768x577.width-930.jpg	768	577		width-930	118
500	images/img_1074.width-930.jpg	640	480		width-930	98
501	images/img_1073-rotated.width-930.jpg	480	640		width-930	97
502	images/20200702_151930.max-165x165.jpg	165	123		max-165x165	130
503	images/20200702_152047.max-165x165.jpg	165	123		max-165x165	129
504	images/Websites.max-165x165.png	165	92		max-165x165	131
505	images/Websites.2e16d0ba.fill-900x500-c80.png	667	372	2e16d0ba	fill-900x500-c80	131
506	images/Logo-Red_Hat-Lexher.max-800x600.png	800	236		max-800x600	43
507	images/Logo-Red_Hat-Lexher.width-500.png	500	147		width-500	43
508	images/Logo_abf.max-165x165.png	165	24		max-165x165	132
509	images/Logo_abf.2e16d0ba.fill-900x500-c80.png	85	47	2e16d0ba	fill-900x500-c80	132
510	images/Logo_abf.original.png	321	47		original	132
511	images/Logo_abf.max-800x600.png	321	47		max-800x600	132
512	images/Logo_abf.722e8097.fill-900x500-c80.png	85	47	722e8097	fill-900x500-c80	132
513	images/Anteckning_2020-07-15_105846.max-165x165.png	165	32		max-165x165	133
514	images/Anteckning_2020-07-15_105846.2e16d0ba.fill-900x500-c80.png	113	62	2e16d0ba	fill-900x500-c80	133
515	images/Blommor_sommar.max-165x165.png	165	55		max-165x165	134
516	images/Blommor_sommar.2e16d0ba.fill-900x500-c80.png	900	500	2e16d0ba	fill-900x500-c80	134
517	images/Blommor_sommar_RBys9c4.max-165x165.png	165	80		max-165x165	135
518	images/Blommor_sommar_RBys9c4.2e16d0ba.fill-900x500-c80.png	900	500	2e16d0ba	fill-900x500-c80	135
519	images/Blommor_sommar_RBys9c4.original.png	1574	770		original	135
520	images/Blommor_sommar_RBys9c4.max-800x600.png	800	391		max-800x600	135
521	images/Jimmy_Q.max-165x165.jpg	123	165		max-165x165	136
522	images/coffee_online.max-165x165.png	165	162		max-165x165	137
523	images/coffee_online_hC7k2QS.max-165x165.png	165	162		max-165x165	138
524	images/coffee_online_hC7k2QS.2e16d0ba.fill-900x500-c80.png	498	278	2e16d0ba	fill-900x500-c80	138
525	images/coffee_online_hC7k2QS.original.png	498	490		original	138
526	images/coffee_online_hC7k2QS.max-800x600.png	498	490		max-800x600	138
527	images/coffee_online.original.png	498	490		original	137
528	images/coffee_online.max-800x600.png	498	490		max-800x600	137
529	images/Jimmy_Q.original.jpg	1944	2592		original	136
530	images/Jimmy_Q.max-800x600.jpg	450	600		max-800x600	136
531	images/Daniel_S.max-165x165.jpg	121	165		max-165x165	139
532	images/Daniel_S.2e16d0ba.fill-350x262-c90.jpg	350	262	2e16d0ba	fill-350x262-c90	139
533	images/Jimmy_Q.2e16d0ba.fill-350x262-c90.jpg	350	262	2e16d0ba	fill-350x262-c90	136
534	images/Coffee_online_bild_2.max-165x165.png	165	109		max-165x165	140
535	images/Coffee_online_bild_2.2e16d0ba.fill-900x500-c80.png	900	500	2e16d0ba	fill-900x500-c80	140
536	images/img_0709-e1560326117800.width-930.jpg	480	640		width-930	112
537	images/img_0705-e1560326126825.width-930.jpg	480	640		width-930	111
538	images/img_0711-e1560326102255.width-930.jpg	480	640		width-930	113
539	images/Daniel_S.original.jpg	1719	2344		original	139
540	images/Daniel_S.max-800x600.jpg	440	600		max-800x600	139
541	images/Daniel_S.70dccd8f.fill-350x262-c90.jpg	350	262	70dccd8f	fill-350x262-c90	139
542	images/Jimmy_Q.52c4000c.fill-350x262-c90.jpg	350	262	52c4000c	fill-350x262-c90	136
543	images/Jimmy_Q.7431af32.fill-350x262-c90.jpg	350	262	7431af32	fill-350x262-c90	136
544	images/Jimmy_Q.7ac4cf10.fill-350x262-c90.jpg	350	262	7ac4cf10	fill-350x262-c90	136
545	images/Jimmy_Q.30dfcb56.fill-350x262-c90.jpg	350	262	30dfcb56	fill-350x262-c90	136
546	images/Jimmy_Q.0e1e0dec.fill-350x262-c90.jpg	350	262	0e1e0dec	fill-350x262-c90	136
547	images/Blommor_sommar.2e16d0ba.fill-350x262-c90.png	350	262	2e16d0ba	fill-350x262-c90	134
548	images/Blommor_sommar_RBys9c4.9df8400f.fill-495x540-c80.png	495	540	9df8400f	fill-495x540-c80	135
549	images/Napractiva.max-165x165.png	165	42		max-165x165	141
550	images/Napractiva.2e16d0ba.fill-495x540-c80.png	165	179	2e16d0ba	fill-495x540-c80	141
551	images/massage.max-165x165.png	165	107		max-165x165	142
552	images/massage.2e16d0ba.fill-495x540-c80.png	358	389	2e16d0ba	fill-495x540-c80	142
553	images/img_0081.width-930.jpg	640	480		width-930	102
554	images/img_0079.width-930.jpg	640	480		width-930	101
555	images/red-hat-factory-lknvOcns4zM-unsplash.width-350.jpg	350	490		width-350	28
556	images/red-hat-factory-lknvOcns4zM-un.eca1ada8.fill-256x280-c80.jpg	256	280	eca1ada8	fill-256x280-c80	28
558	images/marius-ciocirlan-vMV6r4VRhJ8-u.4bfb90ff.fill-256x280-c80.jpg	256	280	4bfb90ff	fill-256x280-c80	17
559	images/michael-dam-mEZ3PoFGs_k-unspla.71d615e8.fill-256x280-c80.jpg	256	280	71d615e8	fill-256x280-c80	16
560	images/thisisengineering-raeng-TXxiFu.7f45fb17.fill-256x280-c80.jpg	256	280	7f45fb17	fill-256x280-c80	12
561	images/IMG_1732_yTHASlU.max-165x165.jpg	165	123		max-165x165	144
562	images/IMG_1732.max-165x165.jpg	165	123		max-165x165	143
563	images/IMG_1737.width-350.jpg	350	262		width-350	148
564	images/IMG_1737.2e16d0ba.fill-256x280-c80.jpg	256	280	2e16d0ba	fill-256x280-c80	148
565	images/IMG_1736_YqUxulb.2e16d0ba.fill-256x280-c80.jpg	256	280	2e16d0ba	fill-256x280-c80	147
566	images/IMG_1733.2e16d0ba.fill-256x280-c80.jpg	256	280	2e16d0ba	fill-256x280-c80	145
567	images/IMG_1732_yTHASlU.2e16d0ba.fill-256x280-c80.jpg	256	280	2e16d0ba	fill-256x280-c80	144
568	images/IMG_1737.max-165x165.jpg	165	123		max-165x165	148
569	images/IMG_1736_YqUxulb.max-165x165.jpg	165	123		max-165x165	147
570	images/IMG_1736.max-165x165.jpg	165	123		max-165x165	146
571	images/IMG_1733.max-165x165.jpg	165	123		max-165x165	145
572	images/IMG_1736_YqUxulb.original.jpg	640	480		original	147
573	images/IMG_1736_YqUxulb.max-800x600.jpg	640	480		max-800x600	147
574	images/IMG_1737.width-930.jpg	640	480		width-930	148
575	images/IMG_1736_YqUxulb.width-930.jpg	640	480		width-930	147
576	images/IMG_1733.width-930.jpg	640	480		width-930	145
577	images/IMG_1732_yTHASlU.width-930.jpg	640	480		width-930	144
578	images/image.max-165x165.png	121	165		max-165x165	150
579	images/20200916_141359.max-165x165.jpg	123	165		max-165x165	149
580	images/image.original.png	877	1188		original	150
581	images/image.max-800x600.png	442	600		max-800x600	150
582	images/20200916_141359.original.jpg	3000	4000		original	149
583	images/20200916_141359.max-800x600.jpg	450	600		max-800x600	149
584	images/image.2e16d0ba.fill-256x280-c80.png	256	280	2e16d0ba	fill-256x280-c80	150
585	images/20200916_141359.2e16d0ba.fill-256x280-c80.jpg	256	280	2e16d0ba	fill-256x280-c80	149
586	images/image.9b84d023.fill-256x280-c80.png	256	280	9b84d023	fill-256x280-c80	150
587	images/image.width-930.png	877	1188		width-930	150
588	images/20200916_141359.width-930.jpg	930	1240		width-930	149
589	images/OrgLexher2020.max-165x165.png	165	74		max-165x165	151
590	images/OrgLexher2020_35HO4BJ.max-165x165.png	165	74		max-165x165	152
591	images/OrgLexher2020_35HO4BJ.original.png	2855	1286		original	152
592	images/OrgLexher2020_35HO4BJ.max-800x600.png	800	360		max-800x600	152
593	images/OrgLexher2020.original.png	2855	1286		original	151
594	images/OrgLexher2020.max-800x600.png	800	360		max-800x600	151
595	images/OrgLexher2020_35HO4BJ.2e16d0ba.fill-900x500-c80.png	900	500	2e16d0ba	fill-900x500-c80	152
596	images/OrgLexher2020.2e16d0ba.fill-900x500-c80.png	900	500	2e16d0ba	fill-900x500-c80	151
597	images/umer9_002.max-165x165.jpg	110	165		max-165x165	153
598	images/umer9_002.2e16d0ba.fill-350x262-c90.jpg	350	262	2e16d0ba	fill-350x262-c90	153
599	images/Umer2.max-165x165.png	165	131		max-165x165	154
600	images/Umer2.2e16d0ba.fill-350x262-c90.png	350	262	2e16d0ba	fill-350x262-c90	154
601	images/jordan-harrison-40XgDxBfYXM-un.2e16d0ba.fill-900x500-c80.jpg	900	500	2e16d0ba	fill-900x500-c80	21
602	images/Kontor_m_logo.2e16d0ba.fill-256x280-c80.png	256	280	2e16d0ba	fill-256x280-c80	155
603	images/Kontor_m_logo.max-165x165.png	165	55		max-165x165	155
604	images/Kontor_m_logo.original.png	1156	388		original	155
605	images/Kontor_m_logo.max-800x600.png	800	268		max-800x600	155
606	images/Kontor_m_logo.d1afa137.fill-256x280-c80.png	256	280	d1afa137	fill-256x280-c80	155
607	images/Kontor_m_logo.6da08560.fill-256x280-c80.png	256	280	6da08560	fill-256x280-c80	155
608	images/Kontor_m_logo.7d71b8d8.fill-256x280-c80.png	256	280	7d71b8d8	fill-256x280-c80	155
609	images/Kontor_m_logo.width-930.png	930	312		width-930	155
610	images/Bjorn_Nilsson.max-165x165.jpg	118	165		max-165x165	156
611	images/Bjorn_Nilsson.2e16d0ba.fill-350x262-c90.jpg	350	262	2e16d0ba	fill-350x262-c90	156
612	images/bjorn2.max-165x165.jpg	118	165		max-165x165	157
613	images/bjorn2.2e16d0ba.fill-350x262-c90.jpg	350	262	2e16d0ba	fill-350x262-c90	157
614	images/Kontor_m_logo.7d71b8d8.fill-900x500-c80.png	699	388	7d71b8d8	fill-900x500-c80	155
615	images/image.9b84d023.fill-900x500-c80.png	877	488	9b84d023	fill-900x500-c80	150
616	images/Malin_Flink.max-165x165.png	165	148		max-165x165	158
617	images/Malin_Flink.2e16d0ba.fill-495x540-c80.png	490	533	2e16d0ba	fill-495x540-c80	158
618	images/Sennai_Zerazion.max-165x165.png	165	163		max-165x165	159
619	images/Sennai_Zerazion.2e16d0ba.fill-350x262-c90.png	350	262	2e16d0ba	fill-350x262-c90	159
620	images/Malin_Flink.2e16d0ba.fill-256x280-c80.png	256	280	2e16d0ba	fill-256x280-c80	158
621	images/Malin_Flink.width-930.png	594	533		width-930	158
622	images/SmartEyes.max-165x165.png	165	112		max-165x165	160
623	images/SmartEyes.2e16d0ba.fill-495x540-c80.png	495	540	2e16d0ba	fill-495x540-c80	160
624	images/Specsavers.max-165x165.png	165	65		max-165x165	161
625	images/Specsavers.2e16d0ba.fill-495x540-c80.png	216	235	2e16d0ba	fill-495x540-c80	161
626	images/Sennai_Zerazion.original.png	447	444		original	159
627	images/Sennai_Zerazion.max-800x600.png	447	444		max-800x600	159
628	images/Sennai_Zerazion.b43cb3d8.fill-350x262-c90.png	350	262	b43cb3d8	fill-350x262-c90	159
629	images/Sennai_Zerazion.92b96b89.fill-350x262-c90.png	350	262	92b96b89	fill-350x262-c90	159
630	images/Jimmy_Q.63a06154.fill-350x262-c90.jpg	350	262	63a06154	fill-350x262-c90	136
631	images/Jimmy_Q.10ee4849.fill-350x262-c90.jpg	350	262	10ee4849	fill-350x262-c90	136
632	images/Jimmy_Q.dacf2d58.fill-350x262-c90.jpg	350	262	dacf2d58	fill-350x262-c90	136
633	images/Jimmy_Q.dd9d678f.fill-350x262-c90.jpg	350	262	dd9d678f	fill-350x262-c90	136
634	images/Red_Hat_Learning_Subscription_free_trial_ema.max-165x165.png	165	77		max-165x165	163
635	images/Red_Hat_Learning_Subscription_free_trial_email-.original.png	593	280		original	163
636	images/Red_Hat_Learning_Subscription_free_trial_ema.max-800x600.png	593	280		max-800x600	163
637	images/Red_Hat_Learning_Subscription_.2e16d0ba.fill-900x500-c80.png	505	280	2e16d0ba	fill-900x500-c80	163
638	images/Red_Hat_Learning_Subscription_free_trial_ema.max-495x540.png	495	233		max-495x540	163
639	images/20200702_152047.2e16d0ba.fill-900x500-c80.jpg	900	500	2e16d0ba	fill-900x500-c80	129
640	images/20200909_080859_002.max-165x165.jpg	165	154		max-165x165	164
641	images/20200909_080859_002.2e16d0ba.fill-75x75.jpg	75	75	2e16d0ba	fill-75x75	164
642	images/20200909_080859_002.2e16d0ba.fill-350x262-c90.jpg	350	262	2e16d0ba	fill-350x262-c90	164
643	images/20200909_080859_002.original.jpg	875	820		original	164
644	images/20200909_080859_002.max-800x600.jpg	640	600		max-800x600	164
645	images/20200909_080859_002.ff375251.fill-350x262-c90.jpg	350	262	ff375251	fill-350x262-c90	164
646	images/20200909_080859_002.4b388a4a.fill-350x262-c90.jpg	350	262	4b388a4a	fill-350x262-c90	164
647	images/20200909_080859_002.fe405ddc.fill-350x262-c90.jpg	350	262	fe405ddc	fill-350x262-c90	164
648	images/20200909_080859_002.35d66e05.fill-350x262-c90.jpg	350	262	35d66e05	fill-350x262-c90	164
649	images/20200909_080859_002.110211b9.fill-350x262-c90.jpg	350	262	110211b9	fill-350x262-c90	164
650	images/20200909_080859_002.b7d7d33e.fill-350x262-c90.jpg	350	262	b7d7d33e	fill-350x262-c90	164
651	images/Malin_Flink.original.png	594	533		original	158
652	images/Malin_Flink.max-800x600.png	594	533		max-800x600	158
662	images/Niklas_Lund_-_bild.max-165x165.jpg	123	165		max-165x165	166
663	images/Niklas_Lund_-_bild.2e16d0ba.fill-75x75.jpg	75	75	2e16d0ba	fill-75x75	166
664	images/Niklas_Lund_-_bild.2e16d0ba.fill-350x262-c90.jpg	350	262	2e16d0ba	fill-350x262-c90	166
665	images/Sennai_Zerazion.92b96b89.fill-75x75.png	75	75	92b96b89	fill-75x75	159
666	images/bjorn2.2e16d0ba.fill-75x75.jpg	75	75	2e16d0ba	fill-75x75	157
667	images/Logo_RedHat_Hat_Color_RGB.max-800x600.png	384	290		max-800x600	64
668	images/Logo_RedHat_Hat_Color_RGB.width-500.png	384	290		width-500	64
669	images/Red_Hat_Learning_Subscription_free_trial_email.width-500.png	500	236		width-500	163
670	images/Logo_RedHat_A_Reverse_RGB.max-800x600.png	800	189		max-800x600	167
671	images/Logo_RedHat_A_Reverse_RGB.width-500.png	500	118		width-500	167
672	images/Logo_RedHat_A_Reverse_RGB.width-800.png	800	189		width-800	167
673	images/Logo_RedHat_A_Reverse_RGB.max-165x165.png	165	39		max-165x165	167
674	images/Logo_RedHat_A_Reverse_RGB.2e16d0ba.fill-900x500-c80.png	522	290	2e16d0ba	fill-900x500-c80	167
675	images/Logo_RedHat_A_Reverse_RGB.2e16d0ba.fill-75x75.png	75	75	2e16d0ba	fill-75x75	167
676	images/Logo_RedHat_A_Reverse_RGB.2e16d0ba.fill-350x262-c90.png	350	262	2e16d0ba	fill-350x262-c90	167
677	images/Logo_RedHat_Hat_Color_RGB.original.png	384	290		original	64
678	images/Logo_RedHat_Hat_Color_RGB.2e16d0ba.fill-75x75.png	75	75	2e16d0ba	fill-75x75	64
679	images/Logo_RedHat_Hat_Color_RGB.2e16d0ba.fill-350x262-c90.png	350	262	2e16d0ba	fill-350x262-c90	64
680	images/Logo_RedHat_A_Reverse_RGB.2e16d0ba.fill-495x540-c80.png	266	290	2e16d0ba	fill-495x540-c80	167
681	images/Logo_RedHat_A_Reverse_RGB.original.png	1226	290		original	167
682	images/Logo_RedHat_A_Reverse_RGB.f38cae18.fill-495x540-c80.png	266	290	f38cae18	fill-495x540-c80	167
683	images/Logo_RedHat_Hat_Color_RGB.2e16d0ba.fill-495x540-c80.png	266	290	2e16d0ba	fill-495x540-c80	64
684	images/Logo_RedHat_Hat_Color_RGB.5d0c07c8.fill-495x540-c80.png	266	290	5d0c07c8	fill-495x540-c80	64
685	images/Logo-Red_Hat-Bus_Partner-Train.2e16d0ba.fill-495x540-c80.png	495	540	2e16d0ba	fill-495x540-c80	42
686	images/Logo-Red_Hat-Bus_Partner-Training-A-Reverse-RGB.original.png	1232	705		original	42
687	images/Logo-Red_Hat-Bus_Partner-Training-A-Reverse-.max-800x600.png	800	457		max-800x600	42
688	images/Logo-Red_Hat-Bus_Partner-Train.8c27beda.fill-495x540-c80.png	495	540	8c27beda	fill-495x540-c80	42
689	images/Logo-Red_Hat-Bus_Partner-Train.830979b0.fill-495x540-c80.png	495	540	830979b0	fill-495x540-c80	42
690	images/Logo-Red_Hat-Training_and_Certification-A-Stand.original.png	1618	662		original	65
691	images/Logo-Red_Hat-Training_and_Certification-A-St.max-800x600.png	800	327		max-800x600	65
692	images/Logo-Red_Hat-Training_and_Cert.aa4fd36e.fill-495x540-c80.png	495	540	aa4fd36e	fill-495x540-c80	65
693	images/Logo_RedHat_Hat_Color_RGB.5d0c07c8.fill-350x262-c90.png	350	262	5d0c07c8	fill-350x262-c90	64
694	images/Logo-RedHat-A-Color-Pantone.max-165x165.jpg	165	39		max-165x165	168
695	images/Logo-RedHat-Hat-Color-Pantone.max-165x165.jpg	165	124		max-165x165	172
696	images/Logo-RedHat-D-Red-CMYK.max-165x165.jpg	162	165		max-165x165	171
697	images/Logo-RedHat-D-Color-RGB_1.max-165x165.png	162	165		max-165x165	170
698	images/Logo-RedHat-A-Color-RGB.max-165x165.png	165	39		max-165x165	169
699	images/Logo-RedHat-A-Color-Pantone.2e16d0ba.fill-495x540-c80.jpg	266	290	2e16d0ba	fill-495x540-c80	168
700	images/Logo-RedHat-Hat-Color-Pantone.2e16d0ba.fill-495x540-c80.jpg	266	290	2e16d0ba	fill-495x540-c80	172
701	images/Logo-RedHat-Hat-Color-Pantone.original.jpg	384	290		original	172
702	images/Logo-RedHat-Hat-Color-Pantone.max-800x600.jpg	384	290		max-800x600	172
703	images/Logo-RedHat-Hat-Color-Pantone.7492ea18.fill-495x540-c80.jpg	266	290	7492ea18	fill-495x540-c80	172
704	images/Logo-RedHat-D-Red-CMYK.2e16d0ba.fill-495x540-c80.jpg	358	390	2e16d0ba	fill-495x540-c80	171
705	images/Logo-RedHat-D-Color-RGB_1.2e16d0ba.fill-495x540-c80.png	358	390	2e16d0ba	fill-495x540-c80	170
706	images/Logo-RedHat-D-Color-RGB_1.original.png	384	390		original	170
707	images/Logo-RedHat-D-Color-RGB_1.max-800x600.png	384	390		max-800x600	170
708	images/Logo-RedHat-D-Color-RGB_1.fab7047c.fill-495x540-c80.png	358	390	fab7047c	fill-495x540-c80	170
709	images/Logo-RedHat-D-Color-RGB_1.b831facd.fill-495x540-c80.png	358	390	b831facd	fill-495x540-c80	170
710	images/Logo-RedHat-A-Color-RGB.2e16d0ba.fill-495x540-c80.png	266	290	2e16d0ba	fill-495x540-c80	169
711	images/Logo-RedHat-A-Color-RGB.original.png	1226	290		original	169
712	images/Logo-RedHat-A-Color-RGB.max-800x600.png	800	189		max-800x600	169
713	images/Logo-RedHat-A-Color-RGB.861fac4a.fill-495x540-c80.png	267	290	861fac4a	fill-495x540-c80	169
714	images/Logo-RedHat-A-Color-RGB.max-495x540.png	495	117		max-495x540	169
715	images/Mark.max-165x165.jpg	123	165		max-165x165	173
716	images/Mark.original.jpg	2316	3088		original	173
717	images/Mark.max-800x600.jpg	450	600		max-800x600	173
718	images/Mark.2e16d0ba.fill-350x262-c90.jpg	350	262	2e16d0ba	fill-350x262-c90	173
719	images/9_uknDTxB.max-165x165.jpg	165	123		max-165x165	179
720	images/6_4isVqxw.max-165x165.jpg	165	123		max-165x165	178
721	images/5_O3rHtin.max-165x165.jpg	165	123		max-165x165	177
722	images/4_Vrqealp.max-165x165.jpg	165	123		max-165x165	176
724	images/1_0VREVzy.max-165x165.jpg	123	165		max-165x165	174
727	images/11.1.max-165x165.jpg	123	165		max-165x165	180
728	images/11.1.width-350.jpg	350	466		width-350	180
729	images/11.1.2e16d0ba.fill-256x280-c80.jpg	256	280	2e16d0ba	fill-256x280-c80	180
730	images/9_uknDTxB.original.jpg	640	480		original	179
731	images/9_uknDTxB.max-800x600.jpg	640	480		max-800x600	179
732	images/9_uknDTxB.2e16d0ba.fill-256x280-c80.jpg	256	280	2e16d0ba	fill-256x280-c80	179
733	images/6_4isVqxw.original.jpg	640	480		original	178
734	images/6_4isVqxw.max-800x600.jpg	640	480		max-800x600	178
735	images/5_O3rHtin.original.jpg	640	480		original	177
736	images/5_O3rHtin.max-800x600.jpg	640	480		max-800x600	177
737	images/4_Vrqealp.original.jpg	640	480		original	176
738	images/4_Vrqealp.max-800x600.jpg	640	480		max-800x600	176
739	images/1_0VREVzy.original.jpg	480	640		original	174
740	images/1_0VREVzy.max-800x600.jpg	450	600		max-800x600	174
741	images/6_4isVqxw.2e16d0ba.fill-256x280-c80.jpg	256	280	2e16d0ba	fill-256x280-c80	178
742	images/5_O3rHtin.2e16d0ba.fill-256x280-c80.jpg	256	280	2e16d0ba	fill-256x280-c80	177
743	images/4_Vrqealp.2e16d0ba.fill-256x280-c80.jpg	256	280	2e16d0ba	fill-256x280-c80	176
744	images/1_0VREVzy.2e16d0ba.fill-256x280-c80.jpg	256	280	2e16d0ba	fill-256x280-c80	174
745	images/12_t2EvH2Q.2e16d0ba.fill-256x280-c80.jpg	256	280	2e16d0ba	fill-256x280-c80	184
746	images/14_YZ10qgP.2e16d0ba.fill-256x280-c80.jpg	256	280	2e16d0ba	fill-256x280-c80	183
747	images/10_v2UZ0fq.2e16d0ba.fill-256x280-c80.jpg	256	280	2e16d0ba	fill-256x280-c80	182
748	images/2.1.2e16d0ba.fill-256x280-c80.jpg	256	280	2e16d0ba	fill-256x280-c80	181
749	images/14_YZ10qgP.width-930.jpg	640	480		width-930	183
750	images/12_t2EvH2Q.width-930.jpg	640	480		width-930	184
751	images/10_v2UZ0fq.width-930.jpg	640	480		width-930	182
752	images/2.1.width-930.jpg	480	640		width-930	181
753	images/11.1.width-930.jpg	480	640		width-930	180
754	images/8_K6z34qr.max-165x165.jpg	123	165		max-165x165	185
755	images/12_t2EvH2Q.max-165x165.jpg	165	123		max-165x165	184
756	images/14_YZ10qgP.max-165x165.jpg	165	123		max-165x165	183
757	images/10_v2UZ0fq.max-165x165.jpg	165	123		max-165x165	182
758	images/2.1.max-165x165.jpg	123	165		max-165x165	181
759	images/8_K6z34qr.original.jpg	480	640		original	185
760	images/8_K6z34qr.max-800x600.jpg	450	600		max-800x600	185
761	images/8_K6z34qr.2e16d0ba.fill-256x280-c80.jpg	256	280	2e16d0ba	fill-256x280-c80	185
762	images/7.1.2e16d0ba.fill-256x280-c80.jpg	256	280	2e16d0ba	fill-256x280-c80	186
763	images/7.1.width-350.jpg	350	466		width-350	186
764	images/7.1.width-930.jpg	480	640		width-930	186
765	images/8_K6z34qr.width-930.jpg	480	640		width-930	185
766	images/7.1.max-165x165.jpg	123	165		max-165x165	186
770	images/Mattias_Fahlin_2.max-165x165.jpg	123	165		max-165x165	190
771	images/Mattias_Fahlin_2.2e16d0ba.fill-350x262-c90.jpg	350	262	2e16d0ba	fill-350x262-c90	190
772	images/Mattias_Fahlin_2.original.jpg	480	640		original	190
773	images/Mattias_Fahlin_2.max-800x600.jpg	450	600		max-800x600	190
774	images/Mattias_Fahlin_2.e162e67d.fill-350x262-c90.jpg	350	262	e162e67d	fill-350x262-c90	190
775	images/IMG_2257.max-165x165.jpg	123	165		max-165x165	191
776	images/IMG_2271.2e16d0ba.fill-256x280-c80.jpg	256	280	2e16d0ba	fill-256x280-c80	196
777	images/IMG_2266.2e16d0ba.fill-256x280-c80.jpg	256	280	2e16d0ba	fill-256x280-c80	195
778	images/IMG_2260.2e16d0ba.fill-256x280-c80.jpg	256	280	2e16d0ba	fill-256x280-c80	193
779	images/IMG_2258.2e16d0ba.fill-256x280-c80.jpg	256	280	2e16d0ba	fill-256x280-c80	192
780	images/IMG_2257.2e16d0ba.fill-256x280-c80.jpg	256	280	2e16d0ba	fill-256x280-c80	191
781	images/IMG_2271.width-930.jpg	480	640		width-930	196
782	images/IMG_2266.width-930.jpg	480	640		width-930	195
783	images/IMG_2271.max-165x165.jpg	123	165		max-165x165	196
784	images/IMG_2266.max-165x165.jpg	123	165		max-165x165	195
785	images/IMG_2260.max-165x165.jpg	123	165		max-165x165	193
786	images/IMG_2258.max-165x165.jpg	123	165		max-165x165	192
787	images/IMG_2252_Ansible_tarta.2e16d0ba.fill-256x280-c80.jpg	256	280	2e16d0ba	fill-256x280-c80	197
788	images/IMG_2252_Ansible_tarta.width-350.jpg	350	466		width-350	197
789	images/IMG_2252_Ansible_tarta.width-930.jpg	480	640		width-930	197
790	images/IMG_2260.width-930.jpg	480	640		width-930	193
791	images/IMG_2258.width-930.jpg	480	640		width-930	192
792	images/IMG_2257.width-930.jpg	480	640		width-930	191
793	images/IMG_2252_Ansible_tarta.max-165x165.jpg	123	165		max-165x165	197
794	images/ny_bild.max-165x165.jpg	123	165		max-165x165	198
795	images/ny_bild.2e16d0ba.fill-350x262-c90.jpg	350	262	2e16d0ba	fill-350x262-c90	198
796	images/Logo-Red_Hat-Premier_Bus_Partner-Resell-A-St.max-165x165.jpg	165	120		max-165x165	199
797	images/Logo-Red_Hat-Premier_Bus_Partner-Resell-A-St.max-495x540.jpg	495	362		max-495x540	199
798	images/Logo-RedHat-D-Color-RGB_1.max-495x540.png	384	390		max-495x540	170
799	images/Logo-RedHat-D-Color-RGB_1.693cd294.fill-495x540-c80.png	358	390	693cd294	fill-495x540-c80	170
800	images/Logo-RedHat-Hat-Color-Pantone.max-495x540.jpg	384	290		max-495x540	172
801	images/Logo_RedHat_A_Reverse_RGB.max-495x540.png	495	117		max-495x540	167
804	images/Logo-RedHat-A-Color-Pantone.max-495x540.jpg	495	117		max-495x540	168
805	images/Logo-Red_Hat-Training_and_Certification-A-Stan.width-500.png	500	204		width-500	65
806	images/Logo-Red_Hat-Training_and_Certification-A-Stan.width-800.png	800	327		width-800	65
807	images/Logo-Red_Hat-Training_and_Certification-A-St.max-495x540.png	495	202		max-495x540	65
810	images/Logo-RedHat-A-Color-RGB.width-800.png	800	189		width-800	169
811	images/Logo-RedHat-A-Color-RGB.width-500.png	500	118		width-500	169
812	images/Logo-Red_Hat-Premier_Bus_Partner-Resell-A-St.max-800x600.jpg	800	585		max-800x600	199
813	images/Logo-Red_Hat-Premier_Bus_Partner-Resell-A-Stan.width-500.jpg	500	365		width-500	199
814	images/Logo-Red_Hat-Bus_Partner-Training-A-Reverse-.max-800x600_BvAbkA5.png	800	457		max-800x600	66
815	images/Logo-Red_Hat-Bus_Partner-Training-A-Reverse-RG.width-500.png	500	286		width-500	66
816	images/Stackrox.max-165x165.png	165	91		max-165x165	201
817	images/Stackrox.2e16d0ba.fill-900x500-c80.png	697	387	2e16d0ba	fill-900x500-c80	201
818	images/Logo-Red_Hat-Premier_Bus_Partner-Sol_Prov-Cl.max-165x165.png	165	145		max-165x165	202
822	images/Premier_partner_certificate.max-165x165.png	165	92		max-165x165	204
823	images/Premier_partner_certificate.2e16d0ba.fill-900x500-c80.png	900	500	2e16d0ba	fill-900x500-c80	204
824	images/Premier_partner_certificate.max-800x600.png	800	447		max-800x600	204
825	images/Premier_partner_certificate.width-500.png	500	279		width-500	204
826	images/Logo-Red_Hat-Premier_Bus_Partn.2e16d0ba.fill-900x500-c80.jpg	900	500	2e16d0ba	fill-900x500-c80	199
827	images/Logo-Red_Hat-Premier_Bus_Partner-Resell-A-Stand.original.jpg	1233	902		original	199
828	images/Logo-Red_Hat-Premier_Bus_Partn.2e16d0ba.fill-900x500-c80.png	900	500	2e16d0ba	fill-900x500-c80	202
829	images/Logo-Red_Hat-Premier_Bus_Partner-Sol_Prov-Cloud.original.png	1232	1089		original	202
830	images/Logo-Red_Hat-Premier_Bus_Partner-Sol_Prov-Cl.max-800x600.png	678	600		max-800x600	202
831	images/Logo-Red_Hat-Premier_Bus_Partn.247dc776.fill-900x500-c80.png	900	500	247dc776	fill-900x500-c80	202
832	images/Logo-Red_Hat-Premier_Bus_Partn.324963b3.fill-900x500-c80.png	900	500	324963b3	fill-900x500-c80	202
833	images/Logo-Red_Hat-Premier_Bus_Partn.f487b6dc.fill-900x500-c80.png	900	500	f487b6dc	fill-900x500-c80	202
834	images/Logo-Red_Hat-Premier_Bus_Partn.2087ea52.fill-900x500-c80.png	900	500	2087ea52	fill-900x500-c80	202
835	images/Logo-Red_Hat-Premier_Bus_Partn.8a7a7019.fill-900x500-c80.png	900	500	8a7a7019	fill-900x500-c80	202
836	images/Logo-Red_Hat-Premier_Bus_Partner-Sol_Prov-Clou.width-500.png	500	441		width-500	202
837	images/Premier_partner_certificate.2e16d0ba.fill-360x500.png	360	500	2e16d0ba	fill-360x500	204
838	images/Premier_partner_certificate.width-800.png	800	447		width-800	204
839	images/Red_Hat_logo.max-800x600.png	227	110		max-800x600	205
840	images/Red_Hat_logo.width-500.png	227	110		width-500	205
841	images/Red_Hat_logo.max-165x165.png	165	79		max-165x165	205
842	images/Red_Hat_logo.original.png	227	110		original	205
848	images/LA_RH_5.max-165x165.png	165	89		max-165x165	207
849	images/LA_RH_5.original.png	437	236		original	207
850	images/LA_RH_5.max-800x600.png	437	236		max-800x600	207
851	images/LA_RH_5.width-500.png	437	236		width-500	207
852	images/IMG_2487_Niklas_Lund.width-350.jpg	350	466		width-350	211
853	images/IMG_2487_Niklas_Lund.2e16d0ba.fill-256x280-c80.jpg	256	280	2e16d0ba	fill-256x280-c80	211
854	images/IMG_2485_Umer_Babar.2e16d0ba.fill-256x280-c80.jpg	256	280	2e16d0ba	fill-256x280-c80	210
855	images/IMG_2482_Umer_cake.2e16d0ba.fill-256x280-c80.jpg	256	280	2e16d0ba	fill-256x280-c80	209
856	images/IMG_2481_Niklas_cake.2e16d0ba.fill-256x280-c80.jpg	256	280	2e16d0ba	fill-256x280-c80	208
857	images/IMG_2487_Niklas_Lund.max-165x165.jpg	123	165		max-165x165	211
858	images/IMG_2485_Umer_Babar.max-165x165.jpg	123	165		max-165x165	210
859	images/IMG_2482_Umer_cake.max-165x165.jpg	123	165		max-165x165	209
860	images/IMG_2481_Niklas_cake.max-165x165.jpg	123	165		max-165x165	208
861	images/11_K05TCKl.width-350.jpg	350	262		width-350	222
862	images/11_K05TCKl.2e16d0ba.fill-256x280-c80.jpg	256	280	2e16d0ba	fill-256x280-c80	222
863	images/10_ryTi9lx.2e16d0ba.fill-256x280-c80.jpg	256	280	2e16d0ba	fill-256x280-c80	221
864	images/9_pDRWyyY.2e16d0ba.fill-256x280-c80.jpg	256	280	2e16d0ba	fill-256x280-c80	220
865	images/8_Je3rOa9.2e16d0ba.fill-256x280-c80.jpg	256	280	2e16d0ba	fill-256x280-c80	219
866	images/7_vxs5e8J.2e16d0ba.fill-256x280-c80.jpg	256	280	2e16d0ba	fill-256x280-c80	218
867	images/6_BDwL38l.2e16d0ba.fill-256x280-c80.jpg	256	280	2e16d0ba	fill-256x280-c80	217
868	images/5_8i8U71t.2e16d0ba.fill-256x280-c80.jpg	256	280	2e16d0ba	fill-256x280-c80	216
869	images/4_H9f8JXB.2e16d0ba.fill-256x280-c80.jpg	256	280	2e16d0ba	fill-256x280-c80	215
870	images/3_62DuDeT.2e16d0ba.fill-256x280-c80.jpg	256	280	2e16d0ba	fill-256x280-c80	214
871	images/2_G6OKLJd.2e16d0ba.fill-256x280-c80.jpg	256	280	2e16d0ba	fill-256x280-c80	213
872	images/1_V0i5pjR.2e16d0ba.fill-256x280-c80.jpg	256	280	2e16d0ba	fill-256x280-c80	212
873	images/11_K05TCKl.max-165x165.jpg	165	123		max-165x165	222
874	images/10_ryTi9lx.max-165x165.jpg	165	123		max-165x165	221
875	images/9_pDRWyyY.max-165x165.jpg	165	123		max-165x165	220
876	images/8_Je3rOa9.max-165x165.jpg	165	123		max-165x165	219
877	images/7_vxs5e8J.max-165x165.jpg	123	165		max-165x165	218
878	images/6_BDwL38l.max-165x165.jpg	123	165		max-165x165	217
879	images/5_8i8U71t.max-165x165.jpg	123	165		max-165x165	216
880	images/4_H9f8JXB.max-165x165.jpg	123	165		max-165x165	215
881	images/3_62DuDeT.max-165x165.jpg	165	123		max-165x165	214
882	images/2_G6OKLJd.max-165x165.jpg	165	123		max-165x165	213
883	images/1_V0i5pjR.max-165x165.jpg	165	123		max-165x165	212
884	images/Logo-Red_Hat-Premier_Bus_Partn.8a7a7019.fill-256x280-c80.png	256	280	8a7a7019	fill-256x280-c80	202
885	images/Logo-Red_Hat-Premier_Bus_Partner-Sol_Prov-Clou.width-930.png	930	822		width-930	202
886	images/Logo-Red_Hat-Premier_Bus_Partn.1c255a11.fill-256x280-c80.png	256	280	1c255a11	fill-256x280-c80	202
887	images/Logo-Red_Hat-Premier_Bus_Partn.8d0a8962.fill-256x280-c80.png	256	280	8d0a8962	fill-256x280-c80	202
888	images/Logo-Red_Hat-Bus_Partner-Train.2e16d0ba.fill-256x280-c80.png	256	280	2e16d0ba	fill-256x280-c80	66
889	images/Logo-Red_Hat-Premier_Bus_Partn.2e16d0ba.fill-256x280-c80.jpg	256	280	2e16d0ba	fill-256x280-c80	199
890	images/Logo-Red_Hat-Bus_Partner-Train.830979b0.fill-256x280-c80.png	256	280	830979b0	fill-256x280-c80	42
891	images/Logo-Red_Hat-Bus_Partner-Training-A-Reverse-RG.width-930.png	930	532		width-930	42
892	images/Logo-Red_Hat-Bus_Partner-Train.8f1e8911.fill-256x280-c80.png	256	280	8f1e8911	fill-256x280-c80	42
893	images/Maria_Cristina_Pinke_de_Sousa.max-165x165.jpg	118	118		max-165x165	223
894	images/Maria_Cristina_Pinke_de_Sousa.2e16d0ba.fill-75x75.jpg	75	75	2e16d0ba	fill-75x75	223
895	images/Maria_Cristina_Pinke_de_Sousa.2e16d0ba.fill-350x262-c90.jpg	118	90	2e16d0ba	fill-350x262-c90	223
896	images/6_4isVqxw.width-930.jpg	640	480		width-930	178
897	images/5_O3rHtin.width-930.jpg	640	480		width-930	177
898	images/9_uknDTxB.width-930.jpg	640	480		width-930	179
899	images/img_0704-e1560326143772.width-930.jpg	480	640		width-930	110
900	images/Profil.max-165x165.jpg	123	165		max-165x165	224
901	images/Profil.2e16d0ba.fill-75x75.jpg	75	75	2e16d0ba	fill-75x75	224
902	images/Profil.2e16d0ba.fill-350x262-c90.jpg	350	262	2e16d0ba	fill-350x262-c90	224
903	images/IMG_4357.max-165x165.jpg	133	165		max-165x165	225
904	images/IMG_4357.original.jpg	2278	2818		original	225
905	images/IMG_4357.max-800x600.jpg	485	600		max-800x600	225
906	images/IMG_4357.2e16d0ba.fill-75x75.jpg	75	75	2e16d0ba	fill-75x75	225
907	images/IMG_4357.2e16d0ba.fill-350x262-c90.jpg	350	262	2e16d0ba	fill-350x262-c90	225
908	images/IMG_2487_Niklas_Lund.width-930.jpg	480	640		width-930	211
909	images/IMG_2485_Umer_Babar.width-930.jpg	480	640		width-930	210
910	images/Tarta_Erik.width-350.jpg	350	466		width-350	226
911	images/Tarta_Erik.2e16d0ba.fill-256x280-c80.jpg	256	280	2e16d0ba	fill-256x280-c80	226
912	images/Bara_tarta.2e16d0ba.fill-256x280-c80.jpg	256	280	2e16d0ba	fill-256x280-c80	227
913	images/Bara_tarta.width-350.jpg	350	466		width-350	227
914	images/Tarta_Erik.width-930.jpg	480	640		width-930	226
915	images/Bara_tarta.width-930.jpg	480	640		width-930	227
916	images/Bara_tarta.max-165x165.jpg	123	165		max-165x165	227
917	images/Tarta_Erik.max-165x165.jpg	123	165		max-165x165	226
918	images/Profil.original.jpg	2208	2944		original	224
919	images/Profil.max-800x600.jpg	450	600		max-800x600	224
920	images/Profil.1b9ba41c.fill-350x262-c90.jpg	350	262	1b9ba41c	fill-350x262-c90	224
921	images/Profil.ddceac71.fill-350x262-c90.jpg	350	262	ddceac71	fill-350x262-c90	224
922	images/Bara_tarta_Alexander.width-350.jpg	350	262		width-350	229
923	images/Bara_tarta_Alexander.2e16d0ba.fill-256x280-c80.jpg	256	280	2e16d0ba	fill-256x280-c80	229
924	images/Alexander_tarta.2e16d0ba.fill-256x280-c80.png	256	280	2e16d0ba	fill-256x280-c80	228
925	images/Alexander_tarta.width-930.png	530	692		width-930	228
926	images/Bara_tarta_Alexander.width-930.jpg	930	697		width-930	229
927	images/Bara_tarta_Alexander.max-165x165.jpg	165	123		max-165x165	229
928	images/Alexander_tarta.max-165x165.png	126	165		max-165x165	228
929	images/Logo_RedHat_A_Reverse_RGB.57ac7c9f.fill-900x500-c80.png	522	290	57ac7c9f	fill-900x500-c80	167
930	images/Logo-RedHat-Hat-Color-Pantone.7492ea18.fill-900x500-c80.jpg	384	214	7492ea18	fill-900x500-c80	172
931	images/Logo_RedHat_A_Reverse_RGB.9a3d584c.fill-900x500-c80.png	522	290	9a3d584c	fill-900x500-c80	167
932	images/Red_Hat_logo.40823ee3.fill-900x500-c80.png	199	110	40823ee3	fill-900x500-c80	205
933	images/Logo-Red_Hat-Lexher.2e16d0ba.fill-900x500-c80.png	900	500	2e16d0ba	fill-900x500-c80	43
934	images/Logo-Red_Hat-Lexher.original.png	1784	528		original	43
935	images/Logo-Red_Hat-Lexher.5656956a.fill-900x500-c80.png	900	500	5656956a	fill-900x500-c80	43
936	images/Logo-Red_Hat-Bus_Partner-Train.8f1e8911.fill-900x500-c80.png	900	500	8f1e8911	fill-900x500-c80	42
937	images/Logo-Red_Hat-Bus_Partner-Train.8f1e8911.fill-495x540-c80.png	495	540	8f1e8911	fill-495x540-c80	42
938	images/Logo-RedHat-D-Red-CMYK.2e16d0ba.fill-900x500-c80.jpg	384	214	2e16d0ba	fill-900x500-c80	171
939	images/Logo-Red_Hat-Bus_Partner-Training-A-Reverse-RGB.original_RwmYHn6.png	1232	705		original	66
940	images/Logo-Red_Hat-Bus_Partner-Train.1d55fd15.fill-900x500-c80.png	900	500	1d55fd15	fill-900x500-c80	66
941	images/Logo-Red_Hat-Bus_Partner-Training-A-Reverse-RG.width-800.png	800	457		width-800	66
942	images/images_boule_tanto_1.max-800x600.jpg	225	225		max-800x600	230
943	images/images_boule_tanto_1.width-800.jpg	225	225		width-800	230
944	images/images_boule_tanto_1.max-165x165.jpg	165	165		max-165x165	230
945	images/images_boule_tanto_1.2e16d0ba.fill-900x500-c80.jpg	225	125	2e16d0ba	fill-900x500-c80	230
946	images/images_boule_tanto_1.width-500.jpg	225	225		width-500	230
947	images/Screenshot_2021-05-28_at_17.10.03.max-800x600.png	654	466		max-800x600	231
948	images/Screenshot_2021-05-28_at_17.10.03.width-500.png	500	356		width-500	231
949	images/Screenshot_2021-05-28_at_17.10.03.max-165x165.png	165	117		max-165x165	231
950	images/images_boule_tanto_1.original.jpg	225	225		original	230
951	images/11_K05TCKl.width-930.jpg	930	697		width-930	222
952	images/10_ryTi9lx.width-930.jpg	930	697		width-930	221
953	images/9_pDRWyyY.width-930.jpg	930	697		width-930	220
954	images/8_Je3rOa9.width-930.jpg	930	697		width-930	219
955	images/7_vxs5e8J.width-930.jpg	930	1240		width-930	218
956	images/6_BDwL38l.width-930.jpg	930	1240		width-930	217
957	images/1_V0i5pjR.width-930.jpg	930	697		width-930	212
958	images/2_G6OKLJd.width-930.jpg	930	697		width-930	213
959	images/IMG_2482_Umer_cake.width-930.jpg	480	640		width-930	209
960	images/IMG_3261.width-350.jpg	350	262		width-350	233
961	images/IMG_3261.2e16d0ba.fill-256x280-c80.jpg	256	280	2e16d0ba	fill-256x280-c80	233
962	images/IMG_3231.2e16d0ba.fill-256x280-c80.jpg	256	280	2e16d0ba	fill-256x280-c80	232
963	images/IMG_3261.width-930.jpg	930	697		width-930	233
964	images/IMG_3231.width-930.jpg	930	1240		width-930	232
965	images/IMG_3261.max-165x165.jpg	165	123		max-165x165	233
966	images/IMG_3231.max-165x165.jpg	123	165		max-165x165	232
967	images/IMG_3261.original.jpg	4032	3024		original	233
968	images/IMG_3261.max-800x600.jpg	800	600		max-800x600	233
969	images/IMG_3261.cfa9310e.fill-256x280-c80.jpg	256	280	cfa9310e	fill-256x280-c80	233
970	images/IMG_3268.width-350.jpg	350	466		width-350	234
971	images/IMG_3268.2e16d0ba.fill-256x280-c80.jpg	256	280	2e16d0ba	fill-256x280-c80	234
972	images/IMG_3268.max-165x165.jpg	123	165		max-165x165	234
973	images/IMG_3269.2e16d0ba.fill-256x280-c80.jpg	256	280	2e16d0ba	fill-256x280-c80	258
974	images/IMG_3267.2e16d0ba.fill-256x280-c80.jpg	256	280	2e16d0ba	fill-256x280-c80	257
975	images/IMG_3266.2e16d0ba.fill-256x280-c80.jpg	256	280	2e16d0ba	fill-256x280-c80	256
976	images/IMG_3264.2e16d0ba.fill-256x280-c80.jpg	256	280	2e16d0ba	fill-256x280-c80	255
977	images/IMG_3262.2e16d0ba.fill-256x280-c80.jpg	256	280	2e16d0ba	fill-256x280-c80	254
978	images/IMG_3260.2e16d0ba.fill-256x280-c80.jpg	256	280	2e16d0ba	fill-256x280-c80	253
979	images/IMG_3259.2e16d0ba.fill-256x280-c80.jpg	256	280	2e16d0ba	fill-256x280-c80	252
980	images/IMG_3205.2e16d0ba.fill-256x280-c80.jpg	256	280	2e16d0ba	fill-256x280-c80	251
981	images/IMG_3201.2e16d0ba.fill-256x280-c80.jpg	256	280	2e16d0ba	fill-256x280-c80	250
982	images/IMG_3198.2e16d0ba.fill-256x280-c80.jpg	256	280	2e16d0ba	fill-256x280-c80	248
983	images/IMG_3197.2e16d0ba.fill-256x280-c80.jpg	256	280	2e16d0ba	fill-256x280-c80	247
984	images/IMG_3196.2e16d0ba.fill-256x280-c80.jpg	256	280	2e16d0ba	fill-256x280-c80	246
985	images/IMG_3195.2e16d0ba.fill-256x280-c80.jpg	256	280	2e16d0ba	fill-256x280-c80	245
986	images/IMG_3194.2e16d0ba.fill-256x280-c80.jpg	256	280	2e16d0ba	fill-256x280-c80	244
987	images/IMG_3193.2e16d0ba.fill-256x280-c80.jpg	256	280	2e16d0ba	fill-256x280-c80	243
988	images/IMG_3192.2e16d0ba.fill-256x280-c80.jpg	256	280	2e16d0ba	fill-256x280-c80	242
989	images/IMG_3269.2e16d0ba.fill-360x500-c90.jpg	360	500	2e16d0ba	fill-360x500-c90	258
990	images/IMG_3269.width-350.jpg	350	262		width-350	258
991	images/IMG_3191.2e16d0ba.fill-256x280-c80.jpg	256	280	2e16d0ba	fill-256x280-c80	241
992	images/IMG_3190.2e16d0ba.fill-256x280-c80.jpg	256	280	2e16d0ba	fill-256x280-c80	240
993	images/IMG_3189.2e16d0ba.fill-256x280-c80.jpg	256	280	2e16d0ba	fill-256x280-c80	239
994	images/IMG_3188.2e16d0ba.fill-256x280-c80.jpg	256	280	2e16d0ba	fill-256x280-c80	238
995	images/IMG_3187.2e16d0ba.fill-256x280-c80.jpg	256	280	2e16d0ba	fill-256x280-c80	237
996	images/IMG_3186.2e16d0ba.fill-256x280-c80.jpg	256	280	2e16d0ba	fill-256x280-c80	236
997	images/IMG_3185.2e16d0ba.fill-256x280-c80.jpg	256	280	2e16d0ba	fill-256x280-c80	235
998	images/IMG_3267.width-930.jpg	930	697		width-930	257
999	images/IMG_3269.width-930.jpg	930	697		width-930	258
1000	images/IMG_3266.width-930.jpg	930	697		width-930	256
1001	images/IMG_3264.width-930.jpg	930	697		width-930	255
1002	images/IMG_3262.width-930.jpg	930	697		width-930	254
1003	images/IMG_3260.width-930.jpg	930	697		width-930	253
1004	images/IMG_3259.width-930.jpg	930	697		width-930	252
1005	images/IMG_3205.width-930.jpg	930	697		width-930	251
1006	images/IMG_3201.width-930.jpg	930	1240		width-930	250
1007	images/IMG_3198.width-930.jpg	930	1240		width-930	248
1008	images/IMG_3197.width-930.jpg	930	1240		width-930	247
1009	images/IMG_3196.width-930.jpg	930	697		width-930	246
1010	images/IMG_3195.width-930.jpg	930	1240		width-930	245
1011	images/IMG_3194.width-930.jpg	930	1240		width-930	244
1012	images/IMG_3193.width-930.jpg	930	1240		width-930	243
1013	images/IMG_3192.width-930.jpg	930	697		width-930	242
1014	images/IMG_3191.width-930.jpg	930	1240		width-930	241
1015	images/IMG_3190.width-930.jpg	930	697		width-930	240
1016	images/IMG_3189.width-930.jpg	930	697		width-930	239
1017	images/IMG_3188.width-930.jpg	930	697		width-930	238
1018	images/IMG_3187.width-930.jpg	930	697		width-930	237
1019	images/IMG_3186.width-930.jpg	930	1240		width-930	236
1020	images/IMG_3185.width-930.jpg	930	697		width-930	235
1021	images/3_62DuDeT.width-930.jpg	930	697		width-930	214
1022	images/IMG_3269.max-165x165.jpg	165	123		max-165x165	258
1023	images/IMG_3267.max-165x165.jpg	165	123		max-165x165	257
1024	images/IMG_3266.max-165x165.jpg	165	123		max-165x165	256
1025	images/IMG_3264.max-165x165.jpg	165	123		max-165x165	255
1026	images/IMG_3262.max-165x165.jpg	165	123		max-165x165	254
1027	images/IMG_3260.max-165x165.jpg	165	123		max-165x165	253
1028	images/IMG_3259.max-165x165.jpg	165	123		max-165x165	252
1029	images/IMG_3205.max-165x165.jpg	165	123		max-165x165	251
1030	images/IMG_3201.max-165x165.jpg	123	165		max-165x165	250
1031	images/IMG_3198.max-165x165.jpg	123	165		max-165x165	248
1032	images/IMG_3197.max-165x165.jpg	123	165		max-165x165	247
1033	images/IMG_3196.max-165x165.jpg	165	123		max-165x165	246
1034	images/IMG_3195.max-165x165.jpg	123	165		max-165x165	245
1035	images/IMG_3194.max-165x165.jpg	123	165		max-165x165	244
1036	images/IMG_3193.max-165x165.jpg	123	165		max-165x165	243
1037	images/IMG_3192.max-165x165.jpg	165	123		max-165x165	242
1038	images/IMG_3191.max-165x165.jpg	123	165		max-165x165	241
1039	images/IMG_3190.max-165x165.jpg	165	123		max-165x165	240
1040	images/IMG_3189.max-165x165.jpg	165	123		max-165x165	239
1041	images/IMG_3188.max-165x165.jpg	165	123		max-165x165	238
1042	images/Logo-Red_Hat-Premier_Bus_Partner-Sol_Prov-Co.max-165x165.png	165	145		max-165x165	261
1043	images/Logo-Red_Hat-Premier_Bus_Partner-Sol_Prov-Co.max-165x165_Ak25WAH.png	165	145		max-165x165	260
1044	images/Logo-Red_Hat-Premier_Bus_Partner-Sol_Prov-Co.max-165x165_dI7IzWq.png	165	145		max-165x165	259
1045	images/IMG_3187.max-165x165.jpg	165	123		max-165x165	237
1046	images/IMG_3186.max-165x165.jpg	123	165		max-165x165	236
1047	images/IMG_3185.max-165x165.jpg	165	123		max-165x165	235
1048	images/IMG_1167.original.jpg	640	480		original	127
1049	images/IMG_1167.max-800x600.jpg	640	480		max-800x600	127
1050	images/Logo-Red_Hat-Premier_Bus_Partner-Sol_Prov-Co.max-800x600.png	679	600		max-800x600	261
1051	images/Logo-Red_Hat-Premier_Bus_Partner-Sol_Prov-Cont.width-500.png	500	441		width-500	261
1052	images/Logo-Red_Hat-Premier_Bus_Partner-Sol_Prov-Co.max-800x600_RSqXxcS.png	679	600		max-800x600	259
1053	images/Logo-Red_Hat-Premier_Bus_Partner-Sol_Prov-Cont.width-500_6XHSmgg.png	500	441		width-500	259
1054	images/Logo-Red_Hat-Premier_Bus_Partner-Sol_Prov-Cont.width-800.png	800	705		width-800	261
1055	images/IMG_4066.max-165x165.jpg	165	123		max-165x165	262
1056	images/IMG_4066.2e16d0ba.fill-75x75.jpg	75	75	2e16d0ba	fill-75x75	262
1057	images/IMG_4066.2e16d0ba.fill-350x262-c90.jpg	350	262	2e16d0ba	fill-350x262-c90	262
1058	images/14.width-500.jpg	500	331		width-500	61
1059	images/Sol2.max-800x600.png	274	300		max-800x600	263
1060	images/Sol2.width-500.png	274	300		width-500	263
1061	images/Sol2.max-165x165.png	150	165		max-165x165	263
1062	images/pexels-belle-co-1000445_2.max-165x165.jpg	165	109		max-165x165	264
1063	images/pexels-belle-co-1000445_2.2e16d0ba.fill-900x500-c80.jpg	640	356	2e16d0ba	fill-900x500-c80	264
1064	images/Sol_m_glasogon_1.max-800x600.png	480	432		max-800x600	265
1065	images/Sol_m_glasogon_1.width-500.png	480	432		width-500	265
1066	images/Sol_m_glasogon_1.max-165x165.png	165	148		max-165x165	265
1067	images/Skills_assessment_picture.max-800x600.jpg	800	418		max-800x600	266
1068	images/Skills_assessment_picture.width-500.jpg	500	261		width-500	266
1069	images/Skills_assessment_picture.max-165x165.jpg	165	86		max-165x165	266
1070	images/Amer-Mir.max-165x165.jpg	165	110		max-165x165	267
1071	images/Amer-Mir.2e16d0ba.fill-350x262-c90.jpg	316	236	2e16d0ba	fill-350x262-c90	267
1072	images/Skarmavbild_2021-08-02_kl._09.38.00.max-165x165.png	161	165		max-165x165	268
1073	images/Skarmavbild_2021-08-02_kl._09.38.00.2e16d0ba.fill-75x75.png	75	75	2e16d0ba	fill-75x75	268
1074	images/Skarmavbild_2021-08-02_kl._09..2e16d0ba.fill-350x262-c90.png	350	262	2e16d0ba	fill-350x262-c90	268
1075	images/5_8i8U71t.width-930.jpg	930	1240		width-930	216
1076	images/4_H9f8JXB.width-930.jpg	930	1240		width-930	215
1077	images/4_Vrqealp.width-930.jpg	640	480		width-930	176
1078	images/1_0VREVzy.width-930.jpg	480	640		width-930	174
1079	images/img_0702-e1560326153578.width-930.jpg	480	640		width-930	109
1080	images/img_0699-e1560326165289.width-930.jpg	480	640		width-930	108
1081	images/img_0720-e1560326022422.width-930.jpg	480	640		width-930	117
1082	images/IMG_2481_Niklas_cake.width-930.jpg	480	640		width-930	208
1083	images/IMG_3268.width-930.jpg	930	1240		width-930	234
1084	images/Navita_Photo.max-165x165.jpg	97	132		max-165x165	269
1085	images/Navita_Photo.2e16d0ba.fill-75x75.jpg	75	75	2e16d0ba	fill-75x75	269
1086	images/Navita_Photo.2e16d0ba.fill-350x262-c90.jpg	97	74	2e16d0ba	fill-350x262-c90	269
1087	images/Jonas_Anell.max-165x165.png	149	165		max-165x165	270
1088	images/Jonas_Anell.2e16d0ba.fill-75x75.png	75	75	2e16d0ba	fill-75x75	270
1089	images/Jonas_Anell.2e16d0ba.fill-350x262-c90.png	350	262	2e16d0ba	fill-350x262-c90	270
1090	images/Jonas_Anell.original.png	1070	1180		original	270
1091	images/Jonas_Anell.max-800x600.png	544	600		max-800x600	270
1092	images/Jonas_Anell.b6e94930.fill-350x262-c90.png	350	262	b6e94930	fill-350x262-c90	270
1093	images/Jonas_Anell.f0d51d15.fill-350x262-c90.png	350	262	f0d51d15	fill-350x262-c90	270
1094	images/Jonas_Anell.2bfdbbdc.fill-350x262-c90.png	350	262	2bfdbbdc	fill-350x262-c90	270
1095	images/IMG_2266.original.jpg	480	640		original	195
1096	images/IMG_2266.max-800x600.jpg	450	600		max-800x600	195
1097	images/Jonas_Anell.709ab5cb.fill-350x262-c90.png	350	262	709ab5cb	fill-350x262-c90	270
1098	images/Jonas_Anell.42aa6ebd.fill-350x262-c90.png	350	262	42aa6ebd	fill-350x262-c90	270
1113	images/Skarmavbild_2021-08-11_kl._09.40.23.max-165x165.png	165	159		max-165x165	273
1114	images/Skarmavbild_2021-08-11_kl._09..2e16d0ba.fill-350x262-c90.png	350	262	2e16d0ba	fill-350x262-c90	273
1115	images/Skarmavbild_2021-08-11_kl._09.40.23.original.png	794	766		original	273
1116	images/Skarmavbild_2021-08-11_kl._09.40.23.max-800x600.png	621	600		max-800x600	273
1117	images/Skarmavbild_2021-08-11_kl._09..faf2b1ed.fill-350x262-c90.png	350	262	faf2b1ed	fill-350x262-c90	273
1118	images/Skarmavbild_2021-08-11_kl._09..063d86e3.fill-350x262-c90.png	350	262	063d86e3	fill-350x262-c90	273
1119	images/Skarmavbild_2021-08-11_kl._09.42.46.max-165x165.png	165	160		max-165x165	274
1120	images/Skarmavbild_2021-08-11_kl._09.42.46.original.png	804	782		original	274
1121	images/Skarmavbild_2021-08-11_kl._09.42.46.max-800x600.png	616	600		max-800x600	274
1122	images/Dmitry_Kosov_2.max-165x165.jpg	92	165		max-165x165	275
1123	images/Dmitry_Kosov_2.2e16d0ba.fill-350x262-c90.jpg	350	262	2e16d0ba	fill-350x262-c90	275
1124	images/Dmitry_Kosov_2.original.jpg	1440	2560		original	275
1125	images/Dmitry_Kosov_2.max-800x600.jpg	337	600		max-800x600	275
1126	images/Dmitry_Kosov_2.9e6c7ed2.fill-350x262-c90.jpg	350	262	9e6c7ed2	fill-350x262-c90	275
1127	images/Skarmavbild_2021-08-11_kl._09..5445f1dc.fill-350x262-c90.png	350	262	5445f1dc	fill-350x262-c90	274
1128	images/Skarmavbild_2021-08-11_kl._11.03.23.max-165x165.png	165	93		max-165x165	276
1129	images/Skarmavbild_2021-08-11_kl._11..2e16d0ba.fill-350x262-c90.png	350	262	2e16d0ba	fill-350x262-c90	276
1130	images/20210812_Johan_Sorell_RHCE.width-350.jpg	350	466		width-350	278
1131	images/20210812_Johan_Sorell_RHCE.2e16d0ba.fill-256x280-c80.jpg	256	280	2e16d0ba	fill-256x280-c80	278
1132	images/20210812_Johan_Sorell_tarta.2e16d0ba.fill-256x280-c80.jpg	256	280	2e16d0ba	fill-256x280-c80	277
1133	images/20210812_Johan_Sorell_RHCE.max-165x165.jpg	123	165		max-165x165	278
1134	images/20210812_Johan_Sorell_tarta.max-165x165.jpg	123	165		max-165x165	277
1135	images/image_oIXSTlO.2e16d0ba.fill-256x280-c80.png	121	133	2e16d0ba	fill-256x280-c80	279
1136	images/image_oIXSTlO.max-165x165.png	121	165		max-165x165	279
1137	images/image_oIXSTlO.original.png	121	165		original	279
1138	images/image_oIXSTlO.max-800x600.png	121	165		max-800x600	279
1139	images/image_oIXSTlO.ebfa0778.fill-256x280-c80.png	121	133	ebfa0778	fill-256x280-c80	279
1140	images/image_oIXSTlO.7bc93e82.fill-256x280-c80.png	121	133	7bc93e82	fill-256x280-c80	279
1141	images/20210812_Johan_Sorell_RHCE_rvT.2e16d0ba.fill-256x280-c80.jpg	256	280	2e16d0ba	fill-256x280-c80	280
1142	images/20210812_Johan_Sorell_RHCE_rvTfJqb.max-165x165.jpg	123	165		max-165x165	280
1143	images/20210812_Johan_Sorell_RHCE_rvTfJqb.original.jpg	1500	2000		original	280
1144	images/20210812_Johan_Sorell_RHCE_rvTfJqb.max-800x600.jpg	450	600		max-800x600	280
1145	images/20210812_Johan_Sorell_RHCE_rvT.7230d7fc.fill-256x280-c80.jpg	256	280	7230d7fc	fill-256x280-c80	280
1146	images/20210812_Johan_Sorell_RHCE_rvT.1b5fd4d8.fill-256x280-c80.jpg	256	280	1b5fd4d8	fill-256x280-c80	280
1147	images/image_oIXSTlO.width-350.png	121	165		width-350	279
1148	images/image_oIXSTlO.width-930.png	121	165		width-930	279
1149	images/20210812_Johan_Sorell_RHCE.width-930.jpg	930	1240		width-930	278
1150	images/20210812_Johan_Sorell_tarta.width-930.jpg	930	1240		width-930	277
1151	images/20210812_Johan_Sorell_RHCE_rvTfJqb.width-930.jpg	930	1240		width-930	280
1152	images/markus-winkler-aId-xYRTlEc-unsplash_1.max-165x165.jpg	165	110		max-165x165	281
1153	images/markus-winkler-aId-xYRTlEc-uns.2e16d0ba.fill-900x500-c80.jpg	900	500	2e16d0ba	fill-900x500-c80	281
1154	images/markus-winkler-aId-xYRTlEc-unsplash_1.max-800x600.jpg	800	533		max-800x600	281
1155	images/markus-winkler-aId-xYRTlEc-unsplash_1.width-500.jpg	500	333		width-500	281
1208	images/E723C280-1A75-43EC-B04E-AA9F1FC889A9.max-165x165.png	165	165		max-165x165	282
1209	images/E723C280-1A75-43EC-B04E-AA9F1F.998193ea.fill-350x262-c90.png	350	262	998193ea	fill-350x262-c90	282
1210	images/E723C280-1A75-43EC-B04E-AA9F1FC889A9.original.png	501	501		original	282
1211	images/E723C280-1A75-43EC-B04E-AA9F1FC889A9.max-800x600.png	501	501		max-800x600	282
1212	images/E723C280-1A75-43EC-B04E-AA9F1F.fc8b1cae.fill-350x262-c90.png	350	262	fc8b1cae	fill-350x262-c90	282
1213	images/E723C280-1A75-43EC-B04E-AA9F1F.3bc3acb7.fill-350x262-c90.png	350	262	3bc3acb7	fill-350x262-c90	282
1214	images/Skills_assessment_picture.max-495x540.jpg	495	258		max-495x540	266
1215	images/D315B2F5-20F0-455B-968F-F6B7100E9813_1_105_c.max-165x165.jpg	165	123		max-165x165	286
1216	images/F63E7D76-6879-413E-8FE3-2CCDFA6B13FC_1_105_c.max-165x165.jpg	165	123		max-165x165	285
1217	images/3A1A521F-D952-45D8-B787-3D19BBBB67C1_1_105_c.max-165x165.jpg	123	165		max-165x165	284
1218	images/85541480-345E-4F0C-B7CA-6C6D799571AA_1_105_c.max-165x165.jpg	123	165		max-165x165	283
1219	images/Sara.max-165x165.jpg	130	165		max-165x165	287
1220	images/Sara.2e16d0ba.fill-75x75.jpg	75	75	2e16d0ba	fill-75x75	287
1221	images/Sara.2e16d0ba.fill-350x262-c90.jpg	350	262	2e16d0ba	fill-350x262-c90	287
1222	images/Sara.original.jpg	3024	3827		original	287
1223	images/Sara.max-800x600.jpg	474	600		max-800x600	287
1224	images/Sara.61da56ad.fill-350x262-c90.jpg	350	262	61da56ad	fill-350x262-c90	287
1225	images/Sara.48412b7a.fill-350x262-c90.jpg	350	262	48412b7a	fill-350x262-c90	287
1226	images/Sara.a7a89869.fill-350x262-c90.jpg	350	262	a7a89869	fill-350x262-c90	287
1227	images/20200526_SanFransisco.2e16d0ba.fill-256x280-c80.jpg	256	280	2e16d0ba	fill-256x280-c80	293
1228	images/20200526_podrum.2e16d0ba.fill-256x280-c80.jpg	256	280	2e16d0ba	fill-256x280-c80	292
1229	images/20200526_miljokorridor.2e16d0ba.fill-256x280-c80.jpg	256	280	2e16d0ba	fill-256x280-c80	291
1230	images/20200526_loungevy.2e16d0ba.fill-256x280-c80.jpg	256	280	2e16d0ba	fill-256x280-c80	290
1231	images/20200526_loungematbank.2e16d0ba.fill-256x280-c80.jpg	256	280	2e16d0ba	fill-256x280-c80	289
1232	images/20200526_gronasoffan.2e16d0ba.fill-256x280-c80.jpg	256	280	2e16d0ba	fill-256x280-c80	288
1233	images/20200526_loungevy.width-930_g9HSgtM.jpg	930	697		width-930	290
1234	images/20200526_miljokorridor.width-930_2ILHaFN.jpg	930	1240		width-930	291
1235	images/20200526_podrum.width-930_jpXRzCj.jpg	930	1240		width-930	292
1236	images/20200526_SanFransisco.width-930_h0nqjXG.jpg	930	697		width-930	293
1237	images/20200526_loungematbank.width-930_iTEvTNA.jpg	930	697		width-930	289
1238	images/20200526_SanFransisco.max-165x165.jpg	165	123		max-165x165	293
1239	images/20200526_podrum.max-165x165.jpg	123	165		max-165x165	292
1240	images/20200526_miljokorridor.max-165x165.jpg	123	165		max-165x165	291
1241	images/20200526_loungevy.max-165x165.jpg	165	123		max-165x165	290
1242	images/20200526_loungematbank.max-165x165.jpg	165	123		max-165x165	289
1243	images/20200526_gronasoffan.max-165x165.jpg	123	165		max-165x165	288
1244	images/pexels-pixabay-459653.max-165x165.jpg	165	109		max-165x165	294
1245	images/pexels-pixabay-459653.2e16d0ba.fill-900x500-c80.jpg	640	356	2e16d0ba	fill-900x500-c80	294
1246	images/20200526_gronasoffan.width-930_PgLiHtD.jpg	930	1240		width-930	288
1259	images/Sara.5860cf2b.fill-350x262-c90.jpg	350	262	5860cf2b	fill-350x262-c90	287
1260	images/Sara.b592b50c.fill-350x262-c90.jpg	350	262	b592b50c	fill-350x262-c90	287
1271	images/20200526_loungevy.2e16d0ba.fill-900x500-c80.jpg	900	500	2e16d0ba	fill-900x500-c80	290
1272	images/pexels-soumil-kumar-735911.max-165x165.jpg	165	110		max-165x165	300
1273	images/pexels-soumil-kumar-735911.2e16d0ba.fill-900x500-c80.jpg	900	500	2e16d0ba	fill-900x500-c80	300
1274	images/pexels-soumil-kumar-735911.original.jpg	6016	4016		original	300
1275	images/pexels-soumil-kumar-735911.max-800x600.jpg	800	534		max-800x600	300
1276	images/pexels-soumil-kumar-735911.7867267a.fill-900x500-c80.jpg	900	500	7867267a	fill-900x500-c80	300
1284	images/pexels-pixabay-270373.max-165x165.jpg	165	110		max-165x165	302
1285	images/pexels-pixabay-270373.2e16d0ba.fill-495x540-c80.jpg	495	540	2e16d0ba	fill-495x540-c80	302
1286	images/Network_code.max-165x165.png	165	108		max-165x165	303
1287	images/Network_code.2e16d0ba.fill-495x540-c80.png	389	424	2e16d0ba	fill-495x540-c80	303
1288	images/Network_code.original.png	645	424		original	303
1289	images/Network_code.max-800x600.png	645	424		max-800x600	303
1290	images/pexels-negative-space-97077.max-165x165.jpg	165	110		max-165x165	304
1291	images/pexels-negative-space-97077.2e16d0ba.fill-495x540-c80.jpg	495	540	2e16d0ba	fill-495x540-c80	304
1292	images/Devops.max-165x165.jpg	165	110		max-165x165	305
1293	images/Devops.2e16d0ba.fill-495x540-c80.jpg	495	540	2e16d0ba	fill-495x540-c80	305
1316	images/Logo-Red_Hat-Premier_Bus_Partner-Sol.2e16d0ba.fill-75x75.png	75	75	2e16d0ba	fill-75x75	259
1416	images/ck.2e16d0ba.fill-350x262-c90.jpg	350	262	2e16d0ba	fill-350x262-c90	39
1326	images/Red_Hat_logo.max-495x540.png	227	110		max-495x540	205
1327	images/Logo-Red_Hat-Lexher.max-495x540.png	495	146		max-495x540	43
1328	images/Logo-Red_Hat-Lexher.5656956a.fill-495x540-c80.png	484	528	5656956a	fill-495x540-c80	43
1329	images/Logo_RedHat_Hat_Color_RGB_1.max-165x165.png	165	124		max-165x165	315
1330	images/Logo_RedHat_Hat_Color_RGB_1.max-495x540.png	384	290		max-495x540	315
1331	images/download_1.max-165x165.png	165	165		max-165x165	316
1332	images/download_1.max-495x540.png	225	225		max-495x540	316
1333	images/download.max-165x165.png	165	92		max-165x165	317
1334	images/download.max-495x540.png	300	168		max-495x540	317
1335	images/vit.max-165x165.jpg	56	13		max-165x165	318
1336	images/vit.2e16d0ba.fill-75x75.jpg	14	13	2e16d0ba	fill-75x75	318
1337	images/vit.2e16d0ba.fill-350x262-c90.jpg	18	13	2e16d0ba	fill-350x262-c90	318
1412	images/pexels-pixabay-459653.original.jpg	640	426		original	294
1413	images/pexels-pixabay-459653.max-800x600.jpg	640	426		max-800x600	294
1353	images/playbuttonwhite.max-165x165.png	165	126		max-165x165	324
1354	images/playbuttonwhite.original.png	625	480		original	324
1355	images/playbuttonwhite.max-800x600.png	625	480		max-800x600	324
1356	images/IMG_3259.original.jpg	4032	3024		original	252
1357	images/IMG_3259.max-800x600.jpg	800	600		max-800x600	252
1358	images/Black.max-165x165.png	165	126		max-165x165	325
1359	images/Black.original.png	1168	895		original	325
1360	images/Black.max-800x600.png	783	600		max-800x600	325
1361	images/Black.max-150x150.png	150	114		max-150x150	325
1362	images/Black.max-120x120.png	120	91		max-120x120	325
1363	images/Lexher_svart.max-165x165.png	165	54		max-165x165	326
1364	images/Lexher_svart.original.png	641	210		original	326
1365	images/Lexher_svart.max-800x600.png	641	210		max-800x600	326
1366	images/Lexher_svart.height-80.png	244	80		height-80	326
1367	images/Lexher_svart.height-60.png	183	60		height-60	326
1391	images/khalex.original.png	720	460		original	79
1392	images/khalex.max-800x600.png	720	460		max-800x600	79
1393	images/ck.max-165x165.jpg	165	123		max-165x165	39
\.


--
-- Data for Name: wagtailimages_uploadedimage; Type: TABLE DATA; Schema: public; Owner: -
--

COPY public.wagtailimages_uploadedimage (id, file, uploaded_by_user_id) FROM stdin;
\.


--
-- Data for Name: wagtailmenus_flatmenu; Type: TABLE DATA; Schema: public; Owner: -
--

COPY public.wagtailmenus_flatmenu (id, title, handle, heading, site_id, max_levels) FROM stdin;
1	Sidfotsmeny	footer		2	1
2	Sidfotsmeny intranät	footer		3	1
\.


--
-- Data for Name: wagtailmenus_flatmenuitem; Type: TABLE DATA; Schema: public; Owner: -
--

COPY public.wagtailmenus_flatmenuitem (id, sort_order, link_text, link_url, link_page_id, menu_id, url_append, allow_subnav, handle) FROM stdin;
1	0		\N	48	1		f	
3	1		\N	75	1		f	
5	2		\N	44	1		f	
4	3		\N	141	1		f	
6	4	Intranät	\N	192	1		f	
7	0	Externa webbplatsen	https://lexher.se/	\N	2		f	
8	1	Logga ut	/logout/?next=/	\N	2		f	
\.


--
-- Data for Name: wagtailmenus_mainmenu; Type: TABLE DATA; Schema: public; Owner: -
--

COPY public.wagtailmenus_mainmenu (id, site_id, max_levels) FROM stdin;
2	3	2
1	2	2
\.


--
-- Data for Name: wagtailmenus_mainmenuitem; Type: TABLE DATA; Schema: public; Owner: -
--

COPY public.wagtailmenus_mainmenuitem (id, sort_order, link_text, link_url, link_page_id, menu_id, allow_subnav, url_append, handle) FROM stdin;
7	0		\N	194	2	f		
8	1		\N	272	2	t		
9	2		\N	196	2	f		
14	3		\N	386	2	t		
10	4		\N	197	2	t		
12	5		\N	275	2	t		
2	1		\N	5	1	t		
3	1		\N	6	1	f		
4	3	Kontakt	\N	75	1	f		
\.


--
-- Data for Name: wagtailredirects_redirect; Type: TABLE DATA; Schema: public; Owner: -
--

COPY public.wagtailredirects_redirect (id, old_path, is_permanent, redirect_link, redirect_page_id, site_id) FROM stdin;
2	/en	t		3	2
\.


--
-- Data for Name: wagtailsearch_editorspick; Type: TABLE DATA; Schema: public; Owner: -
--

COPY public.wagtailsearch_editorspick (id, sort_order, description, page_id, query_id) FROM stdin;
\.


--
-- Data for Name: wagtailsearch_query; Type: TABLE DATA; Schema: public; Owner: -
--

COPY public.wagtailsearch_query (id, query_string) FROM stdin;
1	rh294
2	ansible
3	lexher academy
4	hitta hit
5	kontakt
6	coffee
7	tips
8	caterina
9	daniel
10	spontanansökan
11	nätverkstekniker
12	with exam
13	devops
14	ex200
15	exam
16	cert
17	certifiering
18	mattias
19	omdf
20	omdf'),(,)))".
21	omdf'rpfooo<'">ckcyfm
22	wfht
23	wfht,",'.)),,.
24	wfht'aungvn<'">htfssy
25	rh124
26	rh236
27	pfmp
28	8806
29	pfmp().'((",.(
30	pfmp'gkenwh<'">lzavoj
31	jbrg
32	jbrg(..'(.,(,"
33	jbrg'efylay<'">uwgtai
34	do180
35	covid
36	corona
37	rh254
38	eimr
39	eimr),,,(".)'(
40	eimr'ojjwvj<'">ogskrz
41	hnzv
42	7943
43	hnzv)(")'(,,)(
44	hnzv'ihging<'">ltsiuv
45	lön
47	do447
48	network
49	stefan
50	support
51	kampanj
52	decemberkampanj
53	decemberkampanj!
54	utbildningsbudgeten
55	utbildning
56	lastbalansering
57	friskvård
58	www.ymwears.cn
59	redhat
60	rhcsa
61	rh199
62	ex294
63	ex436
64	</script>"><script>prompt(1)</script>
65	<script>alert(1)</script>
66	"><script>alert(1)</script>
67	'><script>alert(1)</script>
68	</script><svg onload=alert(1)>
69	<svg onload=alert(1)>
70	<svg/onload=alert(1)>
71	"><svg onload=alert(1)>
72	'><svg onload=alert(1)>
73	<script>alert`1`</script>
74	"><svg/onload=prompt(1)>
75	www.whyhx.cn
76	www.qianshuos.cn
77	www.pjyfsm.cn
78	microsoft
79	www.njyuezi.cn
80	www.ytw360.cn
81	rh358
82	engineer
83	tower
84	www.guizhouymce.cn
85	www.guangdongymcf.cn
86	www.daixiefabiao.net
87	www.hubeiymca.cn
88	www.yumiaoba.cn
89	www.yumiaooa.cn
90	www.yumiaocb.cn
91	www.yumiaokb.cn
92	www.yumiaoyc.cn
93	www.yumiaodd.cn
94	www.xinbaide.cn
95	www.hnxyhb.cn
96	www.guizhouymca.cn
97	www.guangdongymcc.cn
98	www.guangdongymcj.cn
99	www.hellgo.cn
100	www.futianymc.cn
101	www.dongguanh.cn
102	www.shenzhengb.cn
103	www.shenzhengf.cn
104	linda
105	www.fujianymce.cn
106	www.hubeiymcg.cn
107	www.hebeiymce.cn
108	www.liaoningymcb.cn
109	www.sichuanymcf.cn
110	www.zhejiangymcd.cn
111	jobb
112	jobs
113	nyhetsbrev
114	228
115	do285
116	do288
117	do289
118	katerina
119	umer babar
120	umer
121	värde
122	values
123	värderingar
124	lexher
125	maria cristina pinke de sousa
126	maria
127	caterina kullman
128	rh134
129	nätverk
130	ocp
131	openshift
132	red hat certified system administrator
133	red hat system administration
134	syjptcc.cn
135	jmbbzj.cn
136	www.xunai8.cn
137	gcecapital.cn
138	www.xacfw.cn
139	mfeducanada.cn
140	www.somegou.com
141	www.048992.cn
142	www.e0001.cn
143	www.mindswift.cn
144	www.zpxinyi.cn
145	www.siancms.cn
146	www.dongguane.cn
147	www.hxglgld.cn
148	www.brostecph.cn
149	cncxgp.cn
150	www.zyfucai.cn
151	wuyichenxiang.cn
152	www.tykd99.cn
153	jltsc.cn
154	crowdcine.cn
155	7izk.cn
156	shenyefa.cn
157	www.guangxiymcc.cn
158	ynackj.cn
159	www.cherryintl.cn
160	wxabt.cn
161	www.hnzdtx.cn
162	www.ganseeea.cn
163	www.butylacrylate.cn
164	www.qgxwdx.cn
165	www.yongshengfdc.com
166	www.588jm.cn
167	www.jfaz.cn
168	introduction to containers, kubernetes, and red hat openshift (do180)
169	02933.cn
170	wuxingmiaoyou.cn
171	246666.cn
172	www.czxydjx.cn
173	www.joydoo.cn
174	www.zcwzkj.cn
175	www.mingtii.cn
176	www.scckym.cn
177	www.syistar.cn
178	www.chinalongju.cn
179	ahyyzzp.cn
180	czbgjs.cn
181	www.sogoodpay.cn
182	fnmbs.cn
183	www.iot-dc.cn
184	www.genbentang.cn
185	www.cotis.cn
186	www.guizhouymcg.cn
187	sjwykj.cn
188	www.dongguanc.cn
189	yanghuamingkai.cn
190	0370job.cn
191	0eg168.cn
192	www.lvgu88.cn
193	jinlinmm.cn
194	dejiwhpx.cn
195	www.wings-sh.cn
196	www.guangxiymcb.cn
197	www.guangdongymck.cn
198	www.longdugame.cn
199	jiaxinwuye.cn
200	d0180
201	red hat
202	java
203	kullman
204	aliouate
205	ux
206	murarbo
207	company
208	kultur
209	företagskultur
210	????????13680862592??? ???? ??????????vr17k141
211	????????13680862592??? ???? ??????????spd2xbpm
212	????????13680862592??? ???? ??????????6pazub3v
213	????????13680862592??? ???? ??????????0yusteyj
214	????????13680862592??? ???? ??????????pdrn5i70
215	????????13680862592??? ???? ??????????4rfsxnvk
216	????????13680862592??? ???? ??????????1zhcptiy
217	????????13680862592??? ???? ??????????aadlj0g0
218	????????13680862592??? ???? ??????????ytggu1yx
219	????????13680862592??? ???? ??????????4mnxzbs1
220	????????13680862592??? ???? ??????????2zllacre
221	????????13680862592??? ???? ??????????d4i7amin
222	????????13680862592??? ???? ??????????e0u0qqzg
223	????????13680862592??? ???? ??????????dyfc0sp7
224	????????13680862592??? ???? ??????????tdrq0vld
225	?????????13680862592??? ???? ??????????5rwh5pi8
226	????????13680862592??? ???? ??????????yumgpkmk
227	????????13680862592??? ???? ??????????xhd3noyr
228	????????13680862592??? ???? ??????????3bjkm1hw
229	????????13680862592??? ???? ??????????qw1601qa
230	????????13680862592??? ???? ??????????oy8oa5iz
231	???????13680862592??? ???? ??????????xyp8eiih
232	????????13680862592??? ???? ??????????ubj7u1pm
233	????????13680862592??? ???? ??????????y5onlnv6
234	????????13680862592??? ???? ??????????7rhnwqyk
235	????????13680862592??? ???? ??????????ol7hrvtp
236	????????13680862592??? ???? ??????????yvpdmmtz
237	????????13680862592??? ???? ??????????noz6off1
238	????????13680862592??? ???? ??????????5gzbfwf8
239	????????13680862592??? ???? ??????????z27uty3v
240	?????????13680862592??? ???? ??????????72cyc4bn
241	?????????13680862592??? ???? ??????????a82kkadd
242	????????13680862592??? ???? ??????????ns8zzsl8
243	????????13680862592??? ???? ??????????p3wam50k
244	????????13680862592??? ???? ??????????tqqagslx
245	????????13680862592??? ???? ??????????nlrkfgru
246	????????13680862592??? ???? ??????????dz5jl25n
247	????????13680862592??? ???? ??????????353zeu1b
248	????????13680862592??? ???? ??????????8w1ukofi
249	????????13680862592??? ???? ??????????iki6qdgf
250	????????13680862592??? ???? ??????????ggo3wfrj
251	?????????13680862592??? ???? ??????????6q0782wt
252	?????????13680862592??? ???? ??????????ioi5dymh
253	????????13680862592??? ???? ??????????62suvn6f
254	????????13680862592??? ???? ??????????2x70zint
255	????????13680862592??? ???? ??????????mr0vcjt6
256	????????13680862592??? ???? ??????????3mntf1cj
257	????????13680862592??? ???? ??????????77l7czu5
258	?????????13680862592??? ???? ??????????ee6k5wgi
259	????????13680862592??? ???? ??????????dww161zw
260	?????????13680862592??? ???? ??????????ggsccjc4
261	???????? 13680862592??? ???? ??????????w8q1gua8
262	????????13680862592??? ???? ??????????avf4x2vs
263	????????13680862592??? ???? ??????????m5qbivwy
264	????????13680862592??? ???? ??????????meaw7cft
265	????????13680862592??? ???? ??????????ao0a7xmy
266	????????13680862592??? ???? ??????????pmtpsmnn
267	????????13680862592??? ???? ??????????zhzzs6mb
268	????????13680862592??? ???? ??????????q5szo6co
269	????????13680862592??? ???? ??????????foiadt2j
270	????????13680862592??? ???? ??????????4djdtt8c
271	█汕头南澳鱼苗场13680862592彭先生 品种齐全 优质鱼苗█包送货上门fgshduzk
272	█广州洪桥鱼苗场13680862592彭先生 品种齐全 优质鱼苗█包送货上门auay7uq6
273	█肇庆罗源鱼苗场13680862592彭先生 品种齐全 优质鱼苗█包送货上门p2dcxhoc
274	█钦州大垌鱼苗场13680862592彭先生 品种齐全 优质鱼苗█包送货上门pfl1nzg0
275	█云浮罗境鱼苗场13680862592彭先生 品种齐全 优质鱼苗█包送货上门rxzwbb6f
276	█贺州燕塘鱼苗场13680862592彭先生 品种齐全 优质鱼苗█包送货上门p3tc2oom
277	█佛山石湾鱼苗场13680862592彭先生 品种齐全 优质鱼苗█包送货上门dvzwr28p
278	█茂名望夫鱼苗场13680862592彭先生 品种齐全 优质鱼苗█包送货上门syxw2dcy
279	█肇庆莫村鱼苗场13680862592彭先生 品种齐全 优质鱼苗█包送货上门m5h7vje2
280	█茂名分界鱼苗场13680862592彭先生 品种齐全 优质鱼苗█包送货上门aoah3unz
281	█佛山容桂鱼苗场13680862592彭先生 品种齐全 优质鱼苗█包送货上门7dluthek
282	skärtorsdag
283	easter
284	█茂名合水鱼苗场13680862592彭先生 品种齐全 优质鱼苗█包送货上门p2ok2nlt
285	█阳江双捷鱼苗场13680862592彭先生 品种齐全 优质鱼苗█包送货上门8822f1os
286	█肇庆大洲鱼苗场13680862592彭先生 品种齐全 优质鱼苗█包送货上门1tb1zejt
287	█揭阳棉湖鱼苗场13680862592彭先生 品种齐全 优质鱼苗█包送货上门dtec260m
288	█普宁市鱼苗场13680862592彭先生 品种齐全 优质鱼苗█包送货上门7rxm6lwb
289	3jsx0zi6.www.whyhx.cn
290	dpkcwtnn.nbjyzb.cn
291	6k4n7z57.0370job.cn
292	h6y3csw0.sjwykj.cn
293	z3uyhsbf.sjwykj.cn
294	rag1wd6u.www.rfmc0451.cn
295	ddb7gft5.www.siancms.cn
296	nqqsu4vy.www.kailee.cn
297	crg4ivtq.www.trans-chn.cn
298	5lnzygz4.www.lvgu88.cn
299	riikidees⚡
300	xi7fqh52.www.ccm19.cn
301	3p8fi673.www.njsrszz.cn
302	7t6tvufm.ggf888.cn
303	q8arccx2.jjybsc.cn
304	e2ybyesn.www.geneboxes.cn
305	8trpward.gcecapital.cn
306	ft4v547o.www.yihe888.cn
307	bu1qj40l.www.bytuina.cn
308	j7co3iwa.www.rcipo.cn
309	knmhk1on.www.liahome.cn
310	h2eazzv8.gc910.cn
311	3q78omvn.www.ytw360.cn
312	hby78ycr.www.siancms.cn
313	oby3kvld.cncxgp.cn
314	zx1tbvur.www.agudao.cn
315	srd3abfv.jinlinmm.cn
316	d0410
317	gfyelpg4.www.yongshengfdc.com
318	h5s40szj.www.couchn.cn
319	asgdad4n.zytzshebei.cn
320	ybfwdv1b.www.zhongyunkeji88.cn
321	6komyy00.mfeducanada.cn
322	xd1n3tn4.www.iksd-s.cn
323	ex180
324	henrik lundgren
325	do380
326	catrina
327	rh403
328	hr manager
329	hr
330	0708619750
331	test
332	do280
333	ex288v45
334	linux
335	480qwnf4.futures-ai.cn
336	rhcsa exam
337	136zp1kh.hl-listen.cn
338	2uynu0p1.wings-sh.cn
339	is14zme0.moooq.cn
340	3fp2b110.brostecph.cn
341	3zq04chb.mindswift.cn
342	0ctadh7q.ytgso.cn
343	apvjcoc0.langyuantech.cn
344	vttyndi1.hunanlx.cn
345	djgqmgpu.qkdmfd.cn
346	nk2cl12h.mingweism.cn
347	ex447
348	jb248
349	do283
350	rh311
351	ex378
352	red hat openshift administration iii: scaling kubernetes deployments in the enterprise
353	hanna
354	306
355	hpc5iipq.haobote.cn
356	zys1zyln.zytzshebei.cn
357	1e8ejmia.myjiankang.cn
358	3fdofyrj.granvo.cn
359	phs2sflh.osramds.cn
360	sygfp7v3.guangdongymci.cn
361	6x1kcmh6.granvo.cn
362	mlmoctj1.aiwonongye.cn
363	1m11m4eh.joydoo.cn
364	53fzucsz.huashuku.cn
365	vwo3yplz.gkhsfund.cn
366	01nhlj7f.nemvc.cn
367	s4ml13y7.siancms.cn
368	6g4gq1i1.zghchb.cn
369	he1kjevv.qianshuos.cn
370	f3nxx117.tzyzp.cn
371	l3pankpw.cotis.cn
372	adress till lexher
373	adress till lexher ab
374	lexher ab
375	aws
376	amazon web services
377	konsulter
378	amazon web service
379	amazon
380	rh200
381	linux utbildning
382	ex294v8k
383	rhce
384	netapp
385	stenson
386	amer
387	amer mir
388	hanna werner
389	ls220
390	thomas
391	eriksson
392	caterina k
393	gdpr
394	1d3d2d231d2dd4
395	1d3d2d231d2dd4"
396	1d3d2d231d2dd4'
397	1d3d2d231d2dd4\\
398	1d3d2d231d2dd4-- -
399	1d3d2d231d2dd4553666
400	1d3d2d231d2dd4553666' or '553666'='0
401	1d3d2d231d2dd4553666' or '553666'='553666
402	1d3d2d231d2dd4553666' ptt_trigger
403	1d3d2d231d2dd4553666" or "553666"="0
404	1d3d2d231d2dd4553666" or "553666"="553666
405	1d3d2d231d2dd4553666" ptt_trigger
406	1d3d2d231d2dd4553666 or 553666=0
407	1d3d2d231d2dd4553666 or 553666=553666
408	1d3d2d231d2dd4553666 ptt_trigger
409	1d3d2d231d2dd454257' or (select * from(select sleep(25))a)='0
410	1d3d2d231d2dd455089' or (select count(pg_sleep(21)))='0
411	1d3d2d231d2dd452570';waitfor delay '0:0:25';--
412	1d3d2d231d2dd458488' or dbms_pipe.receive_message('ptt','20')='0
413	1d3d2d231d2dd455523" or (select * from(select sleep(22))a)="0
414	1d3d2d231d2dd454720" or (select count(pg_sleep(21)))="0
415	1d3d2d231d2dd456204";waitfor delay '0:0:23';--
416	1d3d2d231d2dd454885" or dbms_pipe.receive_message('ptt','21')="0
417	1d3d2d231d2dd458739 or (select * from(select sleep(23))a)=0
418	1d3d2d231d2dd458816 or (select count(pg_sleep(25)))=0
419	1d3d2d231d2dd456662;waitfor delay '0:0:23';--
420	1d3d2d231d2dd455286 or dbms_pipe.receive_message('ptt','24')=0
421	-
422	-?
423	1 -
424	-'
425	- '
426	1 - '
427	1 = 1
428	1' = 1'
429	'1' = '1'
430	'1' '=' '1'
431	1--
432	lönepolicy
433	red hat learning subscription
434	kullman'
435	newsletter
436	news letter
437	1
438	kal
439	christopher holland
440	rh-do280
441	zap
442	8349
443	9834
444	1"'"("'.'.,
445	7727-7726
446	1.8ancu
447	1'qdnprd<'">vhqtxy
448	1) and 8453=2620 and (6507=6507
449	1) and 6423=6423 and (2221=2221
450	1 and 5759=9286
451	1 and 6423=6423
452	1 and 4665=1928-- tteo
453	1 and 6423=6423-- znms
454	1') and 5946=8462 and ('eswl'='eswl
455	1') and 6423=6423 and ('lnjt'='lnjt
456	1' and 8606=8112 and 'gdyx'='gdyx
457	1' and 6423=6423 and 'wqwc'='wqwc
458	1%' and 5396=8275 and '%'='
459	1%' and 6423=6423 and '%'='
460	(select (case when (5739=3667) then 5739 else 5739*(select 5739 from information_schema.character_sets) end))
461	(select (case when (8603=8603) then 8603 else 8603*(select 8603 from information_schema.character_sets) end))
462	1) and (select 4478 from(select count(*),concat(0x71627a6271,(select (elt(4478=4478,1))),0x716a706b71,floor(rand(0)*2))x from information_schema.character_sets group by x)a) and (6318=6318
463	1 and (select 4478 from(select count(*),concat(0x71627a6271,(select (elt(4478=4478,1))),0x716a706b71,floor(rand(0)*2))x from information_schema.character_sets group by x)a)
464	1 and (select 4478 from(select count(*),concat(0x71627a6271,(select (elt(4478=4478,1))),0x716a706b71,floor(rand(0)*2))x from information_schema.character_sets group by x)a)-- hqjv
465	1') and (select 4478 from(select count(*),concat(0x71627a6271,(select (elt(4478=4478,1))),0x716a706b71,floor(rand(0)*2))x from information_schema.character_sets group by x)a) and ('iubn'='iubn
466	1' and (select 4478 from(select count(*),concat(0x71627a6271,(select (elt(4478=4478,1))),0x716a706b71,floor(rand(0)*2))x from information_schema.character_sets group by x)a) and 'uorp'='uorp
467	1%' and (select 4478 from(select count(*),concat(0x71627a6271,(select (elt(4478=4478,1))),0x716a706b71,floor(rand(0)*2))x from information_schema.character_sets group by x)a) and '%'='
468	1) and 4064=cast((chr(113)||chr(98)||chr(122)||chr(98)||chr(113))||(select (case when (4064=4064) then 1 else 0 end))::text||(chr(113)||chr(106)||chr(112)||chr(107)||chr(113)) as numeric) and (1953=1953
469	1 and 4064=cast((chr(113)||chr(98)||chr(122)||chr(98)||chr(113))||(select (case when (4064=4064) then 1 else 0 end))::text||(chr(113)||chr(106)||chr(112)||chr(107)||chr(113)) as numeric)
470	1 and 4064=cast((chr(113)||chr(98)||chr(122)||chr(98)||chr(113))||(select (case when (4064=4064) then 1 else 0 end))::text||(chr(113)||chr(106)||chr(112)||chr(107)||chr(113)) as numeric)-- oxaw
471	1') and 4064=cast((chr(113)||chr(98)||chr(122)||chr(98)||chr(113))||(select (case when (4064=4064) then 1 else 0 end))::text||(chr(113)||chr(106)||chr(112)||chr(107)||chr(113)) as numeric) and ('eoga'='eoga
472	1' and 4064=cast((chr(113)||chr(98)||chr(122)||chr(98)||chr(113))||(select (case when (4064=4064) then 1 else 0 end))::text||(chr(113)||chr(106)||chr(112)||chr(107)||chr(113)) as numeric) and 'ywjj'='ywjj
473	1%' and 4064=cast((chr(113)||chr(98)||chr(122)||chr(98)||chr(113))||(select (case when (4064=4064) then 1 else 0 end))::text||(chr(113)||chr(106)||chr(112)||chr(107)||chr(113)) as numeric) and '%'='
474	1) and 9225=convert(int,(select char(113)+char(98)+char(122)+char(98)+char(113)+(select (case when (9225=9225) then char(49) else char(48) end))+char(113)+char(106)+char(112)+char(107)+char(113))) and (7468=7468
475	1 and 9225=convert(int,(select char(113)+char(98)+char(122)+char(98)+char(113)+(select (case when (9225=9225) then char(49) else char(48) end))+char(113)+char(106)+char(112)+char(107)+char(113)))
476	1 and 9225=convert(int,(select char(113)+char(98)+char(122)+char(98)+char(113)+(select (case when (9225=9225) then char(49) else char(48) end))+char(113)+char(106)+char(112)+char(107)+char(113)))-- ojqd
477	1') and 9225=convert(int,(select char(113)+char(98)+char(122)+char(98)+char(113)+(select (case when (9225=9225) then char(49) else char(48) end))+char(113)+char(106)+char(112)+char(107)+char(113))) and ('mjcl'='mjcl
478	1' and 9225=convert(int,(select char(113)+char(98)+char(122)+char(98)+char(113)+(select (case when (9225=9225) then char(49) else char(48) end))+char(113)+char(106)+char(112)+char(107)+char(113))) and 'ztel'='ztel
479	1%' and 9225=convert(int,(select char(113)+char(98)+char(122)+char(98)+char(113)+(select (case when (9225=9225) then char(49) else char(48) end))+char(113)+char(106)+char(112)+char(107)+char(113))) and '%'='
480	1) and 8323=(select upper(xmltype(chr(60)||chr(58)||chr(113)||chr(98)||chr(122)||chr(98)||chr(113)||(select (case when (8323=8323) then 1 else 0 end) from dual)||chr(113)||chr(106)||chr(112)||chr(107)||chr(113)||chr(62))) from dual) and (2448=2448
481	1 and 8323=(select upper(xmltype(chr(60)||chr(58)||chr(113)||chr(98)||chr(122)||chr(98)||chr(113)||(select (case when (8323=8323) then 1 else 0 end) from dual)||chr(113)||chr(106)||chr(112)||chr(107)||chr(113)||chr(62))) from dual)
565	1 union all select null,null,null,null,null,null,null,null,null-- vvha
566	1 union all select null,null,null,null,null,null,null,null,null,null-- giqs
482	1 and 8323=(select upper(xmltype(chr(60)||chr(58)||chr(113)||chr(98)||chr(122)||chr(98)||chr(113)||(select (case when (8323=8323) then 1 else 0 end) from dual)||chr(113)||chr(106)||chr(112)||chr(107)||chr(113)||chr(62))) from dual)-- zzrv
483	1') and 8323=(select upper(xmltype(chr(60)||chr(58)||chr(113)||chr(98)||chr(122)||chr(98)||chr(113)||(select (case when (8323=8323) then 1 else 0 end) from dual)||chr(113)||chr(106)||chr(112)||chr(107)||chr(113)||chr(62))) from dual) and ('nbbq'='nbbq
484	1' and 8323=(select upper(xmltype(chr(60)||chr(58)||chr(113)||chr(98)||chr(122)||chr(98)||chr(113)||(select (case when (8323=8323) then 1 else 0 end) from dual)||chr(113)||chr(106)||chr(112)||chr(107)||chr(113)||chr(62))) from dual) and 'ncwr'='ncwr
485	1%' and 8323=(select upper(xmltype(chr(60)||chr(58)||chr(113)||chr(98)||chr(122)||chr(98)||chr(113)||(select (case when (8323=8323) then 1 else 0 end) from dual)||chr(113)||chr(106)||chr(112)||chr(107)||chr(113)||chr(62))) from dual) and '%'='
486	(select 5591 from(select count(*),concat(0x71627a6271,(select (elt(5591=5591,1))),0x716a706b71,floor(rand(0)*2))x from information_schema.character_sets group by x)a)
487	(select concat(0x71627a6271,(select (elt(9146=9146,1))),0x716a706b71))
488	(select (chr(113)||chr(98)||chr(122)||chr(98)||chr(113))||(select (case when (2767=2767) then 1 else 0 end))::text||(chr(113)||chr(106)||chr(112)||chr(107)||chr(113)))
489	(select char(113)+char(98)+char(122)+char(98)+char(113)+(select (case when (6214=6214) then char(49) else char(48) end))+char(113)+char(106)+char(112)+char(107)+char(113))
490	1);select sleep(5)#
491	1;select sleep(5)#
492	1');select sleep(5)#
493	1';select sleep(5)#
494	1%';select sleep(5)#
495	1);select pg_sleep(5)--
496	1;select pg_sleep(5)--
497	1');select pg_sleep(5)--
498	1';select pg_sleep(5)--
499	1%';select pg_sleep(5)--
500	1);waitfor delay '0:0:5'--
501	1;waitfor delay '0:0:5'--
502	1');waitfor delay '0:0:5'--
503	1';waitfor delay '0:0:5'--
504	1%';waitfor delay '0:0:5'--
505	1);select dbms_pipe.receive_message(chr(98)||chr(113)||chr(104)||chr(68),5) from dual--
506	1;select dbms_pipe.receive_message(chr(98)||chr(113)||chr(104)||chr(68),5) from dual--
507	1');select dbms_pipe.receive_message(chr(98)||chr(113)||chr(104)||chr(68),5) from dual--
508	1';select dbms_pipe.receive_message(chr(98)||chr(113)||chr(104)||chr(68),5) from dual--
509	1%';select dbms_pipe.receive_message(chr(98)||chr(113)||chr(104)||chr(68),5) from dual--
510	1) and sleep(5) and (5366=5366
511	1 and sleep(5)
512	1 and sleep(5)-- cekq
513	1') and sleep(5) and ('kdxt'='kdxt
514	1' and sleep(5) and 'zjzg'='zjzg
515	1%' and sleep(5) and '%'='
516	1) and 7367=(select 7367 from pg_sleep(5)) and (5014=5014
517	1 and 7367=(select 7367 from pg_sleep(5))
518	1 and 7367=(select 7367 from pg_sleep(5))-- lhys
519	1') and 7367=(select 7367 from pg_sleep(5)) and ('ghdz'='ghdz
520	1' and 7367=(select 7367 from pg_sleep(5)) and 'hzgw'='hzgw
521	1%' and 7367=(select 7367 from pg_sleep(5)) and '%'='
522	1) waitfor delay '0:0:5' and (1985=1985
523	1 waitfor delay '0:0:5'
524	1 waitfor delay '0:0:5'-- luin
525	1') waitfor delay '0:0:5' and ('bfni'='bfni
526	1' waitfor delay '0:0:5' and 'mdls'='mdls
527	1%' waitfor delay '0:0:5' and '%'='
528	1) and 5969=dbms_pipe.receive_message(chr(68)||chr(80)||chr(115)||chr(113),5) and (6200=6200
529	1 and 5969=dbms_pipe.receive_message(chr(68)||chr(80)||chr(115)||chr(113),5)
530	1 and 5969=dbms_pipe.receive_message(chr(68)||chr(80)||chr(115)||chr(113),5)-- cqkv
531	1') and 5969=dbms_pipe.receive_message(chr(68)||chr(80)||chr(115)||chr(113),5) and ('gpbx'='gpbx
532	1' and 5969=dbms_pipe.receive_message(chr(68)||chr(80)||chr(115)||chr(113),5) and 'rwcv'='rwcv
533	1%' and 5969=dbms_pipe.receive_message(chr(68)||chr(80)||chr(115)||chr(113),5) and '%'='
534	1) order by 1-- bjzj
535	1) union all select null-- tmvn
536	1) union all select null,null-- afys
537	1) union all select null,null,null-- dqoz
538	1) union all select null,null,null,null-- andm
539	1) union all select null,null,null,null,null-- grlt
540	1) union all select null,null,null,null,null,null-- nkia
541	1) union all select null,null,null,null,null,null,null-- vcbt
542	1) union all select null,null,null,null,null,null,null,null-- miol
543	1) union all select null,null,null,null,null,null,null,null,null-- cjhb
544	1) union all select null,null,null,null,null,null,null,null,null,null-- lhqn
545	1 order by 1-- qacc
546	1 union all select null-- pxgv
547	1 union all select null,null-- asgf
548	1 union all select null,null,null-- jpuw
549	1 union all select null,null,null,null-- nwvt
550	1 union all select null,null,null,null,null-- iuxk
551	1 union all select null,null,null,null,null,null-- ptmn
552	1 union all select null,null,null,null,null,null,null-- qixb
553	1 union all select null,null,null,null,null,null,null,null-- vxjs
554	1 union all select null,null,null,null,null,null,null,null,null-- arxt
555	1 union all select null,null,null,null,null,null,null,null,null,null-- iyzf
556	1 order by 1-- lkne
557	1 union all select null-- ahpd
558	1 union all select null,null-- zisr
559	1 union all select null,null,null-- cfwg
560	1 union all select null,null,null,null-- hnvg
561	1 union all select null,null,null,null,null-- glpo
562	1 union all select null,null,null,null,null,null-- ntwc
563	1 union all select null,null,null,null,null,null,null-- qbip
564	1 union all select null,null,null,null,null,null,null,null-- bxjv
567	1') order by 1-- ckzs
568	1') union all select null-- ouni
569	1') union all select null,null-- pcyc
570	1') union all select null,null,null-- larz
571	1') union all select null,null,null,null-- kqvs
572	1') union all select null,null,null,null,null-- ldhz
573	1') union all select null,null,null,null,null,null-- yltz
574	1') union all select null,null,null,null,null,null,null-- idsj
575	1') union all select null,null,null,null,null,null,null,null-- viho
576	1') union all select null,null,null,null,null,null,null,null,null-- mcxo
577	1') union all select null,null,null,null,null,null,null,null,null,null-- taid
578	1' order by 1-- nxxe
579	1' union all select null-- dzfg
580	1' union all select null,null-- cpzp
581	1' union all select null,null,null-- zsdg
582	1' union all select null,null,null,null-- pmhd
583	1' union all select null,null,null,null,null-- sbwx
584	1' union all select null,null,null,null,null,null-- gemm
585	1' union all select null,null,null,null,null,null,null-- mhdu
586	1' union all select null,null,null,null,null,null,null,null-- wejq
587	1' union all select null,null,null,null,null,null,null,null,null-- tccd
588	1' union all select null,null,null,null,null,null,null,null,null,null-- nlny
589	1%' order by 1-- fqww
590	1%' union all select null-- bwax
591	1%' union all select null,null-- jisg
592	1%' union all select null,null,null-- jjha
593	1%' union all select null,null,null,null-- fvum
594	1%' union all select null,null,null,null,null-- dkqe
595	1%' union all select null,null,null,null,null,null-- zgfp
596	1%' union all select null,null,null,null,null,null,null-- eapd
597	1%' union all select null,null,null,null,null,null,null,null-- khfz
598	1%' union all select null,null,null,null,null,null,null,null,null-- vysn
599	1%' union all select null,null,null,null,null,null,null,null,null,null-- giel
600	1) order by 1#
601	1) order by 6005#
602	1) order by 10#
603	1) order by 20#
604	1) order by 30#
605	1) order by 40#
606	1) order by 35#
607	1) order by 33#
608	1) order by 32#
609	1) union all select null,null,null,null,null,null,null,null,null,null,null,null,null,null,null,null,null,null,concat(0x71627a6271,0x49425a73616c666a695358554974517979424849424b7a736659597879564c726f7a6d6b57767578,0x716a706b71),null,null,null,null,null,nul
610	1) union all select null,null,null,null,null,null,null,null,null,null,null,null,null,null,null,null,null,null,null,null,null,null,null,null,null,null,null,null,null,null,concat(0x71627a6271,0x466c436b4155477467486f5a6c536d50746f4c7875726343594e46756273736
611	1) union all select null,null,null,null,null,null,null,null,null,null,null,null,null,null,null,null,concat(0x71627a6271,0x57416e504e63625a42764450546f776242656664784955675976664f7a746c4b706b51674f575376,0x716a706b71),null,null,null,null,null,null,null,nul
612	1) union all select null,null,null,concat(0x71627a6271,0x43706d6a696d6c6b5a79505265686d7769547844444e41566b665477766b676e765a66524e794b43,0x716a706b71),null,null,null,null,null,null,null,null,null,null,null,null,null,null,null,null,null,null,null,null,nul
613	1) union all select null,null,null,null,null,null,null,null,null,null,null,null,null,null,null,null,null,null,null,null,null,null,null,null,null,null,null,null,null,concat(0x71627a6271,0x4e646f79686447427a537578557675624b4a644448534e6a41597978686f456e4644
614	1) union all select null,null,null,null,null,concat(0x71627a6271,0x6250485a53534d694d59726f4a6c7766714f696d5a4775584b584c454a5851666654455153787950,0x716a706b71),null,null,null,null,null,null,null,null,null,null,null,null,null,null,null,null,null,null,nul
615	1) union all select null,null,null,null,null,null,null,null,null,null,null,null,concat(0x71627a6271,0x66657664415a566e784f774152554850416b6c67476e664d4c7774527452544e6e677243754e627a,0x716a706b71),null,null,null,null,null,null,null,null,null,null,null,nul
616	1) union all select null,null,null,null,null,null,null,null,null,null,null,null,null,null,null,null,null,null,null,null,null,null,null,null,null,null,null,concat(0x71627a6271,0x4142785a414662544b6c6c62676d4d5176544a464d466b657a6d4474716b6275625a7575764a7a
617	1) union all select null,null,null,null,null,null,concat(0x71627a6271,0x56476c4f446456794c7a554670747a7a546f6e414f5a624c58595259716d6d706d41714451696f52,0x716a706b71),null,null,null,null,null,null,null,null,null,null,null,null,null,null,null,null,null,nul
618	1) union all select null,null,null,null,null,null,null,null,null,null,null,null,null,null,null,null,null,null,null,null,concat(0x71627a6271,0x62656168786978707a6d6a47426976574765534b64534a6c466647797a6b564469496a4f4144524e,0x716a706b71),null,null,null,nul
619	1) union all select null,null,null,null,null,null,null,null,null,null,null,null,null,concat(0x71627a6271,0x467250714e45594e5a50595764434e7a6575557042514c494f4457654e74574275585165534d534e,0x716a706b71),null,null,null,null,null,null,null,null,null,null,nul
620	1) union all select null,null,null,null,null,null,null,null,null,null,null,null,null,null,null,null,null,null,null,null,null,null,concat(0x71627a6271,0x6b4155666c42666859474f77516d475561424b4f6b6268516f6e5565594a7155787a6c4e59666372,0x716a706b71),null,nul
621	1) union all select null,null,null,null,null,null,null,concat(0x71627a6271,0x50694250704e774b5556627753575a58415765444248626f68546b79794b724b49656a6a58434e66,0x716a706b71),null,null,null,null,null,null,null,null,null,null,null,null,null,null,null,null,nul
622	1) union all select null,null,null,null,null,null,null,null,null,null,null,null,null,null,null,null,null,concat(0x71627a6271,0x4f44576a5063785777614876714b626f4c6a6f65446c6969597a76776350594f626a52617969515a,0x716a706b71),null,null,null,null,null,null,nul
623	1) union all select null,null,null,null,null,null,null,null,null,null,null,null,null,null,null,concat(0x71627a6271,0x455944434b4758594f4e477844796a51625a494869747875584963514a4b4844556f4d434b525847,0x716a706b71),null,null,null,null,null,null,null,null,nul
624	1) union all select concat(0x71627a6271,0x676b6743695a414d74737a74784d526d4b6e6b554a587744514742564a737a4f4e53544c52506370,0x716a706b71),null,null,null,null,null,null,null,null,null,null,null,null,null,null,null,null,null,null,null,null,null,null,null,nul
625	1) union all select null,null,null,null,null,null,null,null,null,null,null,null,null,null,null,null,null,null,null,null,null,null,null,null,null,null,null,null,null,null,null,concat(0x71627a6271,0x595953497059466f6d7a5451627a6f5351516d67574875594c52555773
626	1) union all select null,null,concat(0x71627a6271,0x534f677261614150595652534e744b51584463694f65754c764c7a56526e61647142756a474a6243,0x716a706b71),null,null,null,null,null,null,null,null,null,null,null,null,null,null,null,null,null,null,null,null,null,nul
627	1) union all select null,null,null,null,concat(0x71627a6271,0x556e7a6371664e7779736b4f5a555a6e7765486841574774667270717876657747757a4d566e4f62,0x716a706b71),null,null,null,null,null,null,null,null,null,null,null,null,null,null,null,null,null,null,null,nul
628	1) union all select null,null,null,null,null,null,null,null,null,null,null,null,null,null,null,null,null,null,null,null,null,null,null,null,null,null,null,null,concat(0x71627a6271,0x42665a75497364457977414c6f4f4367704f56624c564a68615a687a4f505268766a416f6
629	1) union all select null,null,null,null,null,null,null,null,null,null,null,null,null,null,null,null,null,null,null,concat(0x71627a6271,0x726171664e4b41766f776365776573564e69706361584e54624a7a466468514b72546f5752754a4d,0x716a706b71),null,null,null,null,nul
630	1) union all select null,null,null,null,null,null,null,null,null,null,null,null,null,null,null,null,null,null,null,null,null,null,null,null,concat(0x71627a6271,0x4f58436653534569516472645a6152476944517878486569496545776b53654e6172464a4d42696d,0x716a706b71
631	1) union all select null,null,null,null,null,null,null,null,null,null,null,null,null,null,concat(0x71627a6271,0x414c58664c5142727578417876504541456473534f61566b71524a4745434449746354556b76636a,0x716a706b71),null,null,null,null,null,null,null,null,null,nul
632	1) union all select null,null,null,null,null,null,null,null,null,null,concat(0x71627a6271,0x4454666767747655624b4a646766444b6c6f50496f714276766b4c6748475150426f71627476584e,0x716a706b71),null,null,null,null,null,null,null,null,null,null,null,null,null,nul
633	1) union all select null,concat(0x71627a6271,0x664f7549414252525a484c705162475143664d744b6942757059727a66644e4d6d6362676a41707a,0x716a706b71),null,null,null,null,null,null,null,null,null,null,null,null,null,null,null,null,null,null,null,null,null,null,nul
634	1) union all select null,null,null,null,null,null,null,null,null,null,null,null,null,null,null,null,null,null,null,null,null,null,null,null,null,concat(0x71627a6271,0x4544525577784b6d4665784470794f436b5368705a6a686d596f7565514948644b584979444e6b4d,0x716a7
635	1) union all select null,null,null,null,null,null,null,null,null,null,null,null,null,null,null,null,null,null,null,null,null,concat(0x71627a6271,0x5567674463785758525070717141525a51644948556871686251576a494746787979564650466a74,0x716a706b71),null,null,nul
636	1) union all select null,null,null,null,null,null,null,null,null,concat(0x71627a6271,0x474e776e617067634c527a49447948555841726274764c70454d454a68795449524370546f63794b,0x716a706b71),null,null,null,null,null,null,null,null,null,null,null,null,null,null,nul
637	1) union all select null,null,null,null,null,null,null,null,null,null,null,concat(0x71627a6271,0x695a47457a496f476b43696c6a7853496c55694e79444f6b57444f706f51464366616f764c53585a,0x716a706b71),null,null,null,null,null,null,null,null,null,null,null,null,nul
638	1) union all select null,null,null,null,null,null,null,null,null,null,null,null,null,null,null,null,null,null,null,null,null,null,null,concat(0x71627a6271,0x4d566d4d5954494d514e54756e457469527a784e437474466a646a6e5a7157517876456d66536b58,0x716a706b71),nul
639	1) union all select null,null,null,null,null,null,null,null,null,null,null,null,null,null,null,null,null,null,null,null,null,null,null,null,null,null,concat(0x71627a6271,0x616a524e49746d5a674e4b61454442704e77416d766c4e597278744b544672574b447371646c734e,0x
640	1) union all select null,null,null,null,null,null,null,null,concat(0x71627a6271,0x7a7676764e7a7343507456664e49734351694a4a774772434d54666243794b655a78665343656e75,0x716a706b71),null,null,null,null,null,null,null,null,null,null,null,null,null,null,null,nul
641	1) union all select null,null,null,null,null,null,null,null,null,null,null,null,null,null,null,null,null,null,concat(0x71627a6271,0x684f4b674e476d467048,0x716a706b71),null,null,null,null,null,null,null,null,null,null,null,null,null#
642	1) union all select null,null,null,null,null,null,null,null,null,null,null,null,null,null,null,null,null,null,null,null,null,null,null,null,null,null,null,null,null,null,concat(0x71627a6271,0x7355476d716a736f6a6b,0x716a706b71),null#
643	1) union all select null,null,null,null,null,null,null,null,null,null,null,null,null,null,null,null,concat(0x71627a6271,0x524b65496b6f5144536a,0x716a706b71),null,null,null,null,null,null,null,null,null,null,null,null,null,null,null#
644	1) union all select null,null,null,concat(0x71627a6271,0x7372445269484d477467,0x716a706b71),null,null,null,null,null,null,null,null,null,null,null,null,null,null,null,null,null,null,null,null,null,null,null,null,null,null,null,null#
645	1) union all select null,null,null,null,null,null,null,null,null,null,null,null,null,null,null,null,null,null,null,null,null,null,null,null,null,null,null,null,null,concat(0x71627a6271,0x44784f514c66496a4663,0x716a706b71),null,null#
646	1) union all select null,null,null,null,null,concat(0x71627a6271,0x6a726247525754765842,0x716a706b71),null,null,null,null,null,null,null,null,null,null,null,null,null,null,null,null,null,null,null,null,null,null,null,null,null,null#
647	1) union all select null,null,null,null,null,null,null,null,null,null,null,null,concat(0x71627a6271,0x4f644f7170434f707a4a,0x716a706b71),null,null,null,null,null,null,null,null,null,null,null,null,null,null,null,null,null,null,null#
648	1) union all select null,null,null,null,null,null,null,null,null,null,null,null,null,null,null,null,null,null,null,null,null,null,null,null,null,null,null,concat(0x71627a6271,0x6e456867705062787062,0x716a706b71),null,null,null,null#
649	1) union all select null,null,null,null,null,null,concat(0x71627a6271,0x695971746c716f785374,0x716a706b71),null,null,null,null,null,null,null,null,null,null,null,null,null,null,null,null,null,null,null,null,null,null,null,null,null#
650	1) union all select null,null,null,null,null,null,null,null,null,null,null,null,null,null,null,null,null,null,null,null,concat(0x71627a6271,0x704d5a66756f6a796a68,0x716a706b71),null,null,null,null,null,null,null,null,null,null,null#
651	1) union all select null,null,null,null,null,null,null,null,null,null,null,null,null,concat(0x71627a6271,0x49437878726b75474a63,0x716a706b71),null,null,null,null,null,null,null,null,null,null,null,null,null,null,null,null,null,null#
652	1) union all select null,null,null,null,null,null,null,null,null,null,null,null,null,null,null,null,null,null,null,null,null,null,concat(0x71627a6271,0x6e446e5171726e637963,0x716a706b71),null,null,null,null,null,null,null,null,null#
653	1) union all select null,null,null,null,null,null,null,concat(0x71627a6271,0x5458556877686c726475,0x716a706b71),null,null,null,null,null,null,null,null,null,null,null,null,null,null,null,null,null,null,null,null,null,null,null,null#
654	1) union all select null,null,null,null,null,null,null,null,null,null,null,null,null,null,null,null,null,concat(0x71627a6271,0x46684672625465444c4c,0x716a706b71),null,null,null,null,null,null,null,null,null,null,null,null,null,null#
655	1) union all select null,null,null,null,null,null,null,null,null,null,null,null,null,null,null,concat(0x71627a6271,0x5457724b674d615a4444,0x716a706b71),null,null,null,null,null,null,null,null,null,null,null,null,null,null,null,null#
656	1) union all select concat(0x71627a6271,0x76496e48776e584a7875,0x716a706b71),null,null,null,null,null,null,null,null,null,null,null,null,null,null,null,null,null,null,null,null,null,null,null,null,null,null,null,null,null,null,null#
657	1) union all select null,null,null,null,null,null,null,null,null,null,null,null,null,null,null,null,null,null,null,null,null,null,null,null,null,null,null,null,null,null,null,concat(0x71627a6271,0x6662464a544d77776d63,0x716a706b71)#
658	1) union all select null,null,concat(0x71627a6271,0x4a4167654a6b4c546b66,0x716a706b71),null,null,null,null,null,null,null,null,null,null,null,null,null,null,null,null,null,null,null,null,null,null,null,null,null,null,null,null,null#
659	1) union all select null,null,null,null,concat(0x71627a6271,0x664247617a6a554d6479,0x716a706b71),null,null,null,null,null,null,null,null,null,null,null,null,null,null,null,null,null,null,null,null,null,null,null,null,null,null,null#
660	1) union all select null,null,null,null,null,null,null,null,null,null,null,null,null,null,null,null,null,null,null,null,null,null,null,null,null,null,null,null,concat(0x71627a6271,0x4f4b77574e5956746d64,0x716a706b71),null,null,null#
661	1) union all select null,null,null,null,null,null,null,null,null,null,null,null,null,null,null,null,null,null,null,concat(0x71627a6271,0x446848506c4f65644b41,0x716a706b71),null,null,null,null,null,null,null,null,null,null,null,null#
662	1) union all select null,null,null,null,null,null,null,null,null,null,null,null,null,null,null,null,null,null,null,null,null,null,null,null,concat(0x71627a6271,0x4769616d515a75676757,0x716a706b71),null,null,null,null,null,null,null#
663	1) union all select null,null,null,null,null,null,null,null,null,null,null,null,null,null,concat(0x71627a6271,0x5153536c41544975726c,0x716a706b71),null,null,null,null,null,null,null,null,null,null,null,null,null,null,null,null,null#
664	1) union all select null,null,null,null,null,null,null,null,null,null,concat(0x71627a6271,0x6d6c797754464b4b586b,0x716a706b71),null,null,null,null,null,null,null,null,null,null,null,null,null,null,null,null,null,null,null,null,null#
665	1) union all select null,concat(0x71627a6271,0x65446b4d5263726f6575,0x716a706b71),null,null,null,null,null,null,null,null,null,null,null,null,null,null,null,null,null,null,null,null,null,null,null,null,null,null,null,null,null,null#
666	1) union all select null,null,null,null,null,null,null,null,null,null,null,null,null,null,null,null,null,null,null,null,null,null,null,null,null,concat(0x71627a6271,0x7065774d6471646a774f,0x716a706b71),null,null,null,null,null,null#
667	1) union all select null,null,null,null,null,null,null,null,null,null,null,null,null,null,null,null,null,null,null,null,null,concat(0x71627a6271,0x6e7148427868426d6b79,0x716a706b71),null,null,null,null,null,null,null,null,null,null#
668	1) union all select null,null,null,null,null,null,null,null,null,concat(0x71627a6271,0x48476d43466650417a62,0x716a706b71),null,null,null,null,null,null,null,null,null,null,null,null,null,null,null,null,null,null,null,null,null,null#
669	1) union all select null,null,null,null,null,null,null,null,null,null,null,concat(0x71627a6271,0x616d68486b70577a706a,0x716a706b71),null,null,null,null,null,null,null,null,null,null,null,null,null,null,null,null,null,null,null,null#
670	1) union all select null,null,null,null,null,null,null,null,null,null,null,null,null,null,null,null,null,null,null,null,null,null,null,concat(0x71627a6271,0x4a6a556f6a745a437555,0x716a706b71),null,null,null,null,null,null,null,null#
671	1) union all select null,null,null,null,null,null,null,null,null,null,null,null,null,null,null,null,null,null,null,null,null,null,null,null,null,null,concat(0x71627a6271,0x43416f71684a43764e61,0x716a706b71),null,null,null,null,null#
672	1) union all select null,null,null,null,null,null,null,null,concat(0x71627a6271,0x6868617054526663456a,0x716a706b71),null,null,null,null,null,null,null,null,null,null,null,null,null,null,null,null,null,null,null,null,null,null,null#
673	-6618) union all select null,null,null,null,null,null,null,null,null,null,null,null,null,null,null,null,null,null,concat(0x71627a6271,0x7751694449664c444e644971736a63786c566c597272746b46776f5a55587656546971766a697272,0x716a706b71),null,null,null,null,null
674	-6249) union all select null,null,null,concat(0x71627a6271,0x4c6d585259697350536e426f5950574663546354537755626d57706f70786b4861796a6f4e55556b,0x716a706b71),null,null,null,null,null,null,null,null,null,null,null,null,null,null,null,null,null,null,null,null
675	-4353) union all select null,null,concat(0x71627a6271,0x49637a4c73654f6c687778536c6a5042477743415264776249435a534a50686b544a777350755354,0x716a706b71),null,null,null,null,null,null,null,null,null,null,null,null,null,null,null,null,null,null,null,null,null
676	-5776) union all select null,null,null,null,null,null,null,null,concat(0x71627a6271,0x496156424661676d75635654537468674d794c656a4f6e4561686f6671735a4869695177576c6a62,0x716a706b71),null,null,null,null,null,null,null,null,null,null,null,null,null,null,null
677	-7169) union all select null,null,null,null,null,null,null,concat(0x71627a6271,0x745878544558554970514264644d696641584d56796a73567a755759696858414d6b545476547469,0x716a706b71),null,null,null,null,null,null,null,null,null,null,null,null,null,null,null,null
678	-8928) union all select null,null,null,null,null,null,concat(0x71627a6271,0x734f4747766f52536d5551675945564c7261725a4876455871706f7a454b4c7752494f4f67635043,0x716a706b71),null,null,null,null,null,null,null,null,null,null,null,null,null,null,null,null,null
679	-7458) union all select null,null,null,null,null,null,null,null,null,null,null,null,null,null,null,null,null,null,null,null,null,null,null,null,null,null,null,null,null,null,null,concat(0x71627a6271,0x4f677a666e447859506146517868466d754b5943544a6b46545047
680	-2718) union all select null,null,null,null,null,null,null,null,null,null,null,null,null,null,null,null,null,null,null,null,null,null,null,null,concat(0x71627a6271,0x6e4561635159535879794f4f7a646e65736567765a795a76434673787149746a684a42724d78426c,0x716a70
681	-5726) union all select null,concat(0x71627a6271,0x4c50764b45524a564f626370636e4b794d7852777a6f4a6376584f446d7255514a76634e70696479,0x716a706b71),null,null,null,null,null,null,null,null,null,null,null,null,null,null,null,null,null,null,null,null,null,null
682	-2353) union all select null,null,null,null,null,null,null,null,null,null,null,null,null,null,null,null,null,null,null,null,null,null,null,null,null,concat(0x71627a6271,0x4c7441496c735a4c447959434b765a72645a585448554c467953466d6a6a7a4e656c766c68516b54,0x7
683	-4587) union all select null,null,null,null,null,null,null,null,null,null,null,null,null,null,null,null,concat(0x71627a6271,0x52456c644b74684c7644446b447747736b6b69496661436e4b4e73474c524174777a686b77756b61,0x716a706b71),null,null,null,null,null,null,null
684	-4834) union all select null,null,null,null,null,null,null,null,null,null,null,null,null,null,null,null,null,null,null,null,concat(0x71627a6271,0x5a6376466f66694e4c4c50514372786673667049616476494f6b58684d70504c49495a516a4f4e56,0x716a706b71),null,null,null
685	-5331) union all select null,null,null,null,null,null,null,null,null,null,null,null,null,null,null,null,null,null,null,null,null,null,null,null,null,null,null,null,null,null,concat(0x71627a6271,0x594b61466f6374725476515952524675634a44656d425576714f6876685
686	-4151) union all select null,null,null,null,null,null,null,null,null,null,null,null,null,null,null,null,null,null,null,null,null,null,null,null,null,null,concat(0x71627a6271,0x64577845756f67566841506f726878794f4c7554434d547552435653487a45436261614e596c554
687	-6886) union all select null,null,null,null,null,null,null,null,null,null,null,null,null,null,null,null,null,null,null,null,null,null,null,null,null,null,null,null,concat(0x71627a6271,0x775a656c56616b6257786272577757415a5274704a74626e57464c717672795046467
688	-2704) union all select null,null,null,null,null,null,null,null,null,null,null,null,null,null,null,concat(0x71627a6271,0x6155474c577447564f5459484b5549524d636a726d6d454d45566c4c6d4768544f4a744a6e6d4c62,0x716a706b71),null,null,null,null,null,null,null,null
689	-6086) union all select null,null,null,null,null,null,null,null,null,concat(0x71627a6271,0x4441504a48624971784542734b62745072644d5a6e574c77684f6a77796146707369416547416355,0x716a706b71),null,null,null,null,null,null,null,null,null,null,null,null,null,null
690	-7130) union all select null,null,null,null,null,null,null,null,null,null,null,null,null,null,concat(0x71627a6271,0x794f46644a6864566d63786c61666f6a62516e477946744d7056616159756d4e6f7951786f4d7466,0x716a706b71),null,null,null,null,null,null,null,null,null
691	-6765) union all select null,null,null,null,null,null,null,null,null,null,null,concat(0x71627a6271,0x6549445575466b514f44514751534c50656145704269627561426c4b47555551714865546e73526b,0x716a706b71),null,null,null,null,null,null,null,null,null,null,null,null
692	-1572) union all select null,null,null,null,null,null,null,null,null,null,null,null,null,null,null,null,null,null,null,null,null,null,null,null,null,null,null,null,null,concat(0x71627a6271,0x43547a69797a664157486b73667954765357624a457452484a6c6e476e4c7073
693	-5136) union all select concat(0x71627a6271,0x447263654543456f4e6c58537448487267796276734c7162424d657858426d794c4850576f566564,0x716a706b71),null,null,null,null,null,null,null,null,null,null,null,null,null,null,null,null,null,null,null,null,null,null,null
694	-5809) union all select null,null,null,null,null,null,null,null,null,null,null,null,null,null,null,null,null,null,null,null,null,concat(0x71627a6271,0x4566767574756472707a57614543706a78476f7045584f616e4377484e5042586e466b62526f6f6c,0x716a706b71),null,null
695	-3529) union all select null,null,null,null,null,null,null,null,null,null,null,null,null,concat(0x71627a6271,0x50575153656546516c4561797a5253567a64666a5a7a6b4d4b4d7a48684b73525968634442574363,0x716a706b71),null,null,null,null,null,null,null,null,null,null
696	-9382) union all select null,null,null,null,null,null,null,null,null,null,null,null,null,null,null,null,null,null,null,null,null,null,null,null,null,null,null,concat(0x71627a6271,0x43496d70776c79417a694f665373757579624a6d6a7969655862627854554e574e61756a51
697	-5963) union all select null,null,null,null,null,null,null,null,null,null,null,null,null,null,null,null,null,concat(0x71627a6271,0x4b554174736b5a455a69794d56644b4a6c43527a6a5467434666426c73464f6b7569615241757778,0x716a706b71),null,null,null,null,null,null
698	-9269) union all select null,null,null,null,null,null,null,null,null,null,null,null,concat(0x71627a6271,0x74686b4a6147684962467a4d78664a456a66525372516c545465797162436c6d7243726e4a52714f,0x716a706b71),null,null,null,null,null,null,null,null,null,null,null
699	-8580) union all select null,null,null,null,null,null,null,null,null,null,null,null,null,null,null,null,null,null,null,concat(0x71627a6271,0x5876795771635463446a734b4e50445a55704d6e73436f414e78425a7042735a5175484b4750666b,0x716a706b71),null,null,null,null
700	-6627) union all select null,null,null,null,concat(0x71627a6271,0x466574436e584b635653554262616a785441427979476e434971626d73416443526a69615664656d,0x716a706b71),null,null,null,null,null,null,null,null,null,null,null,null,null,null,null,null,null,null,null
701	-2310) union all select null,null,null,null,null,null,null,null,null,null,null,null,null,null,null,null,null,null,null,null,null,null,null,concat(0x71627a6271,0x6e4570796876566c4959417671416d50457666664b704f505a49565968545a514e68685558434467,0x716a706b71)
702	-8060) union all select null,null,null,null,null,null,null,null,null,null,concat(0x71627a6271,0x556a6a5549787a486a53566f704449476a4f556e5775587256454d6c6e71424e414e61584e6b6355,0x716a706b71),null,null,null,null,null,null,null,null,null,null,null,null,null
703	-5909) union all select null,null,null,null,null,concat(0x71627a6271,0x4b4156504c59785444434e4f744c6b455a616b67417a4d4a4c6a546c45515246656f6f754d584159,0x716a706b71),null,null,null,null,null,null,null,null,null,null,null,null,null,null,null,null,null,null
704	-4294) union all select null,null,null,null,null,null,null,null,null,null,null,null,null,null,null,null,null,null,null,null,null,null,concat(0x71627a6271,0x754b44685a416f4d494a6e71676859535161585a536e424145535841585267736c6847664c76456f,0x716a706b71),null
705	-8839) union all select null,null,null,null,null,null,null,null,null,null,null,null,null,null,null,null,null,null,concat(0x71627a6271,0x725156516e7762644f4b,0x716a706b71),null,null,null,null,null,null,null,null,null,null,null,null,null#
706	-2442) union all select null,null,null,concat(0x71627a6271,0x4a7a63446147596d6d59,0x716a706b71),null,null,null,null,null,null,null,null,null,null,null,null,null,null,null,null,null,null,null,null,null,null,null,null,null,null,null,null#
707	-2219) union all select null,null,concat(0x71627a6271,0x6f775541724167776d4e,0x716a706b71),null,null,null,null,null,null,null,null,null,null,null,null,null,null,null,null,null,null,null,null,null,null,null,null,null,null,null,null,null#
708	-5645) union all select null,null,null,null,null,null,null,null,concat(0x71627a6271,0x7973574d4b4d4c537779,0x716a706b71),null,null,null,null,null,null,null,null,null,null,null,null,null,null,null,null,null,null,null,null,null,null,null#
709	-9723) union all select null,null,null,null,null,null,null,concat(0x71627a6271,0x6c6c717565455a775953,0x716a706b71),null,null,null,null,null,null,null,null,null,null,null,null,null,null,null,null,null,null,null,null,null,null,null,null#
710	-2094) union all select null,null,null,null,null,null,concat(0x71627a6271,0x53664b42594e6b5a4271,0x716a706b71),null,null,null,null,null,null,null,null,null,null,null,null,null,null,null,null,null,null,null,null,null,null,null,null,null#
711	-4842) union all select null,null,null,null,null,null,null,null,null,null,null,null,null,null,null,null,null,null,null,null,null,null,null,null,null,null,null,null,null,null,null,concat(0x71627a6271,0x617355594764614e634a,0x716a706b71)#
712	-5401) union all select null,null,null,null,null,null,null,null,null,null,null,null,null,null,null,null,null,null,null,null,null,null,null,null,concat(0x71627a6271,0x4f6d4757636847616365,0x716a706b71),null,null,null,null,null,null,null#
713	-1455) union all select null,concat(0x71627a6271,0x737a464c777769415745,0x716a706b71),null,null,null,null,null,null,null,null,null,null,null,null,null,null,null,null,null,null,null,null,null,null,null,null,null,null,null,null,null,null#
714	-2359) union all select null,null,null,null,null,null,null,null,null,null,null,null,null,null,null,null,null,null,null,null,null,null,null,null,null,concat(0x71627a6271,0x6645574b6b5343535a66,0x716a706b71),null,null,null,null,null,null#
715	-8998) union all select null,null,null,null,null,null,null,null,null,null,null,null,null,null,null,null,concat(0x71627a6271,0x587a4b417a504e415467,0x716a706b71),null,null,null,null,null,null,null,null,null,null,null,null,null,null,null#
716	-3006) union all select null,null,null,null,null,null,null,null,null,null,null,null,null,null,null,null,null,null,null,null,concat(0x71627a6271,0x5962554a4d614c46536f,0x716a706b71),null,null,null,null,null,null,null,null,null,null,null#
717	-6078) union all select null,null,null,null,null,null,null,null,null,null,null,null,null,null,null,null,null,null,null,null,null,null,null,null,null,null,null,null,null,null,concat(0x71627a6271,0x4e71715a4a4e52575477,0x716a706b71),null#
718	-4020) union all select null,null,null,null,null,null,null,null,null,null,null,null,null,null,null,null,null,null,null,null,null,null,null,null,null,null,concat(0x71627a6271,0x72704241654348757058,0x716a706b71),null,null,null,null,null#
719	-1819) union all select null,null,null,null,null,null,null,null,null,null,null,null,null,null,null,null,null,null,null,null,null,null,null,null,null,null,null,null,concat(0x71627a6271,0x4b516146426d6d62624c,0x716a706b71),null,null,null#
720	-4830) union all select null,null,null,null,null,null,null,null,null,null,null,null,null,null,null,concat(0x71627a6271,0x546c486d756f7478426c,0x716a706b71),null,null,null,null,null,null,null,null,null,null,null,null,null,null,null,null#
721	-4404) union all select null,null,null,null,null,null,null,null,null,concat(0x71627a6271,0x635052734a424e777564,0x716a706b71),null,null,null,null,null,null,null,null,null,null,null,null,null,null,null,null,null,null,null,null,null,null#
722	-6209) union all select null,null,null,null,null,null,null,null,null,null,null,null,null,null,concat(0x71627a6271,0x46554f627875774e7a71,0x716a706b71),null,null,null,null,null,null,null,null,null,null,null,null,null,null,null,null,null#
723	-1914) union all select null,null,null,null,null,null,null,null,null,null,null,concat(0x71627a6271,0x77684541537357675374,0x716a706b71),null,null,null,null,null,null,null,null,null,null,null,null,null,null,null,null,null,null,null,null#
724	-8506) union all select null,null,null,null,null,null,null,null,null,null,null,null,null,null,null,null,null,null,null,null,null,null,null,null,null,null,null,null,null,concat(0x71627a6271,0x614c5465586163636977,0x716a706b71),null,null#
725	-5714) union all select concat(0x71627a6271,0x72736f46637562657646,0x716a706b71),null,null,null,null,null,null,null,null,null,null,null,null,null,null,null,null,null,null,null,null,null,null,null,null,null,null,null,null,null,null,null#
726	-1291) union all select null,null,null,null,null,null,null,null,null,null,null,null,null,null,null,null,null,null,null,null,null,concat(0x71627a6271,0x77707165714b79797645,0x716a706b71),null,null,null,null,null,null,null,null,null,null#
727	-1882) union all select null,null,null,null,null,null,null,null,null,null,null,null,null,concat(0x71627a6271,0x6a455778425270567048,0x716a706b71),null,null,null,null,null,null,null,null,null,null,null,null,null,null,null,null,null,null#
728	-4123) union all select null,null,null,null,null,null,null,null,null,null,null,null,null,null,null,null,null,null,null,null,null,null,null,null,null,null,null,concat(0x71627a6271,0x45715a677678534e5547,0x716a706b71),null,null,null,null#
729	-5511) union all select null,null,null,null,null,null,null,null,null,null,null,null,null,null,null,null,null,concat(0x71627a6271,0x47745a6f4b4c48574263,0x716a706b71),null,null,null,null,null,null,null,null,null,null,null,null,null,null#
730	-9747) union all select null,null,null,null,null,null,null,null,null,null,null,null,concat(0x71627a6271,0x7a704b636c616a537277,0x716a706b71),null,null,null,null,null,null,null,null,null,null,null,null,null,null,null,null,null,null,null#
731	-8870) union all select null,null,null,null,null,null,null,null,null,null,null,null,null,null,null,null,null,null,null,concat(0x71627a6271,0x51634d6e524f43454378,0x716a706b71),null,null,null,null,null,null,null,null,null,null,null,null#
732	-6865) union all select null,null,null,null,concat(0x71627a6271,0x5675796274574d7a7351,0x716a706b71),null,null,null,null,null,null,null,null,null,null,null,null,null,null,null,null,null,null,null,null,null,null,null,null,null,null,null#
733	-1877) union all select null,null,null,null,null,null,null,null,null,null,null,null,null,null,null,null,null,null,null,null,null,null,null,concat(0x71627a6271,0x676367696b434a437642,0x716a706b71),null,null,null,null,null,null,null,null#
734	-7221) union all select null,null,null,null,null,null,null,null,null,null,concat(0x71627a6271,0x41686d464e4875684b6f,0x716a706b71),null,null,null,null,null,null,null,null,null,null,null,null,null,null,null,null,null,null,null,null,null#
735	-3176) union all select null,null,null,null,null,concat(0x71627a6271,0x525548435544596f484e,0x716a706b71),null,null,null,null,null,null,null,null,null,null,null,null,null,null,null,null,null,null,null,null,null,null,null,null,null,null#
736	-9851) union all select null,null,null,null,null,null,null,null,null,null,null,null,null,null,null,null,null,null,null,null,null,null,concat(0x71627a6271,0x656c6a6f6762634b7467,0x716a706b71),null,null,null,null,null,null,null,null,null#
737	1) union all select 66,66,concat(0x71627a6271,0x5873696a6a705271485542546c6b7273764349775154617158466b46694d716f7879767868576375,0x716a706b71),66,66,66,66,66,66,66,66,66,66,66,66,66,66,66,66,66,66,66,66,66,66,66,66,66,66,66,66,66#
738	1) union all select 66,66,66,66,66,66,66,66,66,concat(0x71627a6271,0x7952647352584775446752755379746d66475575584d71565462776558524244574c49627976794e,0x716a706b71),66,66,66,66,66,66,66,66,66,66,66,66,66,66,66,66,66,66,66,66,66,66#
739	1) union all select 66,66,66,66,66,66,66,66,66,66,66,66,66,66,66,66,66,66,66,66,66,66,66,66,concat(0x71627a6271,0x79546b50575a4a7772544843437a6d774d57555a59514a585454724e746b55524871746d58627062,0x716a706b71),66,66,66,66,66,66,66#
740	1) union all select 66,66,66,66,66,66,66,66,66,66,66,66,66,66,66,66,66,66,66,66,66,66,66,66,66,66,66,66,66,66,concat(0x71627a6271,0x59746159504266704e784f64714945657069674778446e4a49474b45474d51795a6b4a5359524d4d,0x716a706b71),66#
741	1) union all select 66,66,66,66,66,66,66,concat(0x71627a6271,0x4e79414b714143586762486b6e7856724c6d524361556f5a41786c57574d4f6b6875497463737475,0x716a706b71),66,66,66,66,66,66,66,66,66,66,66,66,66,66,66,66,66,66,66,66,66,66,66,66#
742	1) union all select 66,66,66,66,66,66,66,66,66,66,66,66,66,66,66,66,66,66,66,66,66,66,concat(0x71627a6271,0x4e4d5444786e676f6c4143555052424a74477a4c6d56716e516f6352754749774a6b7251776b504b,0x716a706b71),66,66,66,66,66,66,66,66,66#
743	1) union all select 66,66,66,66,concat(0x71627a6271,0x614e767a4346714373596967795a474f5356717277464d4d654f6c564866427052434a4f786c426d,0x716a706b71),66,66,66,66,66,66,66,66,66,66,66,66,66,66,66,66,66,66,66,66,66,66,66,66,66,66,66#
744	1) union all select 66,66,66,66,66,66,66,66,66,66,66,66,66,66,66,66,66,66,66,66,66,66,66,66,66,66,66,66,66,concat(0x71627a6271,0x626a686442676f497a656d534d56675063744a66554c526e725046726e526871454656597a6e434c,0x716a706b71),66,66#
745	1) union all select 66,66,66,66,66,66,66,66,66,66,66,66,66,66,concat(0x71627a6271,0x6c4e7476474d544569594158506b496b784e696b45656c534847776b4d7372566a736c714c784876,0x716a706b71),66,66,66,66,66,66,66,66,66,66,66,66,66,66,66,66,66#
746	1) union all select 66,66,66,66,66,66,66,66,66,66,66,66,66,66,66,66,66,66,66,66,66,66,66,concat(0x71627a6271,0x74447a4f5271664e66594c6a756c534b6c41506a68636e546a5863544d424b5163684c7159756f74,0x716a706b71),66,66,66,66,66,66,66,66#
747	1) union all select 66,66,66,66,66,66,66,66,66,66,66,66,66,66,66,66,66,66,66,66,66,66,66,66,66,66,66,66,66,66,66,concat(0x71627a6271,0x765a4345786f787472625878576961625850484f647546705a556a7578684e4f474b4d564e616a67,0x716a706b71)#
748	1) union all select 66,66,66,66,66,66,66,66,66,66,66,66,66,66,66,66,66,concat(0x71627a6271,0x755a4a7271626164764866746b574a7a7744614c5567456758527776475643775857537843625158,0x716a706b71),66,66,66,66,66,66,66,66,66,66,66,66,66,66#
749	1) union all select 66,66,66,66,66,66,66,66,66,66,66,66,concat(0x71627a6271,0x75544d4e695441624e547746784f4c526d7a427364744c4b486a536e555a6754714f69656d794859,0x716a706b71),66,66,66,66,66,66,66,66,66,66,66,66,66,66,66,66,66,66,66#
750	1) union all select 66,66,66,66,66,66,66,66,66,66,66,66,66,concat(0x71627a6271,0x637a4d6b796a6f656b416866796e4876697a6a72594e6776556779695a4f57554b6363677a505643,0x716a706b71),66,66,66,66,66,66,66,66,66,66,66,66,66,66,66,66,66,66#
751	1) union all select 66,66,66,66,66,66,concat(0x71627a6271,0x4a43636678614863677456456862497a75417a776f6649546573454b44627044746d427563427141,0x716a706b71),66,66,66,66,66,66,66,66,66,66,66,66,66,66,66,66,66,66,66,66,66,66,66,66,66#
752	1) union all select 66,66,66,concat(0x71627a6271,0x5049415269435a56716951746251696677745a6f7063566b4f684978756644434a6c794a6c465a6f,0x716a706b71),66,66,66,66,66,66,66,66,66,66,66,66,66,66,66,66,66,66,66,66,66,66,66,66,66,66,66,66#
753	1) union all select 66,66,66,66,66,66,66,66,66,66,66,66,66,66,66,concat(0x71627a6271,0x754a526e61475179675a5654586e586d506c61785948424c62427673434b6d687a6f6c7155737a66,0x716a706b71),66,66,66,66,66,66,66,66,66,66,66,66,66,66,66,66#
754	1) union all select 66,66,66,66,66,66,66,66,66,66,66,66,66,66,66,66,66,66,66,66,concat(0x71627a6271,0x72554b474f754f6f5a5a786c457262634d55567042536b51586277676c7474596f754a7451574744,0x716a706b71),66,66,66,66,66,66,66,66,66,66,66#
755	1) union all select 66,66,66,66,66,66,66,66,66,66,66,66,66,66,66,66,66,66,66,66,66,66,66,66,66,66,66,66,concat(0x71627a6271,0x4768785a68645748774142567a4178515254465649425557494c4279574b6e576d7550787050416a,0x716a706b71),66,66,66#
756	1) union all select 66,66,66,66,66,66,66,66,66,66,66,66,66,66,66,66,concat(0x71627a6271,0x4f45624a725872476f6d6f676d504e4546555a69544c7345726d4952444f4a6d755a446e70494464,0x716a706b71),66,66,66,66,66,66,66,66,66,66,66,66,66,66,66#
757	1) union all select 66,66,66,66,66,66,66,66,66,66,66,66,66,66,66,66,66,66,66,66,66,66,66,66,66,66,66,concat(0x71627a6271,0x507a6f78494d7261464c734a756756654956774967526145565163514869645459794b6953735350,0x716a706b71),66,66,66,66#
758	1) union all select 66,66,66,66,66,66,66,66,66,66,66,66,66,66,66,66,66,66,66,66,66,66,66,66,66,66,concat(0x71627a6271,0x774e516c4761714a4e4a52624252515747556c715448746a5173456a686c426e6468766c4b6f5970,0x716a706b71),66,66,66,66,66#
759	1) union all select 66,66,66,66,66,66,66,66,66,66,66,66,66,66,66,66,66,66,concat(0x71627a6271,0x626e574f77424c73665556665075754f6a5a66766241567257744c45765458656e647a766c77636c,0x716a706b71),66,66,66,66,66,66,66,66,66,66,66,66,66#
760	1) union all select 66,66,66,66,66,66,66,66,66,66,66,66,66,66,66,66,66,66,66,concat(0x71627a6271,0x56786c51674c6573444d69484a697552556b71476373774749546a6d63626f75566241476b655655,0x716a706b71),66,66,66,66,66,66,66,66,66,66,66,66#
761	1) union all select concat(0x71627a6271,0x4d4a54544b66426b4f6c6a7a78574f4979514477596e554b6f6d48464e4347436f616e464c6e4f4a,0x716a706b71),66,66,66,66,66,66,66,66,66,66,66,66,66,66,66,66,66,66,66,66,66,66,66,66,66,66,66,66,66,66,66#
762	1) union all select 66,66,66,66,66,concat(0x71627a6271,0x68757a714f7855574a56416f416d6d594a62724b58735a6f4261416c4461645659566670674b474f,0x716a706b71),66,66,66,66,66,66,66,66,66,66,66,66,66,66,66,66,66,66,66,66,66,66,66,66,66,66#
763	1) union all select 66,66,66,66,66,66,66,66,concat(0x71627a6271,0x6251767851654f71514645716256696e70635371726a5a754f795465464a527a554d6873496c7144,0x716a706b71),66,66,66,66,66,66,66,66,66,66,66,66,66,66,66,66,66,66,66,66,66,66,66#
764	1) union all select 66,66,66,66,66,66,66,66,66,66,66,66,66,66,66,66,66,66,66,66,66,66,66,66,66,concat(0x71627a6271,0x4f485958566a686b5a626479755155714b67575154586f4669684a704f547773497055586b414954,0x716a706b71),66,66,66,66,66,66#
765	1) union all select 66,66,66,66,66,66,66,66,66,66,66,66,66,66,66,66,66,66,66,66,66,concat(0x71627a6271,0x547a6e776463714c514d546752476d50524e67444d5274454c4451696941694b794f486b684a7768,0x716a706b71),66,66,66,66,66,66,66,66,66,66#
766	1) union all select 66,concat(0x71627a6271,0x754b56735946496351694c58774a7474716c544c6c664c4748635775524e4f785363494459676775,0x716a706b71),66,66,66,66,66,66,66,66,66,66,66,66,66,66,66,66,66,66,66,66,66,66,66,66,66,66,66,66,66,66#
767	1) union all select 66,66,66,66,66,66,66,66,66,66,66,concat(0x71627a6271,0x6c4f5278756b6c5358644a5a6f6b74484e7a4c776b414e5a75696e74734b6c6478634b71736c7179,0x716a706b71),66,66,66,66,66,66,66,66,66,66,66,66,66,66,66,66,66,66,66,66#
768	1) union all select 66,66,66,66,66,66,66,66,66,66,concat(0x71627a6271,0x747645456e656c77657a775967756b7674466b5955466f78727066507a4e4470516b72417a725a70,0x716a706b71),66,66,66,66,66,66,66,66,66,66,66,66,66,66,66,66,66,66,66,66,66#
769	1) union all select 66,66,concat(0x71627a6271,0x51634269774e7a756b53,0x716a706b71),66,66,66,66,66,66,66,66,66,66,66,66,66,66,66,66,66,66,66,66,66,66,66,66,66,66,66,66,66#
770	1) union all select 66,66,66,66,66,66,66,66,66,concat(0x71627a6271,0x7468754b4269617a4542,0x716a706b71),66,66,66,66,66,66,66,66,66,66,66,66,66,66,66,66,66,66,66,66,66,66#
771	1) union all select 66,66,66,66,66,66,66,66,66,66,66,66,66,66,66,66,66,66,66,66,66,66,66,66,concat(0x71627a6271,0x6168566f6a4e48546c54,0x716a706b71),66,66,66,66,66,66,66#
772	1) union all select 66,66,66,66,66,66,66,66,66,66,66,66,66,66,66,66,66,66,66,66,66,66,66,66,66,66,66,66,66,66,concat(0x71627a6271,0x7a414c7075457a705052,0x716a706b71),66#
773	1) union all select 66,66,66,66,66,66,66,concat(0x71627a6271,0x454d6b51776253596554,0x716a706b71),66,66,66,66,66,66,66,66,66,66,66,66,66,66,66,66,66,66,66,66,66,66,66,66#
774	1) union all select 66,66,66,66,66,66,66,66,66,66,66,66,66,66,66,66,66,66,66,66,66,66,concat(0x71627a6271,0x4445774e4d59666e7769,0x716a706b71),66,66,66,66,66,66,66,66,66#
775	1) union all select 66,66,66,66,concat(0x71627a6271,0x6574546b67637775764d,0x716a706b71),66,66,66,66,66,66,66,66,66,66,66,66,66,66,66,66,66,66,66,66,66,66,66,66,66,66,66#
776	1) union all select 66,66,66,66,66,66,66,66,66,66,66,66,66,66,66,66,66,66,66,66,66,66,66,66,66,66,66,66,66,concat(0x71627a6271,0x6a5545574546466e7272,0x716a706b71),66,66#
777	1) union all select 66,66,66,66,66,66,66,66,66,66,66,66,66,66,concat(0x71627a6271,0x7676736152694955434b,0x716a706b71),66,66,66,66,66,66,66,66,66,66,66,66,66,66,66,66,66#
778	1) union all select 66,66,66,66,66,66,66,66,66,66,66,66,66,66,66,66,66,66,66,66,66,66,66,concat(0x71627a6271,0x4e6b695647784e457554,0x716a706b71),66,66,66,66,66,66,66,66#
779	1) union all select 66,66,66,66,66,66,66,66,66,66,66,66,66,66,66,66,66,66,66,66,66,66,66,66,66,66,66,66,66,66,66,concat(0x71627a6271,0x4d616445616251464377,0x716a706b71)#
780	1) union all select 66,66,66,66,66,66,66,66,66,66,66,66,66,66,66,66,66,concat(0x71627a6271,0x617264746e6b57427a44,0x716a706b71),66,66,66,66,66,66,66,66,66,66,66,66,66,66#
781	1) union all select 66,66,66,66,66,66,66,66,66,66,66,66,concat(0x71627a6271,0x4b474c64775964447a6e,0x716a706b71),66,66,66,66,66,66,66,66,66,66,66,66,66,66,66,66,66,66,66#
782	1) union all select 66,66,66,66,66,66,66,66,66,66,66,66,66,concat(0x71627a6271,0x494b6941706e6d736869,0x716a706b71),66,66,66,66,66,66,66,66,66,66,66,66,66,66,66,66,66,66#
783	1) union all select 66,66,66,66,66,66,concat(0x71627a6271,0x4f457248666b704f7859,0x716a706b71),66,66,66,66,66,66,66,66,66,66,66,66,66,66,66,66,66,66,66,66,66,66,66,66,66#
784	1) union all select 66,66,66,concat(0x71627a6271,0x54786672765854764c65,0x716a706b71),66,66,66,66,66,66,66,66,66,66,66,66,66,66,66,66,66,66,66,66,66,66,66,66,66,66,66,66#
785	1) union all select 66,66,66,66,66,66,66,66,66,66,66,66,66,66,66,concat(0x71627a6271,0x4a69494b787768775761,0x716a706b71),66,66,66,66,66,66,66,66,66,66,66,66,66,66,66,66#
786	1) union all select 66,66,66,66,66,66,66,66,66,66,66,66,66,66,66,66,66,66,66,66,concat(0x71627a6271,0x51666b6a77644263636e,0x716a706b71),66,66,66,66,66,66,66,66,66,66,66#
787	1) union all select 66,66,66,66,66,66,66,66,66,66,66,66,66,66,66,66,66,66,66,66,66,66,66,66,66,66,66,66,concat(0x71627a6271,0x4e62674b446f754b516d,0x716a706b71),66,66,66#
788	1) union all select 66,66,66,66,66,66,66,66,66,66,66,66,66,66,66,66,concat(0x71627a6271,0x58436478727964516a6b,0x716a706b71),66,66,66,66,66,66,66,66,66,66,66,66,66,66,66#
789	1) union all select 66,66,66,66,66,66,66,66,66,66,66,66,66,66,66,66,66,66,66,66,66,66,66,66,66,66,66,concat(0x71627a6271,0x435874645071506d444b,0x716a706b71),66,66,66,66#
790	1) union all select 66,66,66,66,66,66,66,66,66,66,66,66,66,66,66,66,66,66,66,66,66,66,66,66,66,66,concat(0x71627a6271,0x77784d6e706152516b6c,0x716a706b71),66,66,66,66,66#
791	1) union all select 66,66,66,66,66,66,66,66,66,66,66,66,66,66,66,66,66,66,concat(0x71627a6271,0x6b4f7a7462586a525353,0x716a706b71),66,66,66,66,66,66,66,66,66,66,66,66,66#
792	1) union all select 66,66,66,66,66,66,66,66,66,66,66,66,66,66,66,66,66,66,66,concat(0x71627a6271,0x417a706163704e664c50,0x716a706b71),66,66,66,66,66,66,66,66,66,66,66,66#
793	1) union all select concat(0x71627a6271,0x4d4a777777717a554b72,0x716a706b71),66,66,66,66,66,66,66,66,66,66,66,66,66,66,66,66,66,66,66,66,66,66,66,66,66,66,66,66,66,66,66#
794	1) union all select 66,66,66,66,66,concat(0x71627a6271,0x65516b62585355416366,0x716a706b71),66,66,66,66,66,66,66,66,66,66,66,66,66,66,66,66,66,66,66,66,66,66,66,66,66,66#
795	1) union all select 66,66,66,66,66,66,66,66,concat(0x71627a6271,0x5772706b774264644671,0x716a706b71),66,66,66,66,66,66,66,66,66,66,66,66,66,66,66,66,66,66,66,66,66,66,66#
796	1) union all select 66,66,66,66,66,66,66,66,66,66,66,66,66,66,66,66,66,66,66,66,66,66,66,66,66,concat(0x71627a6271,0x6b755467537773477243,0x716a706b71),66,66,66,66,66,66#
797	1) union all select 66,66,66,66,66,66,66,66,66,66,66,66,66,66,66,66,66,66,66,66,66,concat(0x71627a6271,0x4b544555644379706969,0x716a706b71),66,66,66,66,66,66,66,66,66,66#
798	1) union all select 66,concat(0x71627a6271,0x4f7568454a4561646a48,0x716a706b71),66,66,66,66,66,66,66,66,66,66,66,66,66,66,66,66,66,66,66,66,66,66,66,66,66,66,66,66,66,66#
799	1) union all select 66,66,66,66,66,66,66,66,66,66,66,concat(0x71627a6271,0x4a675667527843745848,0x716a706b71),66,66,66,66,66,66,66,66,66,66,66,66,66,66,66,66,66,66,66,66#
800	1) union all select 66,66,66,66,66,66,66,66,66,66,concat(0x71627a6271,0x454d4b56684b64577761,0x716a706b71),66,66,66,66,66,66,66,66,66,66,66,66,66,66,66,66,66,66,66,66,66#
801	-7379) union all select 66,66,66,66,66,66,66,66,66,66,66,66,concat(0x71627a6271,0x69564c7a7a7a41706b584746746f4c4c776b62644e6a77715550697376797844455064734d436a42,0x716a706b71),66,66,66,66,66,66,66,66,66,66,66,66,66,66,66,66,66,66,66#
802	-4387) union all select 66,66,66,66,66,66,66,66,66,66,66,66,66,66,66,66,66,66,66,66,66,66,66,66,66,66,66,66,concat(0x71627a6271,0x4d474955566e6e714b754f6171574256444f62696474485874596679556662434d6a76474e5a564b,0x716a706b71),66,66,66#
803	-8735) union all select 66,66,66,66,66,66,66,66,66,66,66,66,66,66,66,66,66,66,66,66,66,66,66,66,concat(0x71627a6271,0x6b4d5975664847704464534476587174425156736552744b55706b424d4876584c684c6b4871704f,0x716a706b71),66,66,66,66,66,66,66#
804	-6228) union all select 66,66,66,66,66,66,66,66,66,66,66,66,66,66,66,66,66,66,66,66,66,66,66,66,66,66,66,66,66,concat(0x71627a6271,0x744c645a647a446866624f4f507672566354664d444246504a7859725272676a6f65456f6c576e62,0x716a706b71),66,66#
805	-7542) union all select 66,66,66,66,66,66,66,concat(0x71627a6271,0x6d54716453704a436d74647a4368454b73504f5145717a625363476d6f446d7876444b64614d6377,0x716a706b71),66,66,66,66,66,66,66,66,66,66,66,66,66,66,66,66,66,66,66,66,66,66,66,66#
806	-7824) union all select 66,66,66,concat(0x71627a6271,0x4674716e4279666e765a457046704a6266495562614141496f595867627252794569575278467241,0x716a706b71),66,66,66,66,66,66,66,66,66,66,66,66,66,66,66,66,66,66,66,66,66,66,66,66,66,66,66,66#
807	-4564) union all select 66,66,66,66,66,66,66,66,concat(0x71627a6271,0x5263717170424c6b6e577858494f715675466c546d5161484e4b716f4364515a7049666c75446441,0x716a706b71),66,66,66,66,66,66,66,66,66,66,66,66,66,66,66,66,66,66,66,66,66,66,66#
808	-9156) union all select 66,66,66,66,66,66,66,66,66,66,66,66,66,66,66,66,66,66,66,66,66,66,66,66,66,concat(0x71627a6271,0x795366654c6441757368736b4954457674736d515566474a6c596e69764573724e6a7975576e4e56,0x716a706b71),66,66,66,66,66,66#
809	-6679) union all select 66,66,66,66,66,66,66,66,66,66,concat(0x71627a6271,0x535658744f4a705451474a6668754d7967566f754941676e4a486d547143714a4d506d6152765454,0x716a706b71),66,66,66,66,66,66,66,66,66,66,66,66,66,66,66,66,66,66,66,66,66#
810	-7410) union all select 66,66,66,66,66,66,66,66,66,66,66,66,66,66,66,66,66,66,66,66,66,66,66,66,66,66,concat(0x71627a6271,0x4f656d686a6f724d4b6f6a7677565658466a4e4542614e4253705267524958724d7979774c685974,0x716a706b71),66,66,66,66,66#
811	-4029) union all select 66,66,66,66,66,66,66,66,66,66,66,66,66,66,66,66,66,66,66,66,66,66,concat(0x71627a6271,0x45494678594e6a4c5252725270467665724162516675546979516e6a7a5a654346556a785459695a,0x716a706b71),66,66,66,66,66,66,66,66,66#
812	-9096) union all select 66,66,66,66,66,66,66,66,66,66,66,66,66,66,66,concat(0x71627a6271,0x46745341545a775a636a6d6745784b4e7041714372635a445a416f476c526e615a5948625747594e,0x716a706b71),66,66,66,66,66,66,66,66,66,66,66,66,66,66,66,66#
813	-3101) union all select 66,66,66,66,66,66,66,66,66,66,66,66,66,66,66,66,66,66,66,66,66,66,66,66,66,66,66,concat(0x71627a6271,0x6a556979716241775a716c434378755162516d4c694843555a4d624d644a6d785a4b445a5053646d,0x716a706b71),66,66,66,66#
814	-2547) union all select 66,66,66,66,66,concat(0x71627a6271,0x6d69695862566c43696342714652525a7475785550446f666a6a4548674442416a6976565a795566,0x716a706b71),66,66,66,66,66,66,66,66,66,66,66,66,66,66,66,66,66,66,66,66,66,66,66,66,66,66#
815	-5835) union all select 66,66,66,66,concat(0x71627a6271,0x484c6c6a6e4363795470545775635956774e534a666a4b646e597a4e4d494d4b57696c5475657256,0x716a706b71),66,66,66,66,66,66,66,66,66,66,66,66,66,66,66,66,66,66,66,66,66,66,66,66,66,66,66#
816	-6810) union all select 66,66,66,66,66,66,66,66,66,66,66,66,66,66,66,66,66,66,66,concat(0x71627a6271,0x526e55745a4f496d6a52714145414253434b665366684b4e585179564f4870547642474b43576d6b,0x716a706b71),66,66,66,66,66,66,66,66,66,66,66,66#
817	-5388) union all select 66,66,66,66,66,66,66,66,66,66,66,66,66,66,66,66,66,66,concat(0x71627a6271,0x467945457465686b516a6b494c47614458497a634c726256656f534643667161777162464e694d44,0x716a706b71),66,66,66,66,66,66,66,66,66,66,66,66,66#
818	-1390) union all select 66,66,66,66,66,66,66,66,66,66,66,concat(0x71627a6271,0x48687053566a7952656546625a796d685259587a6f4d427663586252447065697346564d61434353,0x716a706b71),66,66,66,66,66,66,66,66,66,66,66,66,66,66,66,66,66,66,66,66#
819	-3529) union all select 66,66,66,66,66,66,66,66,66,66,66,66,66,66,66,66,66,66,66,66,concat(0x71627a6271,0x54756b6851644e654e7179514b6c424356416a79444473586770415978446d62475359555975706f,0x716a706b71),66,66,66,66,66,66,66,66,66,66,66#
820	-3275) union all select 66,66,66,66,66,66,66,66,66,66,66,66,66,66,66,66,66,66,66,66,66,66,66,66,66,66,66,66,66,66,66,concat(0x71627a6271,0x57505570635a65754c656f6f4962676777685a4947785874526a5359465168704473414a4d556665,0x716a706b71)#
821	-7000) union all select 66,66,66,66,66,66,concat(0x71627a6271,0x4a7a554161467959625a6a43696f557263765a57504b556b576f434c7a504b6e74594a7742485658,0x716a706b71),66,66,66,66,66,66,66,66,66,66,66,66,66,66,66,66,66,66,66,66,66,66,66,66,66#
822	-5308) union all select 66,66,concat(0x71627a6271,0x745750554d48774c707756696763494b6c68775a515a757044674c75445973524f53794442765943,0x716a706b71),66,66,66,66,66,66,66,66,66,66,66,66,66,66,66,66,66,66,66,66,66,66,66,66,66,66,66,66,66#
823	-4739) union all select 66,66,66,66,66,66,66,66,66,concat(0x71627a6271,0x786d5954686e7a7a725a4578504b6f70547647666f565777556673686f716959475345566c777954,0x716a706b71),66,66,66,66,66,66,66,66,66,66,66,66,66,66,66,66,66,66,66,66,66,66#
824	-4418) union all select 66,66,66,66,66,66,66,66,66,66,66,66,66,66,66,66,66,66,66,66,66,concat(0x71627a6271,0x5a63496b704b685461585956634d756c41624f557a47757a5a7141734365595474747a6f51725578,0x716a706b71),66,66,66,66,66,66,66,66,66,66#
825	-4679) union all select 66,66,66,66,66,66,66,66,66,66,66,66,66,66,66,66,66,66,66,66,66,66,66,66,66,66,66,66,66,66,concat(0x71627a6271,0x74546a4b654e5062795768594d477766766b695462755a616f757a695759457a4b5a43586350464e,0x716a706b71),66#
826	-4527) union all select 66,66,66,66,66,66,66,66,66,66,66,66,66,66,66,66,concat(0x71627a6271,0x5a74434b595a64516d586c4a527874495559515a454d7643726f64687a414c557261647967414962,0x716a706b71),66,66,66,66,66,66,66,66,66,66,66,66,66,66,66#
827	-6119) union all select 66,concat(0x71627a6271,0x6d757151516c6c6f475377794c6c6772697a455143684c786c6e61495a534d64684958494e54627a,0x716a706b71),66,66,66,66,66,66,66,66,66,66,66,66,66,66,66,66,66,66,66,66,66,66,66,66,66,66,66,66,66,66#
828	-6210) union all select 66,66,66,66,66,66,66,66,66,66,66,66,66,66,concat(0x71627a6271,0x51565363614e41734356524963414f4b63575a72705a5654696d786342586a79774657744f5a4c45,0x716a706b71),66,66,66,66,66,66,66,66,66,66,66,66,66,66,66,66,66#
829	-1038) union all select 66,66,66,66,66,66,66,66,66,66,66,66,66,66,66,66,66,66,66,66,66,66,66,concat(0x71627a6271,0x4b546b464a4b74754e415841554a556178576b68507853424452415a47795942424f635661677869,0x716a706b71),66,66,66,66,66,66,66,66#
830	-2377) union all select concat(0x71627a6271,0x5a657a6d427a48685648485a6e41554f5064717078646e4470514f66676e717a5253664849547a7a,0x716a706b71),66,66,66,66,66,66,66,66,66,66,66,66,66,66,66,66,66,66,66,66,66,66,66,66,66,66,66,66,66,66,66#
831	-7238) union all select 66,66,66,66,66,66,66,66,66,66,66,66,66,concat(0x71627a6271,0x5464436a63644b755a63566f57597069587a636852784f47774c4a736672765979444b427a536166,0x716a706b71),66,66,66,66,66,66,66,66,66,66,66,66,66,66,66,66,66,66#
832	-8238) union all select 66,66,66,66,66,66,66,66,66,66,66,66,66,66,66,66,66,concat(0x71627a6271,0x6c61596c4a77594c71594845487551464843484f797449596653704b5a547a58527444656d48516b,0x716a706b71),66,66,66,66,66,66,66,66,66,66,66,66,66,66#
833	-2353) union all select 66,66,66,66,66,66,66,66,66,66,66,66,concat(0x71627a6271,0x52774e4e70444a576146,0x716a706b71),66,66,66,66,66,66,66,66,66,66,66,66,66,66,66,66,66,66,66#
834	-1210) union all select 66,66,66,66,66,66,66,66,66,66,66,66,66,66,66,66,66,66,66,66,66,66,66,66,66,66,66,66,concat(0x71627a6271,0x745977704c5a636f756a,0x716a706b71),66,66,66#
835	-2588) union all select 66,66,66,66,66,66,66,66,66,66,66,66,66,66,66,66,66,66,66,66,66,66,66,66,concat(0x71627a6271,0x58457348785255425067,0x716a706b71),66,66,66,66,66,66,66#
836	-8415) union all select 66,66,66,66,66,66,66,66,66,66,66,66,66,66,66,66,66,66,66,66,66,66,66,66,66,66,66,66,66,concat(0x71627a6271,0x486353696d71674a6b47,0x716a706b71),66,66#
837	-5858) union all select 66,66,66,66,66,66,66,concat(0x71627a6271,0x5a507769466778704653,0x716a706b71),66,66,66,66,66,66,66,66,66,66,66,66,66,66,66,66,66,66,66,66,66,66,66,66#
838	-7519) union all select 66,66,66,concat(0x71627a6271,0x504844546e674b6e6573,0x716a706b71),66,66,66,66,66,66,66,66,66,66,66,66,66,66,66,66,66,66,66,66,66,66,66,66,66,66,66,66#
839	-2021) union all select 66,66,66,66,66,66,66,66,concat(0x71627a6271,0x73637a494e4d42456b79,0x716a706b71),66,66,66,66,66,66,66,66,66,66,66,66,66,66,66,66,66,66,66,66,66,66,66#
840	-8276) union all select 66,66,66,66,66,66,66,66,66,66,66,66,66,66,66,66,66,66,66,66,66,66,66,66,66,concat(0x71627a6271,0x51474771534c4e595570,0x716a706b71),66,66,66,66,66,66#
841	-3594) union all select 66,66,66,66,66,66,66,66,66,66,concat(0x71627a6271,0x704c4268787959526470,0x716a706b71),66,66,66,66,66,66,66,66,66,66,66,66,66,66,66,66,66,66,66,66,66#
842	-7719) union all select 66,66,66,66,66,66,66,66,66,66,66,66,66,66,66,66,66,66,66,66,66,66,66,66,66,66,concat(0x71627a6271,0x6f6a506a524b46584c4e,0x716a706b71),66,66,66,66,66#
843	-5046) union all select 66,66,66,66,66,66,66,66,66,66,66,66,66,66,66,66,66,66,66,66,66,66,concat(0x71627a6271,0x4c45776b645071757652,0x716a706b71),66,66,66,66,66,66,66,66,66#
844	-5190) union all select 66,66,66,66,66,66,66,66,66,66,66,66,66,66,66,concat(0x71627a6271,0x51696e73756f54636753,0x716a706b71),66,66,66,66,66,66,66,66,66,66,66,66,66,66,66,66#
845	-1555) union all select 66,66,66,66,66,66,66,66,66,66,66,66,66,66,66,66,66,66,66,66,66,66,66,66,66,66,66,concat(0x71627a6271,0x6e5051527a61514d5559,0x716a706b71),66,66,66,66#
846	-1401) union all select 66,66,66,66,66,concat(0x71627a6271,0x66736c6a736d65527642,0x716a706b71),66,66,66,66,66,66,66,66,66,66,66,66,66,66,66,66,66,66,66,66,66,66,66,66,66,66#
847	-8196) union all select 66,66,66,66,concat(0x71627a6271,0x6a416853634378706879,0x716a706b71),66,66,66,66,66,66,66,66,66,66,66,66,66,66,66,66,66,66,66,66,66,66,66,66,66,66,66#
848	-8950) union all select 66,66,66,66,66,66,66,66,66,66,66,66,66,66,66,66,66,66,66,concat(0x71627a6271,0x4b587775574744625654,0x716a706b71),66,66,66,66,66,66,66,66,66,66,66,66#
849	-6682) union all select 66,66,66,66,66,66,66,66,66,66,66,66,66,66,66,66,66,66,concat(0x71627a6271,0x4a7568757668504f647a,0x716a706b71),66,66,66,66,66,66,66,66,66,66,66,66,66#
850	-3624) union all select 66,66,66,66,66,66,66,66,66,66,66,concat(0x71627a6271,0x525a4d4d585a51497878,0x716a706b71),66,66,66,66,66,66,66,66,66,66,66,66,66,66,66,66,66,66,66,66#
851	-5680) union all select 66,66,66,66,66,66,66,66,66,66,66,66,66,66,66,66,66,66,66,66,concat(0x71627a6271,0x4e5579524a4472626a66,0x716a706b71),66,66,66,66,66,66,66,66,66,66,66#
852	-1374) union all select 66,66,66,66,66,66,66,66,66,66,66,66,66,66,66,66,66,66,66,66,66,66,66,66,66,66,66,66,66,66,66,concat(0x71627a6271,0x78687079696172747162,0x716a706b71)#
853	-2151) union all select 66,66,66,66,66,66,concat(0x71627a6271,0x655164786b6f71497a6e,0x716a706b71),66,66,66,66,66,66,66,66,66,66,66,66,66,66,66,66,66,66,66,66,66,66,66,66,66#
854	-5931) union all select 66,66,concat(0x71627a6271,0x444b494d474f594f4a65,0x716a706b71),66,66,66,66,66,66,66,66,66,66,66,66,66,66,66,66,66,66,66,66,66,66,66,66,66,66,66,66,66#
855	-2119) union all select 66,66,66,66,66,66,66,66,66,concat(0x71627a6271,0x54516b6f7145734c6b62,0x716a706b71),66,66,66,66,66,66,66,66,66,66,66,66,66,66,66,66,66,66,66,66,66,66#
856	-8850) union all select 66,66,66,66,66,66,66,66,66,66,66,66,66,66,66,66,66,66,66,66,66,concat(0x71627a6271,0x5a4f50754b6a72566b79,0x716a706b71),66,66,66,66,66,66,66,66,66,66#
857	-1407) union all select 66,66,66,66,66,66,66,66,66,66,66,66,66,66,66,66,66,66,66,66,66,66,66,66,66,66,66,66,66,66,concat(0x71627a6271,0x4b66784c696f48506f6b,0x716a706b71),66#
858	-7631) union all select 66,66,66,66,66,66,66,66,66,66,66,66,66,66,66,66,concat(0x71627a6271,0x577354656f526b746e71,0x716a706b71),66,66,66,66,66,66,66,66,66,66,66,66,66,66,66#
859	-5021) union all select 66,concat(0x71627a6271,0x4b427641737249586f53,0x716a706b71),66,66,66,66,66,66,66,66,66,66,66,66,66,66,66,66,66,66,66,66,66,66,66,66,66,66,66,66,66,66#
860	-4974) union all select 66,66,66,66,66,66,66,66,66,66,66,66,66,66,concat(0x71627a6271,0x77646e78454d76496651,0x716a706b71),66,66,66,66,66,66,66,66,66,66,66,66,66,66,66,66,66#
861	-7983) union all select 66,66,66,66,66,66,66,66,66,66,66,66,66,66,66,66,66,66,66,66,66,66,66,concat(0x71627a6271,0x7576514f4164436b7044,0x716a706b71),66,66,66,66,66,66,66,66#
862	-9687) union all select concat(0x71627a6271,0x6b6f4146536a756a4961,0x716a706b71),66,66,66,66,66,66,66,66,66,66,66,66,66,66,66,66,66,66,66,66,66,66,66,66,66,66,66,66,66,66,66#
863	-2340) union all select 66,66,66,66,66,66,66,66,66,66,66,66,66,concat(0x71627a6271,0x506c6d4f43484b54546a,0x716a706b71),66,66,66,66,66,66,66,66,66,66,66,66,66,66,66,66,66,66#
864	-4030) union all select 66,66,66,66,66,66,66,66,66,66,66,66,66,66,66,66,66,concat(0x71627a6271,0x59624f747a5a4f6f6276,0x716a706b71),66,66,66,66,66,66,66,66,66,66,66,66,66,66#
865	1 union all select null,null,null,null,null,null,null,null,null,null,null,null,null,null,null,null,concat(0x71627a6271,0x747079564d43644b7464484b6e516667466b7342716c734468776550636241534e4f657872557350,0x716a706b71),null,null,null,null,null,null,null,null
866	1 union all select null,null,null,null,null,null,null,concat(0x71627a6271,0x78577a5268676a78577773655a4f6a74455572614b63586152664d69617a637645747647634d7746,0x716a706b71),null,null,null,null,null,null,null,null,null,null,null,null,null,null,null,null,null
867	1 union all select null,null,null,null,null,null,null,null,null,null,null,concat(0x71627a6271,0x545874486e696a4578445646426964757876484a7746666e42785a49796968796853485265594f6a,0x716a706b71),null,null,null,null,null,null,null,null,null,null,null,null,null
868	1 union all select null,null,null,null,null,null,concat(0x71627a6271,0x505265654476775341677a4c4575666b62786d78446b61577a58414a564772564d49477346474c58,0x716a706b71),null,null,null,null,null,null,null,null,null,null,null,null,null,null,null,null,null,null
869	1 union all select null,null,null,null,null,null,null,null,null,null,null,null,null,null,null,null,null,null,null,null,null,null,null,null,null,null,null,null,null,null,concat(0x71627a6271,0x595055777364424256444f6f66435975727159564d5341576a424c5572625a59
870	1 union all select null,null,concat(0x71627a6271,0x66766850584f516266435541656761654762664c7845546156714f6d777669725243757777767446,0x716a706b71),null,null,null,null,null,null,null,null,null,null,null,null,null,null,null,null,null,null,null,null,null,null
871	1 union all select concat(0x71627a6271,0x474f4e58415141737566454b65414e6944706566556b4f666e4577475a7775497143794947674167,0x716a706b71),null,null,null,null,null,null,null,null,null,null,null,null,null,null,null,null,null,null,null,null,null,null,null,null
872	1 union all select null,null,null,null,null,null,null,null,null,null,null,null,null,null,null,concat(0x71627a6271,0x5447445065534c4b764e6971636656527843766c7377707549774b796355507372594f6c577a4b74,0x716a706b71),null,null,null,null,null,null,null,null,null
873	1 union all select null,null,null,null,concat(0x71627a6271,0x554e67644566576a4478617162627172746c6a5242797571796c4b784f505767744a56596d436e55,0x716a706b71),null,null,null,null,null,null,null,null,null,null,null,null,null,null,null,null,null,null,null,null
874	1 union all select null,null,null,null,null,null,null,null,null,null,null,null,null,null,null,null,null,null,null,null,null,null,null,null,null,null,null,null,null,concat(0x71627a6271,0x4f665a45496578466556774470674b5479736d4646584b554e6f78615068586d65434
875	1 union all select null,null,null,null,null,null,null,null,null,null,null,null,null,null,null,null,null,null,null,concat(0x71627a6271,0x49676a6769477253507141714a6a4b4b6b78666b5850447a447a7875644574594b6371644a754d63,0x716a706b71),null,null,null,null,null
876	1 union all select null,null,null,null,null,null,null,null,null,null,null,null,null,null,null,null,null,null,null,null,null,null,null,null,concat(0x71627a6271,0x70677469734b534359456b43664a4945475455716a79745a4372415741475552594d555751666776,0x716a706b71)
877	1 union all select null,null,null,null,null,null,null,null,null,null,null,null,null,null,null,null,null,null,null,null,null,null,null,null,null,null,concat(0x71627a6271,0x5a69504f65637a446b554d50684d73504f4965485461727a6267516c4261694871425a5147785641,0x7
878	1 union all select null,null,null,null,null,null,null,null,null,null,null,null,null,concat(0x71627a6271,0x75784e53654a5064516e4a79584e594e63526f71776c59586568746742414f5543727a6c55584167,0x716a706b71),null,null,null,null,null,null,null,null,null,null,null
879	1 union all select null,null,null,null,null,null,null,null,null,null,null,null,null,null,null,null,null,null,null,null,null,null,null,concat(0x71627a6271,0x6b7a427679704959567361615366517646716d67626e47557773716b45717457456a667978495664,0x716a706b71),null
880	1 union all select null,null,null,null,null,concat(0x71627a6271,0x595677614565786e4247566f6141694c7247524b6b69574d4f6e7159796c5252657679634b445a47,0x716a706b71),null,null,null,null,null,null,null,null,null,null,null,null,null,null,null,null,null,null,null
881	1 union all select null,concat(0x71627a6271,0x4f6f464b677942557862434d734d685543686f52724759745153706a59526b654a4e764c4564474d,0x716a706b71),null,null,null,null,null,null,null,null,null,null,null,null,null,null,null,null,null,null,null,null,null,null,null
882	1 union all select null,null,null,null,null,null,null,null,null,null,null,null,null,null,null,null,null,null,null,null,null,null,null,null,null,concat(0x71627a6271,0x66564d4a6b46416e644f67544f71435846735444614e7563436142477a725a6c6343425656546b76,0x716a70
883	1 union all select null,null,null,null,null,null,null,null,null,null,null,null,null,null,null,null,null,null,null,null,null,null,null,null,null,null,null,null,null,null,null,concat(0x71627a6271,0x53534d6b5a6d6b4f597a736c62637741655a53477a6878586f706678684
884	1 union all select null,null,null,concat(0x71627a6271,0x7a777750466b6e416c6d7654666272517053664676485164616f6b574959534d7758634f49626658,0x716a706b71),null,null,null,null,null,null,null,null,null,null,null,null,null,null,null,null,null,null,null,null,null
885	1 union all select null,null,null,null,null,null,null,null,null,null,null,null,null,null,null,null,null,concat(0x71627a6271,0x5752536d56774c7054487571714b43554f7156766c7a68426b4f78776d4d4e564a764647694a754f,0x716a706b71),null,null,null,null,null,null,null
886	1 union all select null,null,null,null,null,null,null,null,null,null,null,null,null,null,null,null,null,null,null,null,null,null,concat(0x71627a6271,0x44457848455977676949666244456d6e516a71585061514d5157524e6777524863756351687a6964,0x716a706b71),null,null
887	1 union all select null,null,null,null,null,null,null,null,null,null,null,null,null,null,null,null,null,null,null,null,null,null,null,null,null,null,null,concat(0x71627a6271,0x7478786c71514d655659567844655177776f6655547856564a64796b78465157787653614377466
888	1 union all select null,null,null,null,null,null,null,null,null,null,concat(0x71627a6271,0x77506f6b4b49444875776e67776e414c5057716d6a567672536f6f6d64574f4c7572726b45585570,0x716a706b71),null,null,null,null,null,null,null,null,null,null,null,null,null,null
889	1 union all select null,null,null,null,null,null,null,null,null,concat(0x71627a6271,0x78534c475670705758514b6d646b68486f746b6a50724b514165466a6b4b6663584b62786f63694b,0x716a706b71),null,null,null,null,null,null,null,null,null,null,null,null,null,null,null
890	1 union all select null,null,null,null,null,null,null,null,null,null,null,null,null,null,null,null,null,null,null,null,null,null,null,null,null,null,null,null,concat(0x71627a6271,0x6f7146484e58674643677a4e53556963555742746d466d617066656c596a716a526d595862
891	1 union all select null,null,null,null,null,null,null,null,null,null,null,null,null,null,concat(0x71627a6271,0x666e436941676261566a52444f507441456847744d6b42765067446c6f79536158524e524e6a7870,0x716a706b71),null,null,null,null,null,null,null,null,null,null
892	1 union all select null,null,null,null,null,null,null,null,null,null,null,null,null,null,null,null,null,null,concat(0x71627a6271,0x71594b6c47497441784c666e50747463524d674d554f656c6e744d51666470726676696948426f46,0x716a706b71),null,null,null,null,null,null
893	1 union all select null,null,null,null,null,null,null,null,null,null,null,null,null,null,null,null,null,null,null,null,null,concat(0x71627a6271,0x49487767754e42767569484d77566c6d745a57616d6e57744350497a617a78667041494a75556672,0x716a706b71),null,null,null
894	1 union all select null,null,null,null,null,null,null,null,null,null,null,null,concat(0x71627a6271,0x71594a67637649646f5462617247777153617646674e637a6a735068414b434a4757647368595a67,0x716a706b71),null,null,null,null,null,null,null,null,null,null,null,null
895	1 union all select null,null,null,null,null,null,null,null,concat(0x71627a6271,0x6f49744d537159534d615371786b735a744c6867666c516a4a6e4e4566697248494d497a66705465,0x716a706b71),null,null,null,null,null,null,null,null,null,null,null,null,null,null,null,null
896	1 union all select null,null,null,null,null,null,null,null,null,null,null,null,null,null,null,null,null,null,null,null,concat(0x71627a6271,0x49485a564d654773656a41556d6c646f5943414263455a75536569786f65474174724d66544b454e,0x716a706b71),null,null,null,null
897	1 union all select null,null,null,null,null,null,null,null,null,null,null,null,null,null,null,null,concat(0x71627a6271,0x527967706f735443687a,0x716a706b71),null,null,null,null,null,null,null,null,null,null,null,null,null,null,null#
898	1 union all select null,null,null,null,null,null,null,concat(0x71627a6271,0x476378656a446b536f64,0x716a706b71),null,null,null,null,null,null,null,null,null,null,null,null,null,null,null,null,null,null,null,null,null,null,null,null#
899	1 union all select null,null,null,null,null,null,null,null,null,null,null,concat(0x71627a6271,0x684f434f6c6c56435355,0x716a706b71),null,null,null,null,null,null,null,null,null,null,null,null,null,null,null,null,null,null,null,null#
900	1 union all select null,null,null,null,null,null,concat(0x71627a6271,0x636642446c4854647347,0x716a706b71),null,null,null,null,null,null,null,null,null,null,null,null,null,null,null,null,null,null,null,null,null,null,null,null,null#
901	1 union all select null,null,null,null,null,null,null,null,null,null,null,null,null,null,null,null,null,null,null,null,null,null,null,null,null,null,null,null,null,null,concat(0x71627a6271,0x6856516b6a6973597a63,0x716a706b71),null#
902	1 union all select null,null,concat(0x71627a6271,0x694b4861784e64414b6f,0x716a706b71),null,null,null,null,null,null,null,null,null,null,null,null,null,null,null,null,null,null,null,null,null,null,null,null,null,null,null,null,null#
903	1 union all select concat(0x71627a6271,0x6873474644484e4d7a42,0x716a706b71),null,null,null,null,null,null,null,null,null,null,null,null,null,null,null,null,null,null,null,null,null,null,null,null,null,null,null,null,null,null,null#
904	1 union all select null,null,null,null,null,null,null,null,null,null,null,null,null,null,null,concat(0x71627a6271,0x4e6446484a4172715364,0x716a706b71),null,null,null,null,null,null,null,null,null,null,null,null,null,null,null,null#
905	1 union all select null,null,null,null,concat(0x71627a6271,0x7a51784d52577349746a,0x716a706b71),null,null,null,null,null,null,null,null,null,null,null,null,null,null,null,null,null,null,null,null,null,null,null,null,null,null,null#
906	1 union all select null,null,null,null,null,null,null,null,null,null,null,null,null,null,null,null,null,null,null,null,null,null,null,null,null,null,null,null,null,concat(0x71627a6271,0x7162664e46474e6f5055,0x716a706b71),null,null#
907	rh415
908	tjänstepension
909	certified engineer
910	❤️ victoria want to meet you! click here: https://clck.ru/bmqur?h=0ac2e74c0955fa0474178cdfe796b443- ❤️
911	❤️ beatrice is interested in your profile! click here: https://clck.ru/bmqur?h=7c69d0a82d3cdd09a678ab426d43d99f- ❤️
912	❤️ shannon is interested in your profile! click here: https://clck.ru/bmqur?h=14b6468cc06fd5e911d7a435fe253959- ❤️
913	❤️ constance want to meet you! click here: https://clck.ru/bmqur?h=6bf4eb6ad00637e43da40c62e7d30287- ❤️
914	124
915	red hat exam
916	rh214
917	tomas
918	khalex wan
919	khale
920	redhat exam
921	rh 199
922	red hat openshift i
923	amer mi
924	introduction to containders
925	introduction to containers
926	advanced automation: ansible best practices (do447)
927	omsättningen
928	wifi
929	jboss
930	sara
931	tandvård
932	f5
933	fuse
934	annell
935	addressen till lexher ab
936	red hat open shift i: containers & kubernetes with exam (do181)
937	garanterad
938	avgång
939	st
940	start
941	startdatum
942	garanterad avgång
943	red hat certified
944	red hat certified specilalist incontainers
945	red hat enterprise linux 8
946	rh354
947	rh
948	red hat enterprise linux 9
949	red hat enterprise linux
950	subscription
951	alexandra wattley
952	vouchers
953	learning
954	security
955	red hat certified specialist in security
956	wheelchair
957	alexandra
958	karriär
959	do292
960	rh416
961	architect
962	rhca
963	carina
964	redhatexam
965	openshift exam
966	red hat fuse
967	ad221
968	supermicro
970	containers, kubernetes and red hat openshift technical overview
971	do181
972	181
973	avbokning
974	cancellation
975	prov
976	do188
977	d0280
978	erv\\
\.


--
