--
--



ALTER TABLE IF EXISTS ONLY public.wagtailusers_userprofile DROP CONSTRAINT IF EXISTS wagtailusers_userpro_user_id_59c92331_fk_lexher_us;
ALTER TABLE IF EXISTS ONLY public.wagtailsearch_querydailyhits DROP CONSTRAINT IF EXISTS wagtailsearch_queryd_query_id_2185994b_fk_wagtailse;
ALTER TABLE IF EXISTS ONLY public.wagtailsearch_editorspick DROP CONSTRAINT IF EXISTS wagtailsearch_editor_query_id_c6eee4a0_fk_wagtailse;
ALTER TABLE IF EXISTS ONLY public.wagtailsearch_editorspick DROP CONSTRAINT IF EXISTS wagtailsearch_editor_page_id_28cbc274_fk_wagtailco;
ALTER TABLE IF EXISTS ONLY public.wagtailredirects_redirect DROP CONSTRAINT IF EXISTS wagtailredirects_red_site_id_780a0e1e_fk_wagtailco;
ALTER TABLE IF EXISTS ONLY public.wagtailredirects_redirect DROP CONSTRAINT IF EXISTS wagtailredirects_red_redirect_page_id_b5728a8f_fk_wagtailco;
ALTER TABLE IF EXISTS ONLY public.wagtailmenus_mainmenu DROP CONSTRAINT IF EXISTS wagtailmenus_mainmenu_site_id_84b0fde4_fk_wagtailcore_site_id;
ALTER TABLE IF EXISTS ONLY public.wagtailmenus_mainmenuitem DROP CONSTRAINT IF EXISTS wagtailmenus_mainmen_menu_id_6505d4c4_fk_wagtailme;
ALTER TABLE IF EXISTS ONLY public.wagtailmenus_mainmenuitem DROP CONSTRAINT IF EXISTS wagtailmenus_mainmen_link_page_id_208a4a4d_fk_wagtailco;
ALTER TABLE IF EXISTS ONLY public.wagtailmenus_flatmenu DROP CONSTRAINT IF EXISTS wagtailmenus_flatmenu_site_id_516a598d_fk_wagtailcore_site_id;
ALTER TABLE IF EXISTS ONLY public.wagtailmenus_flatmenuitem DROP CONSTRAINT IF EXISTS wagtailmenus_flatmen_menu_id_757c39da_fk_wagtailme;
ALTER TABLE IF EXISTS ONLY public.wagtailmenus_flatmenuitem DROP CONSTRAINT IF EXISTS wagtailmenus_flatmen_link_page_id_36779c0f_fk_wagtailco;
ALTER TABLE IF EXISTS ONLY public.wagtailimages_uploadedimage DROP CONSTRAINT IF EXISTS wagtailimages_upload_uploaded_by_user_id_85921689_fk_lexher_us;
ALTER TABLE IF EXISTS ONLY public.wagtailimages_rendition DROP CONSTRAINT IF EXISTS wagtailimages_rendit_image_id_3e1fd774_fk_wagtailim;
ALTER TABLE IF EXISTS ONLY public.wagtailimages_image DROP CONSTRAINT IF EXISTS wagtailimages_image_uploaded_by_user_id_5d73dc75_fk_lexher_us;
ALTER TABLE IF EXISTS ONLY public.wagtailimages_image DROP CONSTRAINT IF EXISTS wagtailimages_image_collection_id_c2f8af7e_fk_wagtailco;
ALTER TABLE IF EXISTS ONLY public.wagtailforms_formsubmission DROP CONSTRAINT IF EXISTS wagtailforms_formsub_page_id_e48e93e7_fk_wagtailco;
ALTER TABLE IF EXISTS ONLY public.wagtaildocs_uploadeddocument DROP CONSTRAINT IF EXISTS wagtaildocs_uploaded_uploaded_by_user_id_8dd61a73_fk_lexher_us;
ALTER TABLE IF EXISTS ONLY public.wagtaildocs_document DROP CONSTRAINT IF EXISTS wagtaildocs_document_uploaded_by_user_id_17258b41_fk_lexher_us;
ALTER TABLE IF EXISTS ONLY public.wagtaildocs_document DROP CONSTRAINT IF EXISTS wagtaildocs_document_collection_id_23881625_fk_wagtailco;
ALTER TABLE IF EXISTS ONLY public.wagtailcore_workflowtask DROP CONSTRAINT IF EXISTS wagtailcore_workflow_workflow_id_b9717175_fk_wagtailco;
ALTER TABLE IF EXISTS ONLY public.wagtailcore_workflowpage DROP CONSTRAINT IF EXISTS wagtailcore_workflow_workflow_id_56f56ff6_fk_wagtailco;
ALTER TABLE IF EXISTS ONLY public.wagtailcore_workflowstate DROP CONSTRAINT IF EXISTS wagtailcore_workflow_workflow_id_1f18378f_fk_wagtailco;
ALTER TABLE IF EXISTS ONLY public.wagtailcore_workflowtask DROP CONSTRAINT IF EXISTS wagtailcore_workflow_task_id_ce7716fe_fk_wagtailco;
ALTER TABLE IF EXISTS ONLY public.wagtailcore_workflowstate DROP CONSTRAINT IF EXISTS wagtailcore_workflow_requested_by_id_4090bca3_fk_lexher_us;
ALTER TABLE IF EXISTS ONLY public.wagtailcore_workflowpage DROP CONSTRAINT IF EXISTS wagtailcore_workflow_page_id_81e7bab6_fk_wagtailco;
ALTER TABLE IF EXISTS ONLY public.wagtailcore_workflowstate DROP CONSTRAINT IF EXISTS wagtailcore_workflow_page_id_6c962862_fk_wagtailco;
ALTER TABLE IF EXISTS ONLY public.wagtailcore_workflowstate DROP CONSTRAINT IF EXISTS wagtailcore_workflow_current_task_state_i_3a1a0632_fk_wagtailco;
ALTER TABLE IF EXISTS ONLY public.wagtailcore_taskstate DROP CONSTRAINT IF EXISTS wagtailcore_taskstate_task_id_c3677c34_fk_wagtailcore_task_id;
ALTER TABLE IF EXISTS ONLY public.wagtailcore_taskstate DROP CONSTRAINT IF EXISTS wagtailcore_taskstat_workflow_state_id_9239a775_fk_wagtailco;
ALTER TABLE IF EXISTS ONLY public.wagtailcore_taskstate DROP CONSTRAINT IF EXISTS wagtailcore_taskstat_page_revision_id_9f52c88e_fk_wagtailco;
ALTER TABLE IF EXISTS ONLY public.wagtailcore_taskstate DROP CONSTRAINT IF EXISTS wagtailcore_taskstat_finished_by_id_13f98229_fk_lexher_us;
ALTER TABLE IF EXISTS ONLY public.wagtailcore_taskstate DROP CONSTRAINT IF EXISTS wagtailcore_taskstat_content_type_id_0a758fdc_fk_django_co;
ALTER TABLE IF EXISTS ONLY public.wagtailcore_task DROP CONSTRAINT IF EXISTS wagtailcore_task_content_type_id_249ab8ba_fk_django_co;
ALTER TABLE IF EXISTS ONLY public.wagtailcore_site DROP CONSTRAINT IF EXISTS wagtailcore_site_root_page_id_e02fb95c_fk_wagtailcore_page_id;
ALTER TABLE IF EXISTS ONLY public.wagtailcore_pageviewrestriction_groups DROP CONSTRAINT IF EXISTS wagtailcore_pageview_pageviewrestriction__f147a99a_fk_wagtailco;
ALTER TABLE IF EXISTS ONLY public.wagtailcore_pageviewrestriction_groups DROP CONSTRAINT IF EXISTS wagtailcore_pageview_group_id_6460f223_fk_auth_grou;
ALTER TABLE IF EXISTS ONLY public.wagtailcore_pagesubscription DROP CONSTRAINT IF EXISTS wagtailcore_pagesubs_user_id_89d7def9_fk_lexher_us;
ALTER TABLE IF EXISTS ONLY public.wagtailcore_pagesubscription DROP CONSTRAINT IF EXISTS wagtailcore_pagesubs_page_id_a085e7a6_fk_wagtailco;
ALTER TABLE IF EXISTS ONLY public.wagtailcore_pagerevision DROP CONSTRAINT IF EXISTS wagtailcore_pagerevi_user_id_2409d2f4_fk_lexher_us;
ALTER TABLE IF EXISTS ONLY public.wagtailcore_pagerevision DROP CONSTRAINT IF EXISTS wagtailcore_pagerevi_page_id_d421cc1d_fk_wagtailco;
ALTER TABLE IF EXISTS ONLY public.wagtailcore_pagelogentry DROP CONSTRAINT IF EXISTS wagtailcore_pageloge_content_type_id_74e7708a_fk_django_co;
ALTER TABLE IF EXISTS ONLY public.wagtailcore_page DROP CONSTRAINT IF EXISTS wagtailcore_page_owner_id_fbf7c332_fk_lexher_users_user_id;
ALTER TABLE IF EXISTS ONLY public.wagtailcore_page DROP CONSTRAINT IF EXISTS wagtailcore_page_locked_by_id_bcb86245_fk_lexher_users_user_id;
ALTER TABLE IF EXISTS ONLY public.wagtailcore_page DROP CONSTRAINT IF EXISTS wagtailcore_page_locale_id_3c7e30a6_fk_wagtailcore_locale_id;
ALTER TABLE IF EXISTS ONLY public.wagtailcore_page DROP CONSTRAINT IF EXISTS wagtailcore_page_live_revision_id_930bd822_fk_wagtailco;
ALTER TABLE IF EXISTS ONLY public.wagtailcore_page DROP CONSTRAINT IF EXISTS wagtailcore_page_content_type_id_c28424df_fk_django_co;
ALTER TABLE IF EXISTS ONLY public.wagtailcore_page DROP CONSTRAINT IF EXISTS wagtailcore_page_alias_of_id_12945502_fk_wagtailcore_page_id;
ALTER TABLE IF EXISTS ONLY public.wagtailcore_grouppagepermission DROP CONSTRAINT IF EXISTS wagtailcore_grouppag_page_id_710b114a_fk_wagtailco;
ALTER TABLE IF EXISTS ONLY public.wagtailcore_grouppagepermission DROP CONSTRAINT IF EXISTS wagtailcore_grouppag_group_id_fc07e671_fk_auth_grou;
ALTER TABLE IF EXISTS ONLY public.wagtailcore_groupcollectionpermission DROP CONSTRAINT IF EXISTS wagtailcore_groupcol_permission_id_1b626275_fk_auth_perm;
ALTER TABLE IF EXISTS ONLY public.wagtailcore_groupcollectionpermission DROP CONSTRAINT IF EXISTS wagtailcore_groupcol_group_id_05d61460_fk_auth_grou;
ALTER TABLE IF EXISTS ONLY public.wagtailcore_groupcollectionpermission DROP CONSTRAINT IF EXISTS wagtailcore_groupcol_collection_id_5423575a_fk_wagtailco;
ALTER TABLE IF EXISTS ONLY public.wagtailcore_groupapprovaltask DROP CONSTRAINT IF EXISTS wagtailcore_groupapp_task_ptr_id_cfe58781_fk_wagtailco;
ALTER TABLE IF EXISTS ONLY public.wagtailcore_groupapprovaltask_groups DROP CONSTRAINT IF EXISTS wagtailcore_groupapp_groupapprovaltask_id_9a9255ea_fk_wagtailco;
ALTER TABLE IF EXISTS ONLY public.wagtailcore_groupapprovaltask_groups DROP CONSTRAINT IF EXISTS wagtailcore_groupapp_group_id_2e64b61f_fk_auth_grou;
ALTER TABLE IF EXISTS ONLY public.wagtailcore_commentreply DROP CONSTRAINT IF EXISTS wagtailcore_commentr_user_id_d0b3b9c3_fk_lexher_us;
ALTER TABLE IF EXISTS ONLY public.wagtailcore_commentreply DROP CONSTRAINT IF EXISTS wagtailcore_commentr_comment_id_afc7e027_fk_wagtailco;
ALTER TABLE IF EXISTS ONLY public.wagtailcore_comment DROP CONSTRAINT IF EXISTS wagtailcore_comment_user_id_0c577ca6_fk_lexher_users_user_id;
ALTER TABLE IF EXISTS ONLY public.wagtailcore_comment DROP CONSTRAINT IF EXISTS wagtailcore_comment_revision_created_id_1d058279_fk_wagtailco;
ALTER TABLE IF EXISTS ONLY public.wagtailcore_comment DROP CONSTRAINT IF EXISTS wagtailcore_comment_resolved_by_id_a282aa0e_fk_lexher_us;
ALTER TABLE IF EXISTS ONLY public.wagtailcore_comment DROP CONSTRAINT IF EXISTS wagtailcore_comment_page_id_108444b5_fk_wagtailcore_page_id;
ALTER TABLE IF EXISTS ONLY public.wagtailcore_collectionviewrestriction_groups DROP CONSTRAINT IF EXISTS wagtailcore_collecti_group_id_1823f2a3_fk_auth_grou;
ALTER TABLE IF EXISTS ONLY public.wagtailcore_collectionviewrestriction_groups DROP CONSTRAINT IF EXISTS wagtailcore_collecti_collectionviewrestri_47320efd_fk_wagtailco;
ALTER TABLE IF EXISTS ONLY public.taggit_taggeditem DROP CONSTRAINT IF EXISTS taggit_taggeditem_tag_id_f4f5b767_fk_taggit_tag_id;
ALTER TABLE IF EXISTS ONLY public.taggit_taggeditem DROP CONSTRAINT IF EXISTS taggit_taggeditem_content_type_id_9957a03c_fk_django_co;
ALTER TABLE IF EXISTS ONLY public.postgres_search_indexentry DROP CONSTRAINT IF EXISTS postgres_search_inde_content_type_id_d805086f_fk_django_co;
ALTER TABLE IF EXISTS ONLY public.microsoft_auth_xboxliveaccount DROP CONSTRAINT IF EXISTS microsoft_auth_xboxl_user_id_5581861b_fk_lexher_us;
ALTER TABLE IF EXISTS ONLY public.microsoft_auth_microsoftaccount DROP CONSTRAINT IF EXISTS microsoft_auth_micro_user_id_4377262f_fk_lexher_us;
ALTER TABLE IF EXISTS ONLY public.lexher_users_user_user_permissions DROP CONSTRAINT IF EXISTS lexher_users_user_us_user_id_19aba3e5_fk_lexher_us;
ALTER TABLE IF EXISTS ONLY public.lexher_users_user_user_permissions DROP CONSTRAINT IF EXISTS lexher_users_user_us_permission_id_0cfbcecf_fk_auth_perm;
ALTER TABLE IF EXISTS ONLY public.lexher_users_user_groups DROP CONSTRAINT IF EXISTS lexher_users_user_groups_group_id_2e1c58fe_fk_auth_group_id;
ALTER TABLE IF EXISTS ONLY public.lexher_users_user_groups DROP CONSTRAINT IF EXISTS lexher_users_user_gr_user_id_978d3dad_fk_lexher_us;
ALTER TABLE IF EXISTS ONLY public.lexher_training_watchlistitem_courses DROP CONSTRAINT IF EXISTS lexher_training_watc_watchlistitem_id_2ffc2096_fk_lexher_tr;
ALTER TABLE IF EXISTS ONLY public.lexher_training_watchlistitem_courses DROP CONSTRAINT IF EXISTS lexher_training_watc_coursedetailpage_id_10960f9b_fk_lexher_tr;
ALTER TABLE IF EXISTS ONLY public.lexher_training_purchaseorder DROP CONSTRAINT IF EXISTS lexher_training_purc_participant_id_436a8fd9_fk_lexher_tr;
ALTER TABLE IF EXISTS ONLY public.lexher_training_purchaseorder DROP CONSTRAINT IF EXISTS lexher_training_purc_orderrow_id_033cc64d_fk_lexher_tr;
ALTER TABLE IF EXISTS ONLY public.lexher_training_orderrow_participants DROP CONSTRAINT IF EXISTS lexher_training_orde_orderrow_id_f5aef4cf_fk_lexher_tr;
ALTER TABLE IF EXISTS ONLY public.lexher_training_orderrow DROP CONSTRAINT IF EXISTS lexher_training_orde_order_id_69eed2aa_fk_lexher_tr;
ALTER TABLE IF EXISTS ONLY public.lexher_training_orderrow_participants DROP CONSTRAINT IF EXISTS lexher_training_orde_courseparticipant_id_aa110d97_fk_lexher_tr;
ALTER TABLE IF EXISTS ONLY public.lexher_training_orderrow DROP CONSTRAINT IF EXISTS lexher_training_orde_course_occasion_id_97cd773e_fk_lexher_tr;
ALTER TABLE IF EXISTS ONLY public.lexher_training_orderrow DROP CONSTRAINT IF EXISTS lexher_training_orde_bundle_id_c7141939_fk_lexher_tr;
ALTER TABLE IF EXISTS ONLY public.lexher_training_invoice DROP CONSTRAINT IF EXISTS lexher_training_invo_order_id_705ee0e8_fk_lexher_tr;
ALTER TABLE IF EXISTS ONLY public.lexher_training_edutrackpage DROP CONSTRAINT IF EXISTS lexher_training_edut_page_ptr_id_2f605ba3_fk_wagtailco;
ALTER TABLE IF EXISTS ONLY public.lexher_training_edutrackcoursemember DROP CONSTRAINT IF EXISTS lexher_training_edut_level_id_1f96bb67_fk_lexher_tr;
ALTER TABLE IF EXISTS ONLY public.lexher_training_edutrackcoursemember DROP CONSTRAINT IF EXISTS lexher_training_edut_edu_track_page_id_20458b5b_fk_lexher_tr;
ALTER TABLE IF EXISTS ONLY public.lexher_training_edutrackcoursemember DROP CONSTRAINT IF EXISTS lexher_training_edut_course_page_id_4015bbcb_fk_lexher_tr;
ALTER TABLE IF EXISTS ONLY public.lexher_training_edutrackpage DROP CONSTRAINT IF EXISTS lexher_training_edut_category_id_d205db20_fk_lexher_ho;
ALTER TABLE IF EXISTS ONLY public.lexher_training_courselistpage DROP CONSTRAINT IF EXISTS lexher_training_cour_page_ptr_id_22cccee9_fk_wagtailco;
ALTER TABLE IF EXISTS ONLY public.lexher_training_coursedetailpage DROP CONSTRAINT IF EXISTS lexher_training_cour_page_ptr_id_0bc8093b_fk_wagtailco;
ALTER TABLE IF EXISTS ONLY public.lexher_training_courseoccasion DROP CONSTRAINT IF EXISTS lexher_training_cour_course_id_85767922_fk_lexher_tr;
ALTER TABLE IF EXISTS ONLY public.lexher_training_coursecategory DROP CONSTRAINT IF EXISTS lexher_training_cour_course_id_155ed096_fk_lexher_tr;
ALTER TABLE IF EXISTS ONLY public.lexher_training_coursecategory DROP CONSTRAINT IF EXISTS lexher_training_cour_category_id_33f766d8_fk_lexher_ho;
ALTER TABLE IF EXISTS ONLY public.lexher_training_checkoutpage DROP CONSTRAINT IF EXISTS lexher_training_chec_toc_page_id_afd7cc42_fk_wagtailco;
ALTER TABLE IF EXISTS ONLY public.lexher_training_checkoutpage DROP CONSTRAINT IF EXISTS lexher_training_chec_success_page_id_0b2ded7e_fk_wagtailco;
ALTER TABLE IF EXISTS ONLY public.lexher_training_checkoutpage DROP CONSTRAINT IF EXISTS lexher_training_chec_page_ptr_id_751b7998_fk_wagtailco;
ALTER TABLE IF EXISTS ONLY public.lexher_training_campaignpage DROP CONSTRAINT IF EXISTS lexher_training_camp_page_ptr_id_336be25e_fk_wagtailco;
ALTER TABLE IF EXISTS ONLY public.lexher_training_campaigncourse DROP CONSTRAINT IF EXISTS lexher_training_camp_course_id_dc37a809_fk_lexher_tr;
ALTER TABLE IF EXISTS ONLY public.lexher_training_campaigncourse DROP CONSTRAINT IF EXISTS lexher_training_camp_campaign_id_5bb5b36a_fk_lexher_tr;
ALTER TABLE IF EXISTS ONLY public.lexher_training_bundle DROP CONSTRAINT IF EXISTS lexher_training_bund_page_ptr_id_f2da06d7_fk_wagtailco;
ALTER TABLE IF EXISTS ONLY public.lexher_training_bundlelistpage DROP CONSTRAINT IF EXISTS lexher_training_bund_page_ptr_id_41e5621e_fk_wagtailco;
ALTER TABLE IF EXISTS ONLY public.lexher_training_bundlecourse DROP CONSTRAINT IF EXISTS lexher_training_bund_course_id_57e9053b_fk_lexher_tr;
ALTER TABLE IF EXISTS ONLY public.lexher_training_bundlecourse DROP CONSTRAINT IF EXISTS lexher_training_bund_bundle_id_d0dc696d_fk_lexher_tr;
ALTER TABLE IF EXISTS ONLY public.lexher_intranet_lexherdocument DROP CONSTRAINT IF EXISTS lexher_intranet_lexh_uploaded_by_user_id_358ef484_fk_lexher_us;
ALTER TABLE IF EXISTS ONLY public.lexher_intranet_lexherdocument DROP CONSTRAINT IF EXISTS lexher_intranet_lexh_collection_id_95836616_fk_wagtailco;
ALTER TABLE IF EXISTS ONLY public.lexher_intranet_knowledgebasepage DROP CONSTRAINT IF EXISTS lexher_intranet_know_page_ptr_id_1c28787c_fk_wagtailco;
ALTER TABLE IF EXISTS ONLY public.lexher_intranet_knowledgebasepage DROP CONSTRAINT IF EXISTS lexher_intranet_know_collection_id_23e4c6fc_fk_wagtailco;
ALTER TABLE IF EXISTS ONLY public.lexher_intranet_infopage DROP CONSTRAINT IF EXISTS lexher_intranet_info_page_ptr_id_892aae5e_fk_wagtailco;
ALTER TABLE IF EXISTS ONLY public.lexher_intranet_infosection DROP CONSTRAINT IF EXISTS lexher_intranet_info_page_ptr_id_3e2ce9cb_fk_wagtailco;
ALTER TABLE IF EXISTS ONLY public.lexher_home_menuitempage DROP CONSTRAINT IF EXISTS lexher_home_menuitem_page_ptr_id_482f9413_fk_wagtailco;
ALTER TABLE IF EXISTS ONLY public.lexher_home_linkpage DROP CONSTRAINT IF EXISTS lexher_home_linkpage_page_ptr_id_10183f1b_fk_wagtailco;
ALTER TABLE IF EXISTS ONLY public.lexher_home_linkpage DROP CONSTRAINT IF EXISTS lexher_home_linkpage_link_page_id_98454ddc_fk_wagtailco;
ALTER TABLE IF EXISTS ONLY public.lexher_home_homepage DROP CONSTRAINT IF EXISTS lexher_home_homepage_page_ptr_id_1c3a02ac_fk_wagtailco;
ALTER TABLE IF EXISTS ONLY public.lexher_home_homepagebutton DROP CONSTRAINT IF EXISTS lexher_home_homepage_page_id_576e8f6b_fk_wagtailco;
ALTER TABLE IF EXISTS ONLY public.lexher_home_homepagebutton DROP CONSTRAINT IF EXISTS lexher_home_homepage_home_page_id_dbfa6028_fk_lexher_ho;
ALTER TABLE IF EXISTS ONLY public.lexher_home_generalpage DROP CONSTRAINT IF EXISTS lexher_home_generalp_page_ptr_id_e87f97a7_fk_wagtailco;
ALTER TABLE IF EXISTS ONLY public.lexher_home_formpage DROP CONSTRAINT IF EXISTS lexher_home_formpage_page_ptr_id_4d60fc90_fk_wagtailco;
ALTER TABLE IF EXISTS ONLY public.lexher_home_formfield DROP CONSTRAINT IF EXISTS lexher_home_formfiel_page_id_4e2a701c_fk_lexher_ho;
ALTER TABLE IF EXISTS ONLY public.lexher_home_contentsettings DROP CONSTRAINT IF EXISTS lexher_home_contents_site_id_e84c1418_fk_wagtailco;
ALTER TABLE IF EXISTS ONLY public.lexher_home_contentsettings DROP CONSTRAINT IF EXISTS lexher_home_contents_privacy_policy_page__1b82f098_fk_wagtailco;
ALTER TABLE IF EXISTS ONLY public.lexher_home_contactpage DROP CONSTRAINT IF EXISTS lexher_home_contactp_page_ptr_id_a9012ee5_fk_wagtailco;
ALTER TABLE IF EXISTS ONLY public.lexher_gallery_gallerypage DROP CONSTRAINT IF EXISTS lexher_gallery_galle_page_ptr_id_d5909a99_fk_wagtailco;
ALTER TABLE IF EXISTS ONLY public.lexher_gallery_galleryindexpage DROP CONSTRAINT IF EXISTS lexher_gallery_galle_page_ptr_id_303479ed_fk_wagtailco;
ALTER TABLE IF EXISTS ONLY public.lexher_gallery_gallerypage DROP CONSTRAINT IF EXISTS lexher_gallery_galle_collection_id_1e3b900a_fk_wagtailco;
ALTER TABLE IF EXISTS ONLY public.lexher_employees_teammember DROP CONSTRAINT IF EXISTS lexher_employees_tea_team_id_ca687564_fk_lexher_em;
ALTER TABLE IF EXISTS ONLY public.lexher_employees_teampage DROP CONSTRAINT IF EXISTS lexher_employees_tea_page_ptr_id_9540535c_fk_wagtailco;
ALTER TABLE IF EXISTS ONLY public.lexher_employees_teammember DROP CONSTRAINT IF EXISTS lexher_employees_tea_member_id_776e0649_fk_lexher_em;
ALTER TABLE IF EXISTS ONLY public.lexher_employees_employee DROP CONSTRAINT IF EXISTS lexher_employees_emp_user_id_828fb4f3_fk_lexher_us;
ALTER TABLE IF EXISTS ONLY public.lexher_employees_employee DROP CONSTRAINT IF EXISTS lexher_employees_emp_image_id_3108bc90_fk_wagtailim;
ALTER TABLE IF EXISTS ONLY public.lexher_consultants_lexheracademyapplicationpage DROP CONSTRAINT IF EXISTS lexher_consultants_l_page_ptr_id_f4b5c6ee_fk_wagtailco;
ALTER TABLE IF EXISTS ONLY public.lexher_consultants_jobadpage DROP CONSTRAINT IF EXISTS lexher_consultants_j_page_ptr_id_d0f1a94f_fk_wagtailco;
ALTER TABLE IF EXISTS ONLY public.joyous_simpleeventpage DROP CONSTRAINT IF EXISTS joyous_simpleeventpa_page_ptr_id_69eba7d0_fk_wagtailco;
ALTER TABLE IF EXISTS ONLY public.joyous_simpleeventpage DROP CONSTRAINT IF EXISTS joyous_simpleeventpa_image_id_5abc3f53_fk_wagtailim;
ALTER TABLE IF EXISTS ONLY public.joyous_simpleeventpage DROP CONSTRAINT IF EXISTS joyous_simpleeventpa_group_page_id_10253052_fk_joyous_gr;
ALTER TABLE IF EXISTS ONLY public.joyous_simpleeventpage DROP CONSTRAINT IF EXISTS joyous_simpleeventpa_category_id_7a376bea_fk_joyous_ev;
ALTER TABLE IF EXISTS ONLY public.joyous_recurringeventpage DROP CONSTRAINT IF EXISTS joyous_recurringeven_page_ptr_id_fc885e93_fk_wagtailco;
ALTER TABLE IF EXISTS ONLY public.joyous_recurringeventpage DROP CONSTRAINT IF EXISTS joyous_recurringeven_image_id_92d01cbf_fk_wagtailim;
ALTER TABLE IF EXISTS ONLY public.joyous_recurringeventpage DROP CONSTRAINT IF EXISTS joyous_recurringeven_group_page_id_398b4ca4_fk_joyous_gr;
ALTER TABLE IF EXISTS ONLY public.joyous_recurringeventpage DROP CONSTRAINT IF EXISTS joyous_recurringeven_category_id_96630039_fk_joyous_ev;
ALTER TABLE IF EXISTS ONLY public.joyous_postponementpage DROP CONSTRAINT IF EXISTS joyous_postponementp_image_id_d5aa5059_fk_wagtailim;
ALTER TABLE IF EXISTS ONLY public.joyous_postponementpage DROP CONSTRAINT IF EXISTS joyous_postponementp_category_id_589f353c_fk_joyous_ev;
ALTER TABLE IF EXISTS ONLY public.joyous_postponementpage DROP CONSTRAINT IF EXISTS joyous_postponementp_cancellationpage_ptr_59e8079c_fk_joyous_ca;
ALTER TABLE IF EXISTS ONLY public.joyous_multidayeventpage DROP CONSTRAINT IF EXISTS joyous_multidayevent_page_ptr_id_38cda9dd_fk_wagtailco;
ALTER TABLE IF EXISTS ONLY public.joyous_multidayeventpage DROP CONSTRAINT IF EXISTS joyous_multidayevent_image_id_1ca84448_fk_wagtailim;
ALTER TABLE IF EXISTS ONLY public.joyous_multidayeventpage DROP CONSTRAINT IF EXISTS joyous_multidayevent_group_page_id_1c4ff29c_fk_joyous_gr;
ALTER TABLE IF EXISTS ONLY public.joyous_multidayeventpage DROP CONSTRAINT IF EXISTS joyous_multidayevent_category_id_49c850c5_fk_joyous_ev;
ALTER TABLE IF EXISTS ONLY public.joyous_grouppage DROP CONSTRAINT IF EXISTS joyous_grouppage_page_ptr_id_eacc8735_fk_wagtailcore_page_id;
ALTER TABLE IF EXISTS ONLY public.joyous_extrainfopage DROP CONSTRAINT IF EXISTS joyous_extrainfopage_page_ptr_id_027068bf_fk_wagtailco;
ALTER TABLE IF EXISTS ONLY public.joyous_extrainfopage DROP CONSTRAINT IF EXISTS joyous_extrainfopage_overrides_id_504a3667_fk_joyous_re;
ALTER TABLE IF EXISTS ONLY public.joyous_extcancellationpage DROP CONSTRAINT IF EXISTS joyous_extcancellati_page_ptr_id_a369b462_fk_wagtailco;
ALTER TABLE IF EXISTS ONLY public.joyous_extcancellationpage DROP CONSTRAINT IF EXISTS joyous_extcancellati_overrides_id_2058af8a_fk_joyous_re;
ALTER TABLE IF EXISTS ONLY public.joyous_closedforholidayspage DROP CONSTRAINT IF EXISTS joyous_closedforholi_page_ptr_id_e244935d_fk_wagtailco;
ALTER TABLE IF EXISTS ONLY public.joyous_closedforholidayspage DROP CONSTRAINT IF EXISTS joyous_closedforholi_overrides_id_1a8dae55_fk_joyous_re;
ALTER TABLE IF EXISTS ONLY public.joyous_closedfor DROP CONSTRAINT IF EXISTS joyous_closedfor_page_id_afc8f1bb_fk_joyous_cl;
ALTER TABLE IF EXISTS ONLY public.joyous_cancellationpage DROP CONSTRAINT IF EXISTS joyous_cancellationp_page_ptr_id_7170b246_fk_wagtailco;
ALTER TABLE IF EXISTS ONLY public.joyous_cancellationpage DROP CONSTRAINT IF EXISTS joyous_cancellationp_overrides_id_dd65c498_fk_joyous_re;
ALTER TABLE IF EXISTS ONLY public.joyous_calendarpage DROP CONSTRAINT IF EXISTS joyous_calendarpage_page_ptr_id_80e75669_fk_wagtailcore_page_id;
ALTER TABLE IF EXISTS ONLY public.django_celery_beat_periodictask DROP CONSTRAINT IF EXISTS django_celery_beat_p_solar_id_a87ce72c_fk_django_ce;
ALTER TABLE IF EXISTS ONLY public.django_celery_beat_periodictask DROP CONSTRAINT IF EXISTS django_celery_beat_p_interval_id_a8ca27da_fk_django_ce;
ALTER TABLE IF EXISTS ONLY public.django_celery_beat_periodictask DROP CONSTRAINT IF EXISTS django_celery_beat_p_crontab_id_d3cba168_fk_django_ce;
ALTER TABLE IF EXISTS ONLY public.django_celery_beat_periodictask DROP CONSTRAINT IF EXISTS django_celery_beat_p_clocked_id_47a69f82_fk_django_ce;
ALTER TABLE IF EXISTS ONLY public.django_admin_log DROP CONSTRAINT IF EXISTS django_admin_log_user_id_c564eba6_fk_lexher_users_user_id;
ALTER TABLE IF EXISTS ONLY public.django_admin_log DROP CONSTRAINT IF EXISTS django_admin_log_content_type_id_c4bce8eb_fk_django_co;
ALTER TABLE IF EXISTS ONLY public.content_blockspage DROP CONSTRAINT IF EXISTS content_blockspage_page_ptr_id_b2e2d75a_fk_wagtailcore_page_id;
ALTER TABLE IF EXISTS ONLY public.blog_blogpagetag DROP CONSTRAINT IF EXISTS blog_blogpagetag_tag_id_81dc0e5f_fk_taggit_tag_id;
ALTER TABLE IF EXISTS ONLY public.blog_blogpagetag DROP CONSTRAINT IF EXISTS blog_blogpagetag_content_object_id_0dc644d2_fk_blog_blog;
ALTER TABLE IF EXISTS ONLY public.blog_blogpage DROP CONSTRAINT IF EXISTS blog_blogpage_page_ptr_id_1d78e2b7_fk_wagtailcore_page_id;
ALTER TABLE IF EXISTS ONLY public.blog_blogpage DROP CONSTRAINT IF EXISTS blog_blogpage_header_image_id_8247abe4_fk_wagtailim;
ALTER TABLE IF EXISTS ONLY public.blog_blogpage DROP CONSTRAINT IF EXISTS blog_blogpage_author_id_8c179cec_fk_lexher_users_user_id;
ALTER TABLE IF EXISTS ONLY public.blog_blogindexpage DROP CONSTRAINT IF EXISTS blog_blogindexpage_page_ptr_id_d87c3ac2_fk_wagtailcore_page_id;
ALTER TABLE IF EXISTS ONLY public.blog_blogcategoryblogpage DROP CONSTRAINT IF EXISTS blog_blogcategoryblo_page_id_2e9e8d64_fk_blog_blog;
ALTER TABLE IF EXISTS ONLY public.blog_blogcategoryblogpage DROP CONSTRAINT IF EXISTS blog_blogcategoryblo_category_id_cf9491d5_fk_blog_blog;
ALTER TABLE IF EXISTS ONLY public.blog_blogcategory DROP CONSTRAINT IF EXISTS blog_blogcategory_parent_id_22f070db_fk_blog_blogcategory_id;
ALTER TABLE IF EXISTS ONLY public.auth_permission DROP CONSTRAINT IF EXISTS auth_permission_content_type_id_2f476e4b_fk_django_co;
ALTER TABLE IF EXISTS ONLY public.auth_group_permissions DROP CONSTRAINT IF EXISTS auth_group_permissions_group_id_b120cbf9_fk_auth_group_id;
ALTER TABLE IF EXISTS ONLY public.auth_group_permissions DROP CONSTRAINT IF EXISTS auth_group_permissio_permission_id_84c5c92e_fk_auth_perm;
DROP INDEX IF EXISTS public.wagtailsearch_querydailyhits_query_id_2185994b;
DROP INDEX IF EXISTS public.wagtailsearch_query_query_string_e785ea07_like;
DROP INDEX IF EXISTS public.wagtailsearch_editorspick_query_id_c6eee4a0;
DROP INDEX IF EXISTS public.wagtailsearch_editorspick_page_id_28cbc274;
DROP INDEX IF EXISTS public.wagtailredirects_redirect_site_id_780a0e1e;
DROP INDEX IF EXISTS public.wagtailredirects_redirect_redirect_page_id_b5728a8f;
DROP INDEX IF EXISTS public.wagtailredirects_redirect_old_path_bb35247b_like;
DROP INDEX IF EXISTS public.wagtailredirects_redirect_old_path_bb35247b;
DROP INDEX IF EXISTS public.wagtailmenus_mainmenuitem_menu_id_6505d4c4;
DROP INDEX IF EXISTS public.wagtailmenus_mainmenuitem_link_page_id_208a4a4d;
DROP INDEX IF EXISTS public.wagtailmenus_flatmenuitem_menu_id_757c39da;
DROP INDEX IF EXISTS public.wagtailmenus_flatmenuitem_link_page_id_36779c0f;
DROP INDEX IF EXISTS public.wagtailmenus_flatmenu_site_id_516a598d;
DROP INDEX IF EXISTS public.wagtailmenus_flatmenu_handle_fd420cad_like;
DROP INDEX IF EXISTS public.wagtailmenus_flatmenu_handle_fd420cad;
DROP INDEX IF EXISTS public.wagtailimages_uploadedimage_uploaded_by_user_id_85921689;
DROP INDEX IF EXISTS public.wagtailimages_rendition_image_id_3e1fd774;
DROP INDEX IF EXISTS public.wagtailimages_rendition_filter_spec_1cba3201_like;
DROP INDEX IF EXISTS public.wagtailimages_rendition_filter_spec_1cba3201;
DROP INDEX IF EXISTS public.wagtailimages_image_uploaded_by_user_id_5d73dc75;
DROP INDEX IF EXISTS public.wagtailimages_image_created_at_86fa6cd4;
DROP INDEX IF EXISTS public.wagtailimages_image_collection_id_c2f8af7e;
DROP INDEX IF EXISTS public.wagtailforms_formsubmission_page_id_e48e93e7;
DROP INDEX IF EXISTS public.wagtailembeds_embed_hash_c9bd8c9a_like;
DROP INDEX IF EXISTS public.wagtaildocs_uploadeddocument_uploaded_by_user_id_8dd61a73;
DROP INDEX IF EXISTS public.wagtaildocs_document_uploaded_by_user_id_17258b41;
DROP INDEX IF EXISTS public.wagtaildocs_document_collection_id_23881625;
DROP INDEX IF EXISTS public.wagtailcore_workflowtask_workflow_id_b9717175;
DROP INDEX IF EXISTS public.wagtailcore_workflowtask_task_id_ce7716fe;
DROP INDEX IF EXISTS public.wagtailcore_workflowstate_workflow_id_1f18378f;
DROP INDEX IF EXISTS public.wagtailcore_workflowstate_requested_by_id_4090bca3;
DROP INDEX IF EXISTS public.wagtailcore_workflowstate_page_id_6c962862;
DROP INDEX IF EXISTS public.wagtailcore_workflowpage_workflow_id_56f56ff6;
DROP INDEX IF EXISTS public.wagtailcore_taskstate_workflow_state_id_9239a775;
DROP INDEX IF EXISTS public.wagtailcore_taskstate_task_id_c3677c34;
DROP INDEX IF EXISTS public.wagtailcore_taskstate_page_revision_id_9f52c88e;
DROP INDEX IF EXISTS public.wagtailcore_taskstate_finished_by_id_13f98229;
DROP INDEX IF EXISTS public.wagtailcore_taskstate_content_type_id_0a758fdc;
DROP INDEX IF EXISTS public.wagtailcore_task_content_type_id_249ab8ba;
DROP INDEX IF EXISTS public.wagtailcore_site_root_page_id_e02fb95c;
DROP INDEX IF EXISTS public.wagtailcore_site_hostname_96b20b46_like;
DROP INDEX IF EXISTS public.wagtailcore_site_hostname_96b20b46;
DROP INDEX IF EXISTS public.wagtailcore_pageviewrestriction_page_id_15a8bea6;
DROP INDEX IF EXISTS public.wagtailcore_pageviewrestriction_groups_group_id_6460f223;
DROP INDEX IF EXISTS public.wagtailcore_pageviewrestri_pageviewrestriction_id_f147a99a;
DROP INDEX IF EXISTS public.wagtailcore_pagesubscription_user_id_89d7def9;
DROP INDEX IF EXISTS public.wagtailcore_pagesubscription_page_id_a085e7a6;
DROP INDEX IF EXISTS public.wagtailcore_pagerevision_user_id_2409d2f4;
DROP INDEX IF EXISTS public.wagtailcore_pagerevision_submitted_for_moderation_c682e44c;
DROP INDEX IF EXISTS public.wagtailcore_pagerevision_page_id_d421cc1d;
DROP INDEX IF EXISTS public.wagtailcore_pagerevision_created_at_66954e3b;
DROP INDEX IF EXISTS public.wagtailcore_pagerevision_approved_go_live_at_e56afc67;
DROP INDEX IF EXISTS public.wagtailcore_pagelogentry_user_id_604ccfd8;
DROP INDEX IF EXISTS public.wagtailcore_pagelogentry_revision_id_8043d103;
DROP INDEX IF EXISTS public.wagtailcore_pagelogentry_page_id_8464e327;
DROP INDEX IF EXISTS public.wagtailcore_pagelogentry_content_type_id_74e7708a;
DROP INDEX IF EXISTS public.wagtailcore_pagelogentry_content_changed_99f27ade;
DROP INDEX IF EXISTS public.wagtailcore_pagelogentry_action_c2408198_like;
DROP INDEX IF EXISTS public.wagtailcore_pagelogentry_action_c2408198;
DROP INDEX IF EXISTS public.wagtailcore_page_slug_e7c11b8f_like;
DROP INDEX IF EXISTS public.wagtailcore_page_slug_e7c11b8f;
DROP INDEX IF EXISTS public.wagtailcore_page_path_98eba2c8_like;
DROP INDEX IF EXISTS public.wagtailcore_page_owner_id_fbf7c332;
DROP INDEX IF EXISTS public.wagtailcore_page_locked_by_id_bcb86245;
DROP INDEX IF EXISTS public.wagtailcore_page_locale_id_3c7e30a6;
DROP INDEX IF EXISTS public.wagtailcore_page_live_revision_id_930bd822;
DROP INDEX IF EXISTS public.wagtailcore_page_first_published_at_2b5dd637;
DROP INDEX IF EXISTS public.wagtailcore_page_content_type_id_c28424df;
DROP INDEX IF EXISTS public.wagtailcore_page_alias_of_id_12945502;
DROP INDEX IF EXISTS public.wagtailcore_locale_language_code_03149338_like;
DROP INDEX IF EXISTS public.wagtailcore_grouppagepermission_page_id_710b114a;
DROP INDEX IF EXISTS public.wagtailcore_grouppagepermission_group_id_fc07e671;
DROP INDEX IF EXISTS public.wagtailcore_groupcollectionpermission_permission_id_1b626275;
DROP INDEX IF EXISTS public.wagtailcore_groupcollectionpermission_group_id_05d61460;
DROP INDEX IF EXISTS public.wagtailcore_groupcollectionpermission_collection_id_5423575a;
DROP INDEX IF EXISTS public.wagtailcore_groupapprovaltask_groups_group_id_2e64b61f;
DROP INDEX IF EXISTS public.wagtailcore_groupapprovalt_groupapprovaltask_id_9a9255ea;
DROP INDEX IF EXISTS public.wagtailcore_commentreply_user_id_d0b3b9c3;
DROP INDEX IF EXISTS public.wagtailcore_commentreply_comment_id_afc7e027;
DROP INDEX IF EXISTS public.wagtailcore_comment_user_id_0c577ca6;
DROP INDEX IF EXISTS public.wagtailcore_comment_revision_created_id_1d058279;
DROP INDEX IF EXISTS public.wagtailcore_comment_resolved_by_id_a282aa0e;
DROP INDEX IF EXISTS public.wagtailcore_comment_page_id_108444b5;
DROP INDEX IF EXISTS public.wagtailcore_collectionviewrestriction_groups_group_id_1823f2a3;
DROP INDEX IF EXISTS public.wagtailcore_collectionviewrestriction_collection_id_761908ec;
DROP INDEX IF EXISTS public.wagtailcore_collectionview_collectionviewrestriction__47320efd;
DROP INDEX IF EXISTS public.wagtailcore_collection_path_d848dc19_like;
DROP INDEX IF EXISTS public.unique_in_progress_workflow;
DROP INDEX IF EXISTS public.taggit_taggeditem_tag_id_f4f5b767;
DROP INDEX IF EXISTS public.taggit_taggeditem_object_id_e2d7d1df;
DROP INDEX IF EXISTS public.taggit_taggeditem_content_type_id_object_id_196cc965_idx;
DROP INDEX IF EXISTS public.taggit_taggeditem_content_type_id_9957a03c;
DROP INDEX IF EXISTS public.taggit_tag_slug_6be58b2c_like;
DROP INDEX IF EXISTS public.taggit_tag_name_58eb2ed9_like;
DROP INDEX IF EXISTS public.postgres_search_indexentry_title_body_concat_search;
DROP INDEX IF EXISTS public.postgres_search_indexentry_content_type_id_d805086f;
DROP INDEX IF EXISTS public.postgres_se_title_b56f33_gin;
DROP INDEX IF EXISTS public.postgres_se_body_aaaa99_gin;
DROP INDEX IF EXISTS public.postgres_se_autocom_ee48c8_gin;
DROP INDEX IF EXISTS public.microsoft_auth_xboxliveaccount_xbox_id_e4f1ceab_like;
DROP INDEX IF EXISTS public.lexher_users_user_username_d76aa78a_like;
DROP INDEX IF EXISTS public.lexher_users_user_user_permissions_user_id_19aba3e5;
DROP INDEX IF EXISTS public.lexher_users_user_user_permissions_permission_id_0cfbcecf;
DROP INDEX IF EXISTS public.lexher_users_user_groups_user_id_978d3dad;
DROP INDEX IF EXISTS public.lexher_users_user_groups_group_id_2e1c58fe;
DROP INDEX IF EXISTS public.lexher_training_watchlistitem_email_699d5f39_like;
DROP INDEX IF EXISTS public.lexher_training_watchlistitem_courses_watchlistitem_id_2ffc2096;
DROP INDEX IF EXISTS public.lexher_training_watchlisti_coursedetailpage_id_10960f9b;
DROP INDEX IF EXISTS public.lexher_training_purchaseorder_price_euro_1c57f334;
DROP INDEX IF EXISTS public.lexher_training_purchaseorder_participant_id_436a8fd9;
DROP INDEX IF EXISTS public.lexher_training_purchaseorder_orderrow_id_033cc64d;
DROP INDEX IF EXISTS public.lexher_training_orderrow_participants_orderrow_id_f5aef4cf;
DROP INDEX IF EXISTS public.lexher_training_orderrow_p_courseparticipant_id_aa110d97;
DROP INDEX IF EXISTS public.lexher_training_orderrow_order_id_69eed2aa;
DROP INDEX IF EXISTS public.lexher_training_orderrow_course_occasion_id_97cd773e;
DROP INDEX IF EXISTS public.lexher_training_orderrow_bundle_id_c7141939;
DROP INDEX IF EXISTS public.lexher_training_emailmessage_template_8b67b6c3_like;
DROP INDEX IF EXISTS public.lexher_training_edutrackpage_category_id_d205db20;
DROP INDEX IF EXISTS public.lexher_training_edutrackcoursemember_level_id_1f96bb67;
DROP INDEX IF EXISTS public.lexher_training_edutrackcoursemember_edu_track_page_id_20458b5b;
DROP INDEX IF EXISTS public.lexher_training_edutrackcoursemember_course_page_id_4015bbcb;
DROP INDEX IF EXISTS public.lexher_training_courseparticipant_red_hat_id_abdf2105_like;
DROP INDEX IF EXISTS public.lexher_training_courseparticipant_red_hat_id_abdf2105;
DROP INDEX IF EXISTS public.lexher_training_courseparticipant_last_name_ba6ac9ce_like;
DROP INDEX IF EXISTS public.lexher_training_courseparticipant_last_name_ba6ac9ce;
DROP INDEX IF EXISTS public.lexher_training_courseparticipant_first_name_0b672cbc_like;
DROP INDEX IF EXISTS public.lexher_training_courseparticipant_first_name_0b672cbc;
DROP INDEX IF EXISTS public.lexher_training_courseparticipant_email_5e28128f_like;
DROP INDEX IF EXISTS public.lexher_training_courseoccasion_status_e64add64_like;
DROP INDEX IF EXISTS public.lexher_training_courseoccasion_status_e64add64;
DROP INDEX IF EXISTS public.lexher_training_courseoccasion_redhat_offering_id_5ea45081_like;
DROP INDEX IF EXISTS public.lexher_training_courseoccasion_redhat_offering_id_5ea45081;
DROP INDEX IF EXISTS public.lexher_training_courseoccasion_delivery_method_c5bf7fa7_like;
DROP INDEX IF EXISTS public.lexher_training_courseoccasion_delivery_method_c5bf7fa7;
DROP INDEX IF EXISTS public.lexher_training_courseoccasion_course_id_85767922;
DROP INDEX IF EXISTS public.lexher_training_courseoccasion_availability_b2eafc1d_like;
DROP INDEX IF EXISTS public.lexher_training_courseoccasion_availability_b2eafc1d;
DROP INDEX IF EXISTS public.lexher_training_coursedetailpage_price_video_classroom_9b873980;
DROP INDEX IF EXISTS public.lexher_training_coursedetailpage_price_subscription_83914ccd;
DROP INDEX IF EXISTS public.lexher_training_coursedetailpage_price_online_training_ce5c4b3d;
DROP INDEX IF EXISTS public.lexher_training_coursedetailpage_price_individual_exam_93c0e7fc;
DROP INDEX IF EXISTS public.lexher_training_coursedetailpage_price_exam_d76e0eaa;
DROP INDEX IF EXISTS public.lexher_training_coursedetailpage_price_euro_exam_a718fff7;
DROP INDEX IF EXISTS public.lexher_training_coursedetailpage_price_euro_classroom_2fcda169;
DROP INDEX IF EXISTS public.lexher_training_coursedetailpage_price_914fcc1b;
DROP INDEX IF EXISTS public.lexher_training_coursedetailpage_code_8d914669_like;
DROP INDEX IF EXISTS public.lexher_training_coursedeta_price_virtual_training_cde9fc78;
DROP INDEX IF EXISTS public.lexher_training_coursedeta_price_euro_virtual_trainin_0a9c8ee4;
DROP INDEX IF EXISTS public.lexher_training_coursedeta_price_euro_video_classroom_3234d555;
DROP INDEX IF EXISTS public.lexher_training_coursedeta_price_euro_subscription_767270d2;
DROP INDEX IF EXISTS public.lexher_training_coursedeta_price_euro_online_learning_649d7c9c;
DROP INDEX IF EXISTS public.lexher_training_coursedeta_price_euro_individual_exam_bb354cb7;
DROP INDEX IF EXISTS public.lexher_training_coursecategory_course_id_155ed096;
DROP INDEX IF EXISTS public.lexher_training_coursecategory_category_id_33f766d8;
DROP INDEX IF EXISTS public.lexher_training_competencelevel_title_b5b38bea_like;
DROP INDEX IF EXISTS public.lexher_training_competencelevel_title_b5b38bea;
DROP INDEX IF EXISTS public.lexher_training_checkoutpage_toc_page_id_afd7cc42;
DROP INDEX IF EXISTS public.lexher_training_checkoutpage_success_page_id_0b2ded7e;
DROP INDEX IF EXISTS public.lexher_training_campaigncourse_course_id_dc37a809;
DROP INDEX IF EXISTS public.lexher_training_campaigncourse_campaign_id_5bb5b36a;
DROP INDEX IF EXISTS public.lexher_training_bundlecourse_course_id_57e9053b_like;
DROP INDEX IF EXISTS public.lexher_training_bundlecourse_course_id_57e9053b;
DROP INDEX IF EXISTS public.lexher_training_bundlecourse_bundle_id_d0dc696d;
DROP INDEX IF EXISTS public.lexher_training_bundle_redhat_offering_id_857a5388_like;
DROP INDEX IF EXISTS public.lexher_training_bundle_redhat_offering_id_857a5388;
DROP INDEX IF EXISTS public.lexher_training_bundle_code_92020406_like;
DROP INDEX IF EXISTS public.lexher_trai_status_3c5da7_idx;
DROP INDEX IF EXISTS public.lexher_trai_modifie_7d2807_idx;
DROP INDEX IF EXISTS public.lexher_trai_for_del_96f262_gin;
DROP INDEX IF EXISTS public.lexher_trai_created_c1f734_idx;
DROP INDEX IF EXISTS public.lexher_intranet_lexherdocument_uploaded_by_user_id_358ef484;
DROP INDEX IF EXISTS public.lexher_intranet_lexherdocument_modified_9aad6f65;
DROP INDEX IF EXISTS public.lexher_intranet_lexherdocument_collection_id_95836616;
DROP INDEX IF EXISTS public.lexher_home_linkpage_link_page_id_98454ddc;
DROP INDEX IF EXISTS public.lexher_home_homepagebutton_page_id_576e8f6b;
DROP INDEX IF EXISTS public.lexher_home_homepagebutton_home_page_id_dbfa6028;
DROP INDEX IF EXISTS public.lexher_home_formfield_page_id_4e2a701c;
DROP INDEX IF EXISTS public.lexher_home_contentsettings_privacy_policy_page_id_1b82f098;
DROP INDEX IF EXISTS public.lexher_home_contentcategory_slug_1a0baafa_like;
DROP INDEX IF EXISTS public.lexher_employees_teammember_team_id_ca687564;
DROP INDEX IF EXISTS public.lexher_employees_teammember_member_id_776e0649;
DROP INDEX IF EXISTS public.lexher_employees_employee_image_id_3108bc90;
DROP INDEX IF EXISTS public.joyous_simpleeventpage_uid_c7afa8a1_like;
DROP INDEX IF EXISTS public.joyous_simpleeventpage_uid_c7afa8a1;
DROP INDEX IF EXISTS public.joyous_simpleeventpage_image_id_5abc3f53;
DROP INDEX IF EXISTS public.joyous_simpleeventpage_group_page_id_10253052;
DROP INDEX IF EXISTS public.joyous_simpleeventpage_category_id_7a376bea;
DROP INDEX IF EXISTS public.joyous_recurringeventpage_uid_45274760_like;
DROP INDEX IF EXISTS public.joyous_recurringeventpage_uid_45274760;
DROP INDEX IF EXISTS public.joyous_recurringeventpage_image_id_92d01cbf;
DROP INDEX IF EXISTS public.joyous_recurringeventpage_group_page_id_398b4ca4;
DROP INDEX IF EXISTS public.joyous_recurringeventpage_category_id_96630039;
DROP INDEX IF EXISTS public.joyous_postponementpage_image_id_d5aa5059;
DROP INDEX IF EXISTS public.joyous_postponementpage_category_id_589f353c;
DROP INDEX IF EXISTS public.joyous_multidayeventpage_uid_991f7af6_like;
DROP INDEX IF EXISTS public.joyous_multidayeventpage_uid_991f7af6;
DROP INDEX IF EXISTS public.joyous_multidayeventpage_image_id_1ca84448;
DROP INDEX IF EXISTS public.joyous_multidayeventpage_group_page_id_1c4ff29c;
DROP INDEX IF EXISTS public.joyous_multidayeventpage_category_id_49c850c5;
DROP INDEX IF EXISTS public.joyous_extrainfopage_overrides_id_504a3667;
DROP INDEX IF EXISTS public.joyous_extcancellationpage_overrides_id_2058af8a;
DROP INDEX IF EXISTS public.joyous_eventcategory_code_c956fd3a_like;
DROP INDEX IF EXISTS public.joyous_closedforholidayspage_overrides_id_1a8dae55;
DROP INDEX IF EXISTS public.joyous_closedfor_page_id_afc8f1bb;
DROP INDEX IF EXISTS public.joyous_cancellationpage_overrides_id_dd65c498;
DROP INDEX IF EXISTS public.django_site_domain_a2e37b91_like;
DROP INDEX IF EXISTS public.django_session_session_key_c0390e0f_like;
DROP INDEX IF EXISTS public.django_session_expire_date_a5c62663;
DROP INDEX IF EXISTS public.django_celery_beat_periodictask_solar_id_a87ce72c;
DROP INDEX IF EXISTS public.django_celery_beat_periodictask_name_265a36b7_like;
DROP INDEX IF EXISTS public.django_celery_beat_periodictask_interval_id_a8ca27da;
DROP INDEX IF EXISTS public.django_celery_beat_periodictask_crontab_id_d3cba168;
DROP INDEX IF EXISTS public.django_celery_beat_periodictask_clocked_id_47a69f82;
DROP INDEX IF EXISTS public.django_admin_log_user_id_c564eba6;
DROP INDEX IF EXISTS public.django_admin_log_content_type_id_c4bce8eb;
DROP INDEX IF EXISTS public.blog_blogpagetag_tag_id_81dc0e5f;
DROP INDEX IF EXISTS public.blog_blogpagetag_content_object_id_0dc644d2;
DROP INDEX IF EXISTS public.blog_blogpage_header_image_id_8247abe4;
DROP INDEX IF EXISTS public.blog_blogpage_author_id_8c179cec;
DROP INDEX IF EXISTS public.blog_blogcategoryblogpage_page_id_2e9e8d64;
DROP INDEX IF EXISTS public.blog_blogcategoryblogpage_category_id_cf9491d5;
DROP INDEX IF EXISTS public.blog_blogcategory_slug_7996de7a_like;
DROP INDEX IF EXISTS public.blog_blogcategory_parent_id_22f070db;
DROP INDEX IF EXISTS public.blog_blogcategory_name_b5c23ee6_like;
DROP INDEX IF EXISTS public.auth_permission_content_type_id_2f476e4b;
DROP INDEX IF EXISTS public.auth_group_permissions_permission_id_84c5c92e;
DROP INDEX IF EXISTS public.auth_group_permissions_group_id_b120cbf9;
DROP INDEX IF EXISTS public.auth_group_name_a6ea08ec_like;
ALTER TABLE IF EXISTS ONLY public.wagtailusers_userprofile DROP CONSTRAINT IF EXISTS wagtailusers_userprofile_user_id_key;
ALTER TABLE IF EXISTS ONLY public.wagtailusers_userprofile DROP CONSTRAINT IF EXISTS wagtailusers_userprofile_pkey;
ALTER TABLE IF EXISTS ONLY public.wagtailsearch_querydailyhits DROP CONSTRAINT IF EXISTS wagtailsearch_querydailyhits_query_id_date_1dd232e6_uniq;
ALTER TABLE IF EXISTS ONLY public.wagtailsearch_querydailyhits DROP CONSTRAINT IF EXISTS wagtailsearch_querydailyhits_pkey;
ALTER TABLE IF EXISTS ONLY public.wagtailsearch_query DROP CONSTRAINT IF EXISTS wagtailsearch_query_query_string_key;
ALTER TABLE IF EXISTS ONLY public.wagtailsearch_query DROP CONSTRAINT IF EXISTS wagtailsearch_query_pkey;
ALTER TABLE IF EXISTS ONLY public.wagtailsearch_editorspick DROP CONSTRAINT IF EXISTS wagtailsearch_editorspick_pkey;
ALTER TABLE IF EXISTS ONLY public.wagtailredirects_redirect DROP CONSTRAINT IF EXISTS wagtailredirects_redirect_pkey;
ALTER TABLE IF EXISTS ONLY public.wagtailredirects_redirect DROP CONSTRAINT IF EXISTS wagtailredirects_redirect_old_path_site_id_783622d7_uniq;
ALTER TABLE IF EXISTS ONLY public.wagtailmenus_mainmenuitem DROP CONSTRAINT IF EXISTS wagtailmenus_mainmenuitem_pkey;
ALTER TABLE IF EXISTS ONLY public.wagtailmenus_mainmenu DROP CONSTRAINT IF EXISTS wagtailmenus_mainmenu_site_id_key;
ALTER TABLE IF EXISTS ONLY public.wagtailmenus_mainmenu DROP CONSTRAINT IF EXISTS wagtailmenus_mainmenu_pkey;
ALTER TABLE IF EXISTS ONLY public.wagtailmenus_flatmenuitem DROP CONSTRAINT IF EXISTS wagtailmenus_flatmenuitem_pkey;
ALTER TABLE IF EXISTS ONLY public.wagtailmenus_flatmenu DROP CONSTRAINT IF EXISTS wagtailmenus_flatmenu_site_id_handle_7b0cab3a_uniq;
ALTER TABLE IF EXISTS ONLY public.wagtailmenus_flatmenu DROP CONSTRAINT IF EXISTS wagtailmenus_flatmenu_pkey;
ALTER TABLE IF EXISTS ONLY public.wagtailimages_uploadedimage DROP CONSTRAINT IF EXISTS wagtailimages_uploadedimage_pkey;
ALTER TABLE IF EXISTS ONLY public.wagtailimages_rendition DROP CONSTRAINT IF EXISTS wagtailimages_rendition_pkey;
ALTER TABLE IF EXISTS ONLY public.wagtailimages_rendition DROP CONSTRAINT IF EXISTS wagtailimages_rendition_image_id_filter_spec_foc_323c8fe0_uniq;
ALTER TABLE IF EXISTS ONLY public.wagtailimages_image DROP CONSTRAINT IF EXISTS wagtailimages_image_pkey;
ALTER TABLE IF EXISTS ONLY public.wagtailforms_formsubmission DROP CONSTRAINT IF EXISTS wagtailforms_formsubmission_pkey;
ALTER TABLE IF EXISTS ONLY public.wagtaildocs_uploadeddocument DROP CONSTRAINT IF EXISTS wagtaildocs_uploadeddocument_pkey;
ALTER TABLE IF EXISTS ONLY public.wagtaildocs_document DROP CONSTRAINT IF EXISTS wagtaildocs_document_pkey;
ALTER TABLE IF EXISTS ONLY public.wagtailcore_workflowtask DROP CONSTRAINT IF EXISTS wagtailcore_workflowtask_workflow_id_task_id_4ec7a62b_uniq;
ALTER TABLE IF EXISTS ONLY public.wagtailcore_workflowtask DROP CONSTRAINT IF EXISTS wagtailcore_workflowtask_pkey;
ALTER TABLE IF EXISTS ONLY public.wagtailcore_workflowstate DROP CONSTRAINT IF EXISTS wagtailcore_workflowstate_pkey;
ALTER TABLE IF EXISTS ONLY public.wagtailcore_workflowstate DROP CONSTRAINT IF EXISTS wagtailcore_workflowstate_current_task_state_id_key;
ALTER TABLE IF EXISTS ONLY public.wagtailcore_workflowpage DROP CONSTRAINT IF EXISTS wagtailcore_workflowpage_pkey;
ALTER TABLE IF EXISTS ONLY public.wagtailcore_workflow DROP CONSTRAINT IF EXISTS wagtailcore_workflow_pkey;
ALTER TABLE IF EXISTS ONLY public.wagtailcore_taskstate DROP CONSTRAINT IF EXISTS wagtailcore_taskstate_pkey;
ALTER TABLE IF EXISTS ONLY public.wagtailcore_task DROP CONSTRAINT IF EXISTS wagtailcore_task_pkey;
ALTER TABLE IF EXISTS ONLY public.wagtailcore_site DROP CONSTRAINT IF EXISTS wagtailcore_site_pkey;
ALTER TABLE IF EXISTS ONLY public.wagtailcore_site DROP CONSTRAINT IF EXISTS wagtailcore_site_hostname_port_2c626d70_uniq;
ALTER TABLE IF EXISTS ONLY public.wagtailcore_pageviewrestriction_groups DROP CONSTRAINT IF EXISTS wagtailcore_pageviewrestriction_groups_pkey;
ALTER TABLE IF EXISTS ONLY public.wagtailcore_pageviewrestriction_groups DROP CONSTRAINT IF EXISTS wagtailcore_pageviewrest_pageviewrestriction_id_g_d23f80bb_uniq;
ALTER TABLE IF EXISTS ONLY public.wagtailcore_pagesubscription DROP CONSTRAINT IF EXISTS wagtailcore_pagesubscription_pkey;
ALTER TABLE IF EXISTS ONLY public.wagtailcore_pagesubscription DROP CONSTRAINT IF EXISTS wagtailcore_pagesubscription_page_id_user_id_0cef73ed_uniq;
ALTER TABLE IF EXISTS ONLY public.wagtailcore_pagerevision DROP CONSTRAINT IF EXISTS wagtailcore_pagerevision_pkey;
ALTER TABLE IF EXISTS ONLY public.wagtailcore_pagelogentry DROP CONSTRAINT IF EXISTS wagtailcore_pagelogentry_pkey;
ALTER TABLE IF EXISTS ONLY public.wagtailcore_page DROP CONSTRAINT IF EXISTS wagtailcore_page_translation_key_locale_id_9b041bad_uniq;
ALTER TABLE IF EXISTS ONLY public.wagtailcore_page DROP CONSTRAINT IF EXISTS wagtailcore_page_pkey;
ALTER TABLE IF EXISTS ONLY public.wagtailcore_page DROP CONSTRAINT IF EXISTS wagtailcore_page_path_key;
ALTER TABLE IF EXISTS ONLY public.wagtailcore_locale DROP CONSTRAINT IF EXISTS wagtailcore_locale_pkey;
ALTER TABLE IF EXISTS ONLY public.wagtailcore_locale DROP CONSTRAINT IF EXISTS wagtailcore_locale_language_code_key;
ALTER TABLE IF EXISTS ONLY public.wagtailcore_grouppagepermission DROP CONSTRAINT IF EXISTS wagtailcore_grouppagepermission_pkey;
ALTER TABLE IF EXISTS ONLY public.wagtailcore_grouppagepermission DROP CONSTRAINT IF EXISTS wagtailcore_grouppageper_group_id_page_id_permiss_0898bdf8_uniq;
ALTER TABLE IF EXISTS ONLY public.wagtailcore_groupcollectionpermission DROP CONSTRAINT IF EXISTS wagtailcore_groupcollectionpermission_pkey;
ALTER TABLE IF EXISTS ONLY public.wagtailcore_groupcollectionpermission DROP CONSTRAINT IF EXISTS wagtailcore_groupcollect_group_id_collection_id_p_a21cefe9_uniq;
ALTER TABLE IF EXISTS ONLY public.wagtailcore_groupapprovaltask DROP CONSTRAINT IF EXISTS wagtailcore_groupapprovaltask_pkey;
ALTER TABLE IF EXISTS ONLY public.wagtailcore_groupapprovaltask_groups DROP CONSTRAINT IF EXISTS wagtailcore_groupapprovaltask_groups_pkey;
ALTER TABLE IF EXISTS ONLY public.wagtailcore_groupapprovaltask_groups DROP CONSTRAINT IF EXISTS wagtailcore_groupapprova_groupapprovaltask_id_gro_bb5ee7eb_uniq;
ALTER TABLE IF EXISTS ONLY public.wagtailcore_commentreply DROP CONSTRAINT IF EXISTS wagtailcore_commentreply_pkey;
ALTER TABLE IF EXISTS ONLY public.wagtailcore_comment DROP CONSTRAINT IF EXISTS wagtailcore_comment_pkey;
ALTER TABLE IF EXISTS ONLY public.wagtailcore_collectionviewrestriction_groups DROP CONSTRAINT IF EXISTS wagtailcore_collectionviewrestriction_groups_pkey;
ALTER TABLE IF EXISTS ONLY public.wagtailcore_collectionviewrestriction_groups DROP CONSTRAINT IF EXISTS wagtailcore_collectionvi_collectionviewrestrictio_988995ae_uniq;
ALTER TABLE IF EXISTS ONLY public.wagtailcore_collection DROP CONSTRAINT IF EXISTS wagtailcore_collection_pkey;
ALTER TABLE IF EXISTS ONLY public.wagtailcore_collection DROP CONSTRAINT IF EXISTS wagtailcore_collection_path_key;
ALTER TABLE IF EXISTS ONLY public.wagtailadmin_admin DROP CONSTRAINT IF EXISTS wagtailadmin_admin_pkey;
ALTER TABLE IF EXISTS ONLY public.taggit_taggeditem DROP CONSTRAINT IF EXISTS taggit_taggeditem_pkey;
ALTER TABLE IF EXISTS ONLY public.taggit_taggeditem DROP CONSTRAINT IF EXISTS taggit_taggeditem_content_type_id_object_i_4bb97a8e_uniq;
ALTER TABLE IF EXISTS ONLY public.taggit_tag DROP CONSTRAINT IF EXISTS taggit_tag_slug_key;
ALTER TABLE IF EXISTS ONLY public.taggit_tag DROP CONSTRAINT IF EXISTS taggit_tag_pkey;
ALTER TABLE IF EXISTS ONLY public.taggit_tag DROP CONSTRAINT IF EXISTS taggit_tag_name_key;
ALTER TABLE IF EXISTS ONLY public.postgres_search_indexentry DROP CONSTRAINT IF EXISTS postgres_search_indexentry_pkey;
ALTER TABLE IF EXISTS ONLY public.postgres_search_indexentry DROP CONSTRAINT IF EXISTS postgres_search_indexent_content_type_id_object_i_bae8f946_uniq;
ALTER TABLE IF EXISTS ONLY public.microsoft_auth_xboxliveaccount DROP CONSTRAINT IF EXISTS microsoft_auth_xboxliveaccount_xbox_id_key;
ALTER TABLE IF EXISTS ONLY public.microsoft_auth_xboxliveaccount DROP CONSTRAINT IF EXISTS microsoft_auth_xboxliveaccount_user_id_key;
ALTER TABLE IF EXISTS ONLY public.microsoft_auth_xboxliveaccount DROP CONSTRAINT IF EXISTS microsoft_auth_xboxliveaccount_pkey;
ALTER TABLE IF EXISTS ONLY public.microsoft_auth_microsoftaccount DROP CONSTRAINT IF EXISTS microsoft_auth_microsoftaccount_user_id_key;
ALTER TABLE IF EXISTS ONLY public.microsoft_auth_microsoftaccount DROP CONSTRAINT IF EXISTS microsoft_auth_microsoftaccount_pkey;
ALTER TABLE IF EXISTS ONLY public.lexher_users_user_user_permissions DROP CONSTRAINT IF EXISTS lexher_users_user_user_permissions_pkey;
ALTER TABLE IF EXISTS ONLY public.lexher_users_user_user_permissions DROP CONSTRAINT IF EXISTS lexher_users_user_user_p_user_id_permission_id_6699eae5_uniq;
ALTER TABLE IF EXISTS ONLY public.lexher_users_user_groups DROP CONSTRAINT IF EXISTS lexher_users_user_groups_user_id_group_id_7ea8a960_uniq;
ALTER TABLE IF EXISTS ONLY public.lexher_users_user_groups DROP CONSTRAINT IF EXISTS lexher_users_user_groups_pkey;
ALTER TABLE IF EXISTS ONLY public.lexher_training_watchlistitem DROP CONSTRAINT IF EXISTS lexher_training_watchlistitem_pkey;
ALTER TABLE IF EXISTS ONLY public.lexher_training_watchlistitem DROP CONSTRAINT IF EXISTS lexher_training_watchlistitem_email_key;
ALTER TABLE IF EXISTS ONLY public.lexher_training_watchlistitem_courses DROP CONSTRAINT IF EXISTS lexher_training_watchlistitem_courses_pkey;
ALTER TABLE IF EXISTS ONLY public.lexher_training_watchlistitem_courses DROP CONSTRAINT IF EXISTS lexher_training_watchlis_watchlistitem_id_coursed_690a80af_uniq;
ALTER TABLE IF EXISTS ONLY public.lexher_training_redhatimportstatus DROP CONSTRAINT IF EXISTS lexher_training_redhatimportstatus_pkey;
ALTER TABLE IF EXISTS ONLY public.lexher_training_purchaseorder DROP CONSTRAINT IF EXISTS lexher_training_purchaseorder_pkey;
ALTER TABLE IF EXISTS ONLY public.lexher_training_purchaseorder DROP CONSTRAINT IF EXISTS lexher_training_purchase_participant_id_orderrow__c57be5cd_uniq;
ALTER TABLE IF EXISTS ONLY public.lexher_training_orderrow DROP CONSTRAINT IF EXISTS lexher_training_orderrow_pkey;
ALTER TABLE IF EXISTS ONLY public.lexher_training_orderrow_participants DROP CONSTRAINT IF EXISTS lexher_training_orderrow_participants_pkey;
ALTER TABLE IF EXISTS ONLY public.lexher_training_orderrow_participants DROP CONSTRAINT IF EXISTS lexher_training_orderrow_orderrow_id_coursepartic_6a936a38_uniq;
ALTER TABLE IF EXISTS ONLY public.lexher_training_orderrow DROP CONSTRAINT IF EXISTS lexher_training_orderrow_order_id_course_occasion_b1711b2f_uniq;
ALTER TABLE IF EXISTS ONLY public.lexher_training_orderrow DROP CONSTRAINT IF EXISTS lexher_training_orderrow_order_id_bundle_id_ae6056bf_uniq;
ALTER TABLE IF EXISTS ONLY public.lexher_training_order DROP CONSTRAINT IF EXISTS lexher_training_order_pkey;
ALTER TABLE IF EXISTS ONLY public.lexher_training_order DROP CONSTRAINT IF EXISTS lexher_training_order_order_no_key;
ALTER TABLE IF EXISTS ONLY public.lexher_training_invoice DROP CONSTRAINT IF EXISTS lexher_training_invoice_pkey;
ALTER TABLE IF EXISTS ONLY public.lexher_training_invoice DROP CONSTRAINT IF EXISTS lexher_training_invoice_order_id_key;
ALTER TABLE IF EXISTS ONLY public.lexher_training_invoice DROP CONSTRAINT IF EXISTS lexher_training_invoice_invoice_no_key;
ALTER TABLE IF EXISTS ONLY public.lexher_training_emailmessage DROP CONSTRAINT IF EXISTS lexher_training_emailmessage_template_key;
ALTER TABLE IF EXISTS ONLY public.lexher_training_emailmessage DROP CONSTRAINT IF EXISTS lexher_training_emailmessage_pkey;
ALTER TABLE IF EXISTS ONLY public.lexher_training_edutrackpage DROP CONSTRAINT IF EXISTS lexher_training_edutrackpage_pkey;
ALTER TABLE IF EXISTS ONLY public.lexher_training_edutrackcoursemember DROP CONSTRAINT IF EXISTS lexher_training_edutrackcoursemember_pkey;
ALTER TABLE IF EXISTS ONLY public.lexher_training_edutrackcoursemember DROP CONSTRAINT IF EXISTS lexher_training_edutrack_edu_track_page_id_course_dd75faf8_uniq;
ALTER TABLE IF EXISTS ONLY public.lexher_training_courseparticipant DROP CONSTRAINT IF EXISTS lexher_training_courseparticipant_pkey;
ALTER TABLE IF EXISTS ONLY public.lexher_training_courseparticipant DROP CONSTRAINT IF EXISTS lexher_training_courseparticipant_email_key;
ALTER TABLE IF EXISTS ONLY public.lexher_training_courseoccasion DROP CONSTRAINT IF EXISTS lexher_training_courseoccasion_pkey;
ALTER TABLE IF EXISTS ONLY public.lexher_training_courselistpage DROP CONSTRAINT IF EXISTS lexher_training_courselistpage_pkey;
ALTER TABLE IF EXISTS ONLY public.lexher_training_coursedetailpage DROP CONSTRAINT IF EXISTS lexher_training_coursedetailpage_pkey;
ALTER TABLE IF EXISTS ONLY public.lexher_training_coursedetailpage DROP CONSTRAINT IF EXISTS lexher_training_coursedetailpage_code_key;
ALTER TABLE IF EXISTS ONLY public.lexher_training_coursecategory DROP CONSTRAINT IF EXISTS lexher_training_coursecategory_pkey;
ALTER TABLE IF EXISTS ONLY public.lexher_training_coursecategory DROP CONSTRAINT IF EXISTS lexher_training_courseca_course_id_category_id_38289257_uniq;
ALTER TABLE IF EXISTS ONLY public.lexher_training_competencelevel DROP CONSTRAINT IF EXISTS lexher_training_competencelevel_pkey;
ALTER TABLE IF EXISTS ONLY public.lexher_training_checkoutpage DROP CONSTRAINT IF EXISTS lexher_training_checkoutpage_pkey;
ALTER TABLE IF EXISTS ONLY public.lexher_training_campaignpage DROP CONSTRAINT IF EXISTS lexher_training_campaignpage_pkey;
ALTER TABLE IF EXISTS ONLY public.lexher_training_campaigncourse DROP CONSTRAINT IF EXISTS lexher_training_campaigncourse_pkey;
ALTER TABLE IF EXISTS ONLY public.lexher_training_campaigncourse DROP CONSTRAINT IF EXISTS lexher_training_campaign_campaign_id_course_id_ad351f82_uniq;
ALTER TABLE IF EXISTS ONLY public.lexher_training_bundlelistpage DROP CONSTRAINT IF EXISTS lexher_training_bundlelistpage_pkey;
ALTER TABLE IF EXISTS ONLY public.lexher_training_bundlecourse DROP CONSTRAINT IF EXISTS lexher_training_bundlecourse_pkey;
ALTER TABLE IF EXISTS ONLY public.lexher_training_bundlecourse DROP CONSTRAINT IF EXISTS lexher_training_bundlecourse_course_id_bundle_id_cf9e6cb5_uniq;
ALTER TABLE IF EXISTS ONLY public.lexher_training_bundle DROP CONSTRAINT IF EXISTS lexher_training_bundle_pkey;
ALTER TABLE IF EXISTS ONLY public.lexher_training_bundle DROP CONSTRAINT IF EXISTS lexher_training_bundle_code_key;
ALTER TABLE IF EXISTS ONLY public.lexher_intranet_lexherdocument DROP CONSTRAINT IF EXISTS lexher_intranet_lexherdocument_pkey;
ALTER TABLE IF EXISTS ONLY public.lexher_intranet_knowledgebasepage DROP CONSTRAINT IF EXISTS lexher_intranet_knowledgebasepage_pkey;
ALTER TABLE IF EXISTS ONLY public.lexher_intranet_knowledgebasepage DROP CONSTRAINT IF EXISTS lexher_intranet_knowledgebasepage_collection_id_key;
ALTER TABLE IF EXISTS ONLY public.lexher_intranet_infosection DROP CONSTRAINT IF EXISTS lexher_intranet_infosection_pkey;
ALTER TABLE IF EXISTS ONLY public.lexher_intranet_infopage DROP CONSTRAINT IF EXISTS lexher_intranet_infopage_pkey;
ALTER TABLE IF EXISTS ONLY public.lexher_home_menuitempage DROP CONSTRAINT IF EXISTS lexher_home_menuitempage_pkey;
ALTER TABLE IF EXISTS ONLY public.lexher_home_linkpage DROP CONSTRAINT IF EXISTS lexher_home_linkpage_pkey;
ALTER TABLE IF EXISTS ONLY public.lexher_home_homepagebutton DROP CONSTRAINT IF EXISTS lexher_home_homepagebutton_pkey;
ALTER TABLE IF EXISTS ONLY public.lexher_home_homepage DROP CONSTRAINT IF EXISTS lexher_home_homepage_pkey;
ALTER TABLE IF EXISTS ONLY public.lexher_home_generalpage DROP CONSTRAINT IF EXISTS lexher_home_generalpage_pkey;
ALTER TABLE IF EXISTS ONLY public.lexher_home_formpage DROP CONSTRAINT IF EXISTS lexher_home_formpage_pkey;
ALTER TABLE IF EXISTS ONLY public.lexher_home_formfield DROP CONSTRAINT IF EXISTS lexher_home_formfield_pkey;
ALTER TABLE IF EXISTS ONLY public.lexher_home_contentsettings DROP CONSTRAINT IF EXISTS lexher_home_contentsettings_site_id_key;
ALTER TABLE IF EXISTS ONLY public.lexher_home_contentsettings DROP CONSTRAINT IF EXISTS lexher_home_contentsettings_pkey;
ALTER TABLE IF EXISTS ONLY public.lexher_home_contentcategory DROP CONSTRAINT IF EXISTS lexher_home_contentcategory_slug_key;
ALTER TABLE IF EXISTS ONLY public.lexher_home_contentcategory DROP CONSTRAINT IF EXISTS lexher_home_contentcategory_pkey;
ALTER TABLE IF EXISTS ONLY public.lexher_home_contactpage DROP CONSTRAINT IF EXISTS lexher_home_contactpage_pkey;
ALTER TABLE IF EXISTS ONLY public.lexher_gallery_gallerypage DROP CONSTRAINT IF EXISTS lexher_gallery_gallerypage_pkey;
ALTER TABLE IF EXISTS ONLY public.lexher_gallery_gallerypage DROP CONSTRAINT IF EXISTS lexher_gallery_gallerypage_collection_id_key;
ALTER TABLE IF EXISTS ONLY public.lexher_gallery_galleryindexpage DROP CONSTRAINT IF EXISTS lexher_gallery_galleryindexpage_pkey;
ALTER TABLE IF EXISTS ONLY public.lexher_employees_teampage DROP CONSTRAINT IF EXISTS lexher_employees_teampage_pkey;
ALTER TABLE IF EXISTS ONLY public.lexher_employees_teammember DROP CONSTRAINT IF EXISTS lexher_employees_teammember_team_id_member_id_8d48faba_uniq;
ALTER TABLE IF EXISTS ONLY public.lexher_employees_teammember DROP CONSTRAINT IF EXISTS lexher_employees_teammember_pkey;
ALTER TABLE IF EXISTS ONLY public.lexher_employees_employee DROP CONSTRAINT IF EXISTS lexher_employees_employee_user_id_key;
ALTER TABLE IF EXISTS ONLY public.lexher_employees_employee DROP CONSTRAINT IF EXISTS lexher_employees_employee_pkey;
ALTER TABLE IF EXISTS ONLY public.lexher_consultants_lexheracademyapplicationpage DROP CONSTRAINT IF EXISTS lexher_consultants_lexheracademyapplicationpage_pkey;
ALTER TABLE IF EXISTS ONLY public.lexher_consultants_jobadpage DROP CONSTRAINT IF EXISTS lexher_consultants_jobadpage_pkey;
ALTER TABLE IF EXISTS ONLY public.joyous_simpleeventpage DROP CONSTRAINT IF EXISTS joyous_simpleeventpage_pkey;
ALTER TABLE IF EXISTS ONLY public.joyous_recurringeventpage DROP CONSTRAINT IF EXISTS joyous_recurringeventpage_pkey;
ALTER TABLE IF EXISTS ONLY public.joyous_postponementpage DROP CONSTRAINT IF EXISTS joyous_postponementpage_pkey;
ALTER TABLE IF EXISTS ONLY public.joyous_multidayeventpage DROP CONSTRAINT IF EXISTS joyous_multidayeventpage_pkey;
ALTER TABLE IF EXISTS ONLY public.joyous_grouppage DROP CONSTRAINT IF EXISTS joyous_grouppage_pkey;
ALTER TABLE IF EXISTS ONLY public.joyous_extrainfopage DROP CONSTRAINT IF EXISTS joyous_extrainfopage_pkey;
ALTER TABLE IF EXISTS ONLY public.joyous_extcancellationpage DROP CONSTRAINT IF EXISTS joyous_extcancellationpage_pkey;
ALTER TABLE IF EXISTS ONLY public.joyous_eventcategory DROP CONSTRAINT IF EXISTS joyous_eventcategory_pkey;
ALTER TABLE IF EXISTS ONLY public.joyous_eventcategory DROP CONSTRAINT IF EXISTS joyous_eventcategory_code_key;
ALTER TABLE IF EXISTS ONLY public.joyous_closedforholidayspage DROP CONSTRAINT IF EXISTS joyous_closedforholidayspage_pkey;
ALTER TABLE IF EXISTS ONLY public.joyous_closedfor DROP CONSTRAINT IF EXISTS joyous_closedfor_pkey;
ALTER TABLE IF EXISTS ONLY public.joyous_closedfor DROP CONSTRAINT IF EXISTS joyous_closedfor_page_id_name_0c62c37f_uniq;
ALTER TABLE IF EXISTS ONLY public.joyous_cancellationpage DROP CONSTRAINT IF EXISTS joyous_cancellationpage_pkey;
ALTER TABLE IF EXISTS ONLY public.joyous_calendarpage DROP CONSTRAINT IF EXISTS joyous_calendarpage_pkey;
ALTER TABLE IF EXISTS ONLY public.django_site DROP CONSTRAINT IF EXISTS django_site_pkey;
ALTER TABLE IF EXISTS ONLY public.django_site DROP CONSTRAINT IF EXISTS django_site_domain_a2e37b91_uniq;
ALTER TABLE IF EXISTS ONLY public.django_migrations DROP CONSTRAINT IF EXISTS django_migrations_pkey;
ALTER TABLE IF EXISTS ONLY public.django_content_type DROP CONSTRAINT IF EXISTS django_content_type_pkey;
ALTER TABLE IF EXISTS ONLY public.django_content_type DROP CONSTRAINT IF EXISTS django_content_type_app_label_model_76bd3d3b_uniq;
ALTER TABLE IF EXISTS ONLY public.django_celery_beat_solarschedule DROP CONSTRAINT IF EXISTS django_celery_beat_solarschedule_pkey;
ALTER TABLE IF EXISTS ONLY public.django_celery_beat_solarschedule DROP CONSTRAINT IF EXISTS django_celery_beat_solar_event_latitude_longitude_ba64999a_uniq;
ALTER TABLE IF EXISTS ONLY public.django_celery_beat_periodictasks DROP CONSTRAINT IF EXISTS django_celery_beat_periodictasks_pkey;
ALTER TABLE IF EXISTS ONLY public.django_celery_beat_periodictask DROP CONSTRAINT IF EXISTS django_celery_beat_periodictask_pkey;
ALTER TABLE IF EXISTS ONLY public.django_celery_beat_periodictask DROP CONSTRAINT IF EXISTS django_celery_beat_periodictask_name_key;
ALTER TABLE IF EXISTS ONLY public.django_celery_beat_intervalschedule DROP CONSTRAINT IF EXISTS django_celery_beat_intervalschedule_pkey;
ALTER TABLE IF EXISTS ONLY public.django_celery_beat_crontabschedule DROP CONSTRAINT IF EXISTS django_celery_beat_crontabschedule_pkey;
ALTER TABLE IF EXISTS ONLY public.django_celery_beat_clockedschedule DROP CONSTRAINT IF EXISTS django_celery_beat_clockedschedule_pkey;
ALTER TABLE IF EXISTS ONLY public.django_admin_log DROP CONSTRAINT IF EXISTS django_admin_log_pkey;
ALTER TABLE IF EXISTS ONLY public.content_blockspage DROP CONSTRAINT IF EXISTS content_blockspage_pkey;
ALTER TABLE IF EXISTS ONLY public.blog_blogpagetag DROP CONSTRAINT IF EXISTS blog_blogpagetag_pkey;
ALTER TABLE IF EXISTS ONLY public.blog_blogpage DROP CONSTRAINT IF EXISTS blog_blogpage_pkey;
ALTER TABLE IF EXISTS ONLY public.blog_blogindexpage DROP CONSTRAINT IF EXISTS blog_blogindexpage_pkey;
ALTER TABLE IF EXISTS ONLY public.blog_blogcategoryblogpage DROP CONSTRAINT IF EXISTS blog_blogcategoryblogpage_pkey;
ALTER TABLE IF EXISTS ONLY public.blog_blogcategory DROP CONSTRAINT IF EXISTS blog_blogcategory_slug_key;
ALTER TABLE IF EXISTS ONLY public.blog_blogcategory DROP CONSTRAINT IF EXISTS blog_blogcategory_pkey;
ALTER TABLE IF EXISTS ONLY public.blog_blogcategory DROP CONSTRAINT IF EXISTS blog_blogcategory_name_key;
ALTER TABLE IF EXISTS ONLY public.auth_permission DROP CONSTRAINT IF EXISTS auth_permission_pkey;
ALTER TABLE IF EXISTS ONLY public.auth_permission DROP CONSTRAINT IF EXISTS auth_permission_content_type_id_codename_01ab375a_uniq;
ALTER TABLE IF EXISTS ONLY public.auth_group DROP CONSTRAINT IF EXISTS auth_group_pkey;
ALTER TABLE IF EXISTS ONLY public.auth_group_permissions DROP CONSTRAINT IF EXISTS auth_group_permissions_pkey;
ALTER TABLE IF EXISTS ONLY public.auth_group_permissions DROP CONSTRAINT IF EXISTS auth_group_permissions_group_id_permission_id_0cd325b0_uniq;
ALTER TABLE IF EXISTS ONLY public.auth_group DROP CONSTRAINT IF EXISTS auth_group_name_key;
ALTER TABLE IF EXISTS public.wagtailusers_userprofile ALTER COLUMN id DROP DEFAULT;
ALTER TABLE IF EXISTS public.wagtailsearch_querydailyhits ALTER COLUMN id DROP DEFAULT;
ALTER TABLE IF EXISTS public.wagtailsearch_query ALTER COLUMN id DROP DEFAULT;
ALTER TABLE IF EXISTS public.wagtailsearch_editorspick ALTER COLUMN id DROP DEFAULT;
ALTER TABLE IF EXISTS public.wagtailredirects_redirect ALTER COLUMN id DROP DEFAULT;
ALTER TABLE IF EXISTS public.wagtailmenus_mainmenuitem ALTER COLUMN id DROP DEFAULT;
ALTER TABLE IF EXISTS public.wagtailmenus_mainmenu ALTER COLUMN id DROP DEFAULT;
ALTER TABLE IF EXISTS public.wagtailmenus_flatmenuitem ALTER COLUMN id DROP DEFAULT;
ALTER TABLE IF EXISTS public.wagtailmenus_flatmenu ALTER COLUMN id DROP DEFAULT;
ALTER TABLE IF EXISTS public.wagtailimages_uploadedimage ALTER COLUMN id DROP DEFAULT;
ALTER TABLE IF EXISTS public.wagtailimages_rendition ALTER COLUMN id DROP DEFAULT;
ALTER TABLE IF EXISTS public.wagtailimages_image ALTER COLUMN id DROP DEFAULT;
ALTER TABLE IF EXISTS public.wagtailforms_formsubmission ALTER COLUMN id DROP DEFAULT;
ALTER TABLE IF EXISTS public.wagtaildocs_uploadeddocument ALTER COLUMN id DROP DEFAULT;
ALTER TABLE IF EXISTS public.wagtaildocs_document ALTER COLUMN id DROP DEFAULT;
ALTER TABLE IF EXISTS public.wagtailcore_workflowtask ALTER COLUMN id DROP DEFAULT;
ALTER TABLE IF EXISTS public.wagtailcore_workflowstate ALTER COLUMN id DROP DEFAULT;
ALTER TABLE IF EXISTS public.wagtailcore_workflow ALTER COLUMN id DROP DEFAULT;
ALTER TABLE IF EXISTS public.wagtailcore_taskstate ALTER COLUMN id DROP DEFAULT;
ALTER TABLE IF EXISTS public.wagtailcore_task ALTER COLUMN id DROP DEFAULT;
ALTER TABLE IF EXISTS public.wagtailcore_site ALTER COLUMN id DROP DEFAULT;
ALTER TABLE IF EXISTS public.wagtailcore_pageviewrestriction_groups ALTER COLUMN id DROP DEFAULT;
ALTER TABLE IF EXISTS public.wagtailcore_pagesubscription ALTER COLUMN id DROP DEFAULT;
ALTER TABLE IF EXISTS public.wagtailcore_pagerevision ALTER COLUMN id DROP DEFAULT;
ALTER TABLE IF EXISTS public.wagtailcore_pagelogentry ALTER COLUMN id DROP DEFAULT;
ALTER TABLE IF EXISTS public.wagtailcore_page ALTER COLUMN id DROP DEFAULT;
ALTER TABLE IF EXISTS public.wagtailcore_locale ALTER COLUMN id DROP DEFAULT;
ALTER TABLE IF EXISTS public.wagtailcore_grouppagepermission ALTER COLUMN id DROP DEFAULT;
ALTER TABLE IF EXISTS public.wagtailcore_groupcollectionpermission ALTER COLUMN id DROP DEFAULT;
ALTER TABLE IF EXISTS public.wagtailcore_groupapprovaltask_groups ALTER COLUMN id DROP DEFAULT;
ALTER TABLE IF EXISTS public.wagtailcore_commentreply ALTER COLUMN id DROP DEFAULT;
ALTER TABLE IF EXISTS public.wagtailcore_comment ALTER COLUMN id DROP DEFAULT;
ALTER TABLE IF EXISTS public.wagtailcore_collectionviewrestriction_groups ALTER COLUMN id DROP DEFAULT;
ALTER TABLE IF EXISTS public.wagtailcore_collection ALTER COLUMN id DROP DEFAULT;
ALTER TABLE IF EXISTS public.wagtailadmin_admin ALTER COLUMN id DROP DEFAULT;
ALTER TABLE IF EXISTS public.taggit_taggeditem ALTER COLUMN id DROP DEFAULT;
ALTER TABLE IF EXISTS public.taggit_tag ALTER COLUMN id DROP DEFAULT;
ALTER TABLE IF EXISTS public.postgres_search_indexentry ALTER COLUMN id DROP DEFAULT;
ALTER TABLE IF EXISTS public.microsoft_auth_xboxliveaccount ALTER COLUMN id DROP DEFAULT;
ALTER TABLE IF EXISTS public.microsoft_auth_microsoftaccount ALTER COLUMN id DROP DEFAULT;
ALTER TABLE IF EXISTS public.lexher_users_user_user_permissions ALTER COLUMN id DROP DEFAULT;
ALTER TABLE IF EXISTS public.lexher_users_user_groups ALTER COLUMN id DROP DEFAULT;
ALTER TABLE IF EXISTS public.lexher_training_watchlistitem_courses ALTER COLUMN id DROP DEFAULT;
ALTER TABLE IF EXISTS public.lexher_training_watchlistitem ALTER COLUMN id DROP DEFAULT;
ALTER TABLE IF EXISTS public.lexher_training_redhatimportstatus ALTER COLUMN id DROP DEFAULT;
ALTER TABLE IF EXISTS public.lexher_training_purchaseorder ALTER COLUMN id DROP DEFAULT;
ALTER TABLE IF EXISTS public.lexher_training_orderrow_participants ALTER COLUMN id DROP DEFAULT;
ALTER TABLE IF EXISTS public.lexher_training_orderrow ALTER COLUMN id DROP DEFAULT;
ALTER TABLE IF EXISTS public.lexher_training_order ALTER COLUMN id DROP DEFAULT;
ALTER TABLE IF EXISTS public.lexher_training_invoice ALTER COLUMN id DROP DEFAULT;
ALTER TABLE IF EXISTS public.lexher_training_emailmessage ALTER COLUMN id DROP DEFAULT;
ALTER TABLE IF EXISTS public.lexher_training_edutrackcoursemember ALTER COLUMN id DROP DEFAULT;
ALTER TABLE IF EXISTS public.lexher_training_courseparticipant ALTER COLUMN id DROP DEFAULT;
ALTER TABLE IF EXISTS public.lexher_training_courseoccasion ALTER COLUMN id DROP DEFAULT;
ALTER TABLE IF EXISTS public.lexher_training_coursecategory ALTER COLUMN id DROP DEFAULT;
ALTER TABLE IF EXISTS public.lexher_training_competencelevel ALTER COLUMN id DROP DEFAULT;
ALTER TABLE IF EXISTS public.lexher_training_campaigncourse ALTER COLUMN id DROP DEFAULT;
ALTER TABLE IF EXISTS public.lexher_training_bundlecourse ALTER COLUMN id DROP DEFAULT;
ALTER TABLE IF EXISTS public.lexher_intranet_lexherdocument ALTER COLUMN id DROP DEFAULT;
ALTER TABLE IF EXISTS public.lexher_home_homepagebutton ALTER COLUMN id DROP DEFAULT;
ALTER TABLE IF EXISTS public.lexher_home_formfield ALTER COLUMN id DROP DEFAULT;
ALTER TABLE IF EXISTS public.lexher_home_contentsettings ALTER COLUMN id DROP DEFAULT;
ALTER TABLE IF EXISTS public.lexher_home_contentcategory ALTER COLUMN id DROP DEFAULT;
ALTER TABLE IF EXISTS public.lexher_employees_teammember ALTER COLUMN id DROP DEFAULT;
ALTER TABLE IF EXISTS public.lexher_employees_employee ALTER COLUMN id DROP DEFAULT;
ALTER TABLE IF EXISTS public.joyous_eventcategory ALTER COLUMN id DROP DEFAULT;
ALTER TABLE IF EXISTS public.joyous_closedfor ALTER COLUMN id DROP DEFAULT;
ALTER TABLE IF EXISTS public.django_site ALTER COLUMN id DROP DEFAULT;
ALTER TABLE IF EXISTS public.django_migrations ALTER COLUMN id DROP DEFAULT;
ALTER TABLE IF EXISTS public.django_content_type ALTER COLUMN id DROP DEFAULT;
ALTER TABLE IF EXISTS public.django_celery_beat_solarschedule ALTER COLUMN id DROP DEFAULT;
ALTER TABLE IF EXISTS public.django_celery_beat_periodictask ALTER COLUMN id DROP DEFAULT;
ALTER TABLE IF EXISTS public.django_celery_beat_intervalschedule ALTER COLUMN id DROP DEFAULT;
ALTER TABLE IF EXISTS public.django_celery_beat_crontabschedule ALTER COLUMN id DROP DEFAULT;
ALTER TABLE IF EXISTS public.django_celery_beat_clockedschedule ALTER COLUMN id DROP DEFAULT;
ALTER TABLE IF EXISTS public.django_admin_log ALTER COLUMN id DROP DEFAULT;
ALTER TABLE IF EXISTS public.blog_blogpagetag ALTER COLUMN id DROP DEFAULT;
ALTER TABLE IF EXISTS public.blog_blogcategoryblogpage ALTER COLUMN id DROP DEFAULT;
ALTER TABLE IF EXISTS public.blog_blogcategory ALTER COLUMN id DROP DEFAULT;
ALTER TABLE IF EXISTS public.auth_permission ALTER COLUMN id DROP DEFAULT;
ALTER TABLE IF EXISTS public.auth_group_permissions ALTER COLUMN id DROP DEFAULT;
ALTER TABLE IF EXISTS public.auth_group ALTER COLUMN id DROP DEFAULT;
DROP SEQUENCE IF EXISTS public.wagtailusers_userprofile_id_seq;
DROP SEQUENCE IF EXISTS public.wagtailsearch_querydailyhits_id_seq;
DROP SEQUENCE IF EXISTS public.wagtailsearch_query_id_seq;
DROP SEQUENCE IF EXISTS public.wagtailsearch_editorspick_id_seq;
DROP SEQUENCE IF EXISTS public.wagtailredirects_redirect_id_seq;
DROP SEQUENCE IF EXISTS public.wagtailmenus_mainmenuitem_id_seq;
DROP SEQUENCE IF EXISTS public.wagtailmenus_mainmenu_id_seq;
DROP SEQUENCE IF EXISTS public.wagtailmenus_flatmenuitem_id_seq;
DROP SEQUENCE IF EXISTS public.wagtailmenus_flatmenu_id_seq;
DROP SEQUENCE IF EXISTS public.wagtailimages_uploadedimage_id_seq;
DROP SEQUENCE IF EXISTS public.wagtailimages_rendition_id_seq;
DROP SEQUENCE IF EXISTS public.wagtailimages_image_id_seq;
DROP SEQUENCE IF EXISTS public.wagtailforms_formsubmission_id_seq;
DROP SEQUENCE IF EXISTS public.wagtailembeds_embed_id_seq;
DROP SEQUENCE IF EXISTS public.wagtaildocs_uploadeddocument_id_seq;
DROP SEQUENCE IF EXISTS public.wagtaildocs_document_id_seq;
DROP SEQUENCE IF EXISTS public.wagtailcore_workflowtask_id_seq;
DROP SEQUENCE IF EXISTS public.wagtailcore_workflowstate_id_seq;
DROP SEQUENCE IF EXISTS public.wagtailcore_workflow_id_seq;
DROP SEQUENCE IF EXISTS public.wagtailcore_taskstate_id_seq;
DROP SEQUENCE IF EXISTS public.wagtailcore_task_id_seq;
DROP SEQUENCE IF EXISTS public.wagtailcore_site_id_seq;
DROP SEQUENCE IF EXISTS public.wagtailcore_pageviewrestriction_id_seq;
DROP SEQUENCE IF EXISTS public.wagtailcore_pageviewrestriction_groups_id_seq;
DROP SEQUENCE IF EXISTS public.wagtailcore_pagesubscription_id_seq;
DROP SEQUENCE IF EXISTS public.wagtailcore_pagerevision_id_seq;
DROP SEQUENCE IF EXISTS public.wagtailcore_pagelogentry_id_seq;
DROP SEQUENCE IF EXISTS public.wagtailcore_page_id_seq;
DROP SEQUENCE IF EXISTS public.wagtailcore_locale_id_seq;
DROP SEQUENCE IF EXISTS public.wagtailcore_grouppagepermission_id_seq;
DROP SEQUENCE IF EXISTS public.wagtailcore_groupcollectionpermission_id_seq;
DROP SEQUENCE IF EXISTS public.wagtailcore_groupapprovaltask_groups_id_seq;
DROP SEQUENCE IF EXISTS public.wagtailcore_commentreply_id_seq;
DROP SEQUENCE IF EXISTS public.wagtailcore_comment_id_seq;
DROP SEQUENCE IF EXISTS public.wagtailcore_collectionviewrestriction_id_seq;
DROP SEQUENCE IF EXISTS public.wagtailcore_collectionviewrestriction_groups_id_seq;
DROP SEQUENCE IF EXISTS public.wagtailcore_collection_id_seq;
DROP SEQUENCE IF EXISTS public.wagtailadmin_admin_id_seq;
DROP SEQUENCE IF EXISTS public.taggit_taggeditem_id_seq;
DROP SEQUENCE IF EXISTS public.taggit_tag_id_seq;
DROP SEQUENCE IF EXISTS public.postgres_search_indexentry_id_seq;
DROP SEQUENCE IF EXISTS public.microsoft_auth_xboxliveaccount_id_seq;
DROP SEQUENCE IF EXISTS public.microsoft_auth_microsoftaccount_id_seq;
DROP SEQUENCE IF EXISTS public.lexher_users_user_user_permissions_id_seq;
DROP SEQUENCE IF EXISTS public.lexher_users_user_id_seq;
DROP SEQUENCE IF EXISTS public.lexher_users_user_groups_id_seq;
DROP SEQUENCE IF EXISTS public.lexher_training_watchlistitem_id_seq;
DROP SEQUENCE IF EXISTS public.lexher_training_watchlistitem_courses_id_seq;
DROP SEQUENCE IF EXISTS public.lexher_training_redhatimportstatus_id_seq;
DROP SEQUENCE IF EXISTS public.lexher_training_purchaseorder_id_seq;
DROP SEQUENCE IF EXISTS public.lexher_training_orderrow_participants_id_seq;
DROP SEQUENCE IF EXISTS public.lexher_training_orderrow_id_seq;
DROP SEQUENCE IF EXISTS public.lexher_training_order_id_seq;
DROP SEQUENCE IF EXISTS public.lexher_training_invoice_id_seq;
DROP SEQUENCE IF EXISTS public.lexher_training_emailmessage_id_seq;
DROP SEQUENCE IF EXISTS public.lexher_training_edutrackcoursemember_id_seq;
DROP SEQUENCE IF EXISTS public.lexher_training_courseparticipant_id_seq;
DROP SEQUENCE IF EXISTS public.lexher_training_courseoccasion_id_seq;
DROP SEQUENCE IF EXISTS public.lexher_training_coursecategory_id_seq;
DROP SEQUENCE IF EXISTS public.lexher_training_competencelevel_id_seq;
DROP SEQUENCE IF EXISTS public.lexher_training_campaigncourse_id_seq;
DROP SEQUENCE IF EXISTS public.lexher_training_bundlecourse_id_seq;
DROP SEQUENCE IF EXISTS public.lexher_intranet_lexherdocument_id_seq;
DROP SEQUENCE IF EXISTS public.lexher_home_homepagebutton_id_seq;
DROP SEQUENCE IF EXISTS public.lexher_home_formfield_id_seq;
DROP SEQUENCE IF EXISTS public.lexher_home_contentsettings_id_seq;
DROP SEQUENCE IF EXISTS public.lexher_home_contentcategory_id_seq;
DROP SEQUENCE IF EXISTS public.lexher_employees_teammember_id_seq;
DROP SEQUENCE IF EXISTS public.lexher_employees_employee_id_seq;
DROP SEQUENCE IF EXISTS public.joyous_eventcategory_id_seq;
DROP SEQUENCE IF EXISTS public.joyous_closedfor_id_seq;
DROP SEQUENCE IF EXISTS public.django_site_id_seq;
DROP SEQUENCE IF EXISTS public.django_migrations_id_seq;
DROP SEQUENCE IF EXISTS public.django_content_type_id_seq;
DROP SEQUENCE IF EXISTS public.django_celery_beat_solarschedule_id_seq;
DROP SEQUENCE IF EXISTS public.django_celery_beat_periodictask_id_seq;
DROP SEQUENCE IF EXISTS public.django_celery_beat_intervalschedule_id_seq;
DROP SEQUENCE IF EXISTS public.django_celery_beat_crontabschedule_id_seq;
DROP SEQUENCE IF EXISTS public.django_celery_beat_clockedschedule_id_seq;
DROP SEQUENCE IF EXISTS public.django_admin_log_id_seq;
DROP SEQUENCE IF EXISTS public.blog_blogpagetag_id_seq;
DROP SEQUENCE IF EXISTS public.blog_blogcategoryblogpage_id_seq;
DROP SEQUENCE IF EXISTS public.blog_blogcategory_id_seq;
DROP SEQUENCE IF EXISTS public.auth_permission_id_seq;
DROP SEQUENCE IF EXISTS public.auth_group_permissions_id_seq;
DROP SEQUENCE IF EXISTS public.auth_group_id_seq;
DROP FUNCTION IF EXISTS public.delivery_methods(pk integer);
--
-- Name: delivery_methods(integer); Type: FUNCTION; Schema: public; Owner: -
--

CREATE FUNCTION public.delivery_methods(pk integer) RETURNS text[]
    LANGUAGE plpgsql
    AS $$
DECLARE 
    ret TEXT[];
BEGIN 
    ret := ARRAY(SELECT DISTINCT delivery_method FROM lexher_training_courseoccasion WHERE course_id=pk);
    RETURN ret;
END;
$$;




--
-- Name: auth_group; Type: TABLE; Schema: public; Owner: -
--

CREATE TABLE public.auth_group (
    id integer NOT NULL,
    name character varying(150) NOT NULL
);


--
-- Name: auth_group_id_seq; Type: SEQUENCE; Schema: public; Owner: -
--

CREATE SEQUENCE public.auth_group_id_seq
    START WITH 1
    INCREMENT BY 1
    NO MINVALUE
    NO MAXVALUE
    CACHE 1;


--
-- Name: auth_group_id_seq; Type: SEQUENCE OWNED BY; Schema: public; Owner: -
--

ALTER SEQUENCE public.auth_group_id_seq OWNED BY public.auth_group.id;


--
-- Name: auth_group_permissions; Type: TABLE; Schema: public; Owner: -
--

CREATE TABLE public.auth_group_permissions (
    id integer NOT NULL,
    group_id integer NOT NULL,
    permission_id integer NOT NULL
);


--
-- Name: auth_group_permissions_id_seq; Type: SEQUENCE; Schema: public; Owner: -
--

CREATE SEQUENCE public.auth_group_permissions_id_seq
    START WITH 1
    INCREMENT BY 1
    NO MINVALUE
    NO MAXVALUE
    CACHE 1;


--
-- Name: auth_group_permissions_id_seq; Type: SEQUENCE OWNED BY; Schema: public; Owner: -
--

ALTER SEQUENCE public.auth_group_permissions_id_seq OWNED BY public.auth_group_permissions.id;


--
-- Name: auth_permission; Type: TABLE; Schema: public; Owner: -
--

CREATE TABLE public.auth_permission (
    id integer NOT NULL,
    name character varying(255) NOT NULL,
    content_type_id integer NOT NULL,
    codename character varying(100) NOT NULL
);


--
-- Name: auth_permission_id_seq; Type: SEQUENCE; Schema: public; Owner: -
--

CREATE SEQUENCE public.auth_permission_id_seq
    START WITH 1
    INCREMENT BY 1
    NO MINVALUE
    NO MAXVALUE
    CACHE 1;


--
-- Name: auth_permission_id_seq; Type: SEQUENCE OWNED BY; Schema: public; Owner: -
--

ALTER SEQUENCE public.auth_permission_id_seq OWNED BY public.auth_permission.id;


--
-- Name: blog_blogcategory; Type: TABLE; Schema: public; Owner: -
--

CREATE TABLE public.blog_blogcategory (
    id integer NOT NULL,
    name character varying(80) NOT NULL,
    slug character varying(80) NOT NULL,
    description character varying(500) NOT NULL,
    parent_id integer
);


--
-- Name: blog_blogcategory_id_seq; Type: SEQUENCE; Schema: public; Owner: -
--

CREATE SEQUENCE public.blog_blogcategory_id_seq
    START WITH 1
    INCREMENT BY 1
    NO MINVALUE
    NO MAXVALUE
    CACHE 1;


--
-- Name: blog_blogcategory_id_seq; Type: SEQUENCE OWNED BY; Schema: public; Owner: -
--

ALTER SEQUENCE public.blog_blogcategory_id_seq OWNED BY public.blog_blogcategory.id;


--
-- Name: blog_blogcategoryblogpage; Type: TABLE; Schema: public; Owner: -
--

CREATE TABLE public.blog_blogcategoryblogpage (
    id integer NOT NULL,
    category_id integer NOT NULL,
    page_id integer NOT NULL
);


--
-- Name: blog_blogcategoryblogpage_id_seq; Type: SEQUENCE; Schema: public; Owner: -
--

CREATE SEQUENCE public.blog_blogcategoryblogpage_id_seq
    START WITH 1
    INCREMENT BY 1
    NO MINVALUE
    NO MAXVALUE
    CACHE 1;


--
-- Name: blog_blogcategoryblogpage_id_seq; Type: SEQUENCE OWNED BY; Schema: public; Owner: -
--

ALTER SEQUENCE public.blog_blogcategoryblogpage_id_seq OWNED BY public.blog_blogcategoryblogpage.id;


--
-- Name: blog_blogindexpage; Type: TABLE; Schema: public; Owner: -
--

CREATE TABLE public.blog_blogindexpage (
    page_ptr_id integer NOT NULL
);


--
-- Name: blog_blogpage; Type: TABLE; Schema: public; Owner: -
--

CREATE TABLE public.blog_blogpage (
    page_ptr_id integer NOT NULL,
    body text NOT NULL,
    header_image_id integer,
    date date NOT NULL,
    author_id integer
);


--
-- Name: blog_blogpagetag; Type: TABLE; Schema: public; Owner: -
--

CREATE TABLE public.blog_blogpagetag (
    id integer NOT NULL,
    content_object_id integer NOT NULL,
    tag_id integer NOT NULL
);


--
-- Name: blog_blogpagetag_id_seq; Type: SEQUENCE; Schema: public; Owner: -
--

CREATE SEQUENCE public.blog_blogpagetag_id_seq
    START WITH 1
    INCREMENT BY 1
    NO MINVALUE
    NO MAXVALUE
    CACHE 1;


--
-- Name: blog_blogpagetag_id_seq; Type: SEQUENCE OWNED BY; Schema: public; Owner: -
--

ALTER SEQUENCE public.blog_blogpagetag_id_seq OWNED BY public.blog_blogpagetag.id;


--
-- Name: content_blockspage; Type: TABLE; Schema: public; Owner: -
--

CREATE TABLE public.content_blockspage (
    page_ptr_id integer NOT NULL,
    body text NOT NULL
);


--
-- Name: django_admin_log; Type: TABLE; Schema: public; Owner: -
--

CREATE TABLE public.django_admin_log (
    id integer NOT NULL,
    action_time timestamp with time zone NOT NULL,
    object_id text,
    object_repr character varying(200) NOT NULL,
    action_flag smallint NOT NULL,
    change_message text NOT NULL,
    content_type_id integer,
    user_id integer NOT NULL,
    CONSTRAINT django_admin_log_action_flag_check CHECK ((action_flag >= 0))
);


--
-- Name: django_admin_log_id_seq; Type: SEQUENCE; Schema: public; Owner: -
--

CREATE SEQUENCE public.django_admin_log_id_seq
    START WITH 1
    INCREMENT BY 1
    NO MINVALUE
    NO MAXVALUE
    CACHE 1;


--
-- Name: django_admin_log_id_seq; Type: SEQUENCE OWNED BY; Schema: public; Owner: -
--

ALTER SEQUENCE public.django_admin_log_id_seq OWNED BY public.django_admin_log.id;


--
-- Name: django_celery_beat_clockedschedule; Type: TABLE; Schema: public; Owner: -
--

CREATE TABLE public.django_celery_beat_clockedschedule (
    id integer NOT NULL,
    clocked_time timestamp with time zone NOT NULL
);


--
-- Name: django_celery_beat_clockedschedule_id_seq; Type: SEQUENCE; Schema: public; Owner: -
--

CREATE SEQUENCE public.django_celery_beat_clockedschedule_id_seq
    START WITH 1
    INCREMENT BY 1
    NO MINVALUE
    NO MAXVALUE
    CACHE 1;


--
-- Name: django_celery_beat_clockedschedule_id_seq; Type: SEQUENCE OWNED BY; Schema: public; Owner: -
--

ALTER SEQUENCE public.django_celery_beat_clockedschedule_id_seq OWNED BY public.django_celery_beat_clockedschedule.id;


--
-- Name: django_celery_beat_crontabschedule; Type: TABLE; Schema: public; Owner: -
--

CREATE TABLE public.django_celery_beat_crontabschedule (
    id integer NOT NULL,
    minute character varying(240) NOT NULL,
    hour character varying(96) NOT NULL,
    day_of_week character varying(64) NOT NULL,
    day_of_month character varying(124) NOT NULL,
    month_of_year character varying(64) NOT NULL,
    timezone character varying(63) NOT NULL
);


--
-- Name: django_celery_beat_crontabschedule_id_seq; Type: SEQUENCE; Schema: public; Owner: -
--

CREATE SEQUENCE public.django_celery_beat_crontabschedule_id_seq
    START WITH 1
    INCREMENT BY 1
    NO MINVALUE
    NO MAXVALUE
    CACHE 1;


--
-- Name: django_celery_beat_crontabschedule_id_seq; Type: SEQUENCE OWNED BY; Schema: public; Owner: -
--

ALTER SEQUENCE public.django_celery_beat_crontabschedule_id_seq OWNED BY public.django_celery_beat_crontabschedule.id;


--
-- Name: django_celery_beat_intervalschedule; Type: TABLE; Schema: public; Owner: -
--

CREATE TABLE public.django_celery_beat_intervalschedule (
    id integer NOT NULL,
    every integer NOT NULL,
    period character varying(24) NOT NULL
);


--
-- Name: django_celery_beat_intervalschedule_id_seq; Type: SEQUENCE; Schema: public; Owner: -
--

CREATE SEQUENCE public.django_celery_beat_intervalschedule_id_seq
    START WITH 1
    INCREMENT BY 1
    NO MINVALUE
    NO MAXVALUE
    CACHE 1;


--
-- Name: django_celery_beat_intervalschedule_id_seq; Type: SEQUENCE OWNED BY; Schema: public; Owner: -
--

ALTER SEQUENCE public.django_celery_beat_intervalschedule_id_seq OWNED BY public.django_celery_beat_intervalschedule.id;


--
-- Name: django_celery_beat_periodictask; Type: TABLE; Schema: public; Owner: -
--

CREATE TABLE public.django_celery_beat_periodictask (
    id integer NOT NULL,
    name character varying(200) NOT NULL,
    task character varying(200) NOT NULL,
    args text NOT NULL,
    kwargs text NOT NULL,
    queue character varying(200),
    exchange character varying(200),
    routing_key character varying(200),
    expires timestamp with time zone,
    enabled boolean NOT NULL,
    last_run_at timestamp with time zone,
    total_run_count integer NOT NULL,
    date_changed timestamp with time zone NOT NULL,
    description text NOT NULL,
    crontab_id integer,
    interval_id integer,
    solar_id integer,
    one_off boolean NOT NULL,
    start_time timestamp with time zone,
    priority integer,
    headers text NOT NULL,
    clocked_id integer,
    expire_seconds integer,
    CONSTRAINT django_celery_beat_periodictask_expire_seconds_check CHECK ((expire_seconds >= 0)),
    CONSTRAINT django_celery_beat_periodictask_priority_check CHECK ((priority >= 0)),
    CONSTRAINT django_celery_beat_periodictask_total_run_count_check CHECK ((total_run_count >= 0))
);


--
-- Name: django_celery_beat_periodictask_id_seq; Type: SEQUENCE; Schema: public; Owner: -
--

CREATE SEQUENCE public.django_celery_beat_periodictask_id_seq
    START WITH 1
    INCREMENT BY 1
    NO MINVALUE
    NO MAXVALUE
    CACHE 1;


--
-- Name: django_celery_beat_periodictask_id_seq; Type: SEQUENCE OWNED BY; Schema: public; Owner: -
--

ALTER SEQUENCE public.django_celery_beat_periodictask_id_seq OWNED BY public.django_celery_beat_periodictask.id;


--
-- Name: django_celery_beat_periodictasks; Type: TABLE; Schema: public; Owner: -
--

CREATE TABLE public.django_celery_beat_periodictasks (
    ident smallint NOT NULL,
    last_update timestamp with time zone NOT NULL
);


--
-- Name: django_celery_beat_solarschedule; Type: TABLE; Schema: public; Owner: -
--

CREATE TABLE public.django_celery_beat_solarschedule (
    id integer NOT NULL,
    event character varying(24) NOT NULL,
    latitude numeric(9,6) NOT NULL,
    longitude numeric(9,6) NOT NULL
);


--
-- Name: django_celery_beat_solarschedule_id_seq; Type: SEQUENCE; Schema: public; Owner: -
--

CREATE SEQUENCE public.django_celery_beat_solarschedule_id_seq
    START WITH 1
    INCREMENT BY 1
    NO MINVALUE
    NO MAXVALUE
    CACHE 1;


--
-- Name: django_celery_beat_solarschedule_id_seq; Type: SEQUENCE OWNED BY; Schema: public; Owner: -
--

ALTER SEQUENCE public.django_celery_beat_solarschedule_id_seq OWNED BY public.django_celery_beat_solarschedule.id;


--
-- Name: django_content_type; Type: TABLE; Schema: public; Owner: -
--

CREATE TABLE public.django_content_type (
    id integer NOT NULL,
    app_label character varying(100) NOT NULL,
    model character varying(100) NOT NULL
);


--
-- Name: django_content_type_id_seq; Type: SEQUENCE; Schema: public; Owner: -
--

CREATE SEQUENCE public.django_content_type_id_seq
    START WITH 1
    INCREMENT BY 1
    NO MINVALUE
    NO MAXVALUE
    CACHE 1;


--
-- Name: django_content_type_id_seq; Type: SEQUENCE OWNED BY; Schema: public; Owner: -
--

ALTER SEQUENCE public.django_content_type_id_seq OWNED BY public.django_content_type.id;


--
-- Name: django_migrations; Type: TABLE; Schema: public; Owner: -
--

CREATE TABLE public.django_migrations (
    id integer NOT NULL,
    app character varying(255) NOT NULL,
    name character varying(255) NOT NULL,
    applied timestamp with time zone NOT NULL
);


--
-- Name: django_migrations_id_seq; Type: SEQUENCE; Schema: public; Owner: -
--

CREATE SEQUENCE public.django_migrations_id_seq
    START WITH 1
    INCREMENT BY 1
    NO MINVALUE
    NO MAXVALUE
    CACHE 1;


--
-- Name: django_migrations_id_seq; Type: SEQUENCE OWNED BY; Schema: public; Owner: -
--

ALTER SEQUENCE public.django_migrations_id_seq OWNED BY public.django_migrations.id;


--
-- Name: django_site; Type: TABLE; Schema: public; Owner: -
--

CREATE TABLE public.django_site (
    id integer NOT NULL,
    domain character varying(100) NOT NULL,
    name character varying(50) NOT NULL
);


--
-- Name: django_site_id_seq; Type: SEQUENCE; Schema: public; Owner: -
--

CREATE SEQUENCE public.django_site_id_seq
    START WITH 1
    INCREMENT BY 1
    NO MINVALUE
    NO MAXVALUE
    CACHE 1;


--
-- Name: django_site_id_seq; Type: SEQUENCE OWNED BY; Schema: public; Owner: -
--

ALTER SEQUENCE public.django_site_id_seq OWNED BY public.django_site.id;


--
-- Name: joyous_calendarpage; Type: TABLE; Schema: public; Owner: -
--

CREATE TABLE public.joyous_calendarpage (
    page_ptr_id integer NOT NULL,
    intro text NOT NULL,
    default_view character varying(15) NOT NULL,
    view_choices character varying(255) NOT NULL
);


--
-- Name: joyous_cancellationpage; Type: TABLE; Schema: public; Owner: -
--

CREATE TABLE public.joyous_cancellationpage (
    page_ptr_id integer NOT NULL,
    except_date date NOT NULL,
    cancellation_title character varying(255) NOT NULL,
    cancellation_details text NOT NULL,
    overrides_id integer
);


--
-- Name: joyous_closedfor; Type: TABLE; Schema: public; Owner: -
--

CREATE TABLE public.joyous_closedfor (
    id integer NOT NULL,
    name character varying(100) NOT NULL,
    page_id integer NOT NULL
);


--
-- Name: joyous_closedfor_id_seq; Type: SEQUENCE; Schema: public; Owner: -
--

CREATE SEQUENCE public.joyous_closedfor_id_seq
    START WITH 1
    INCREMENT BY 1
    NO MINVALUE
    NO MAXVALUE
    CACHE 1;


--
-- Name: joyous_closedfor_id_seq; Type: SEQUENCE OWNED BY; Schema: public; Owner: -
--

ALTER SEQUENCE public.joyous_closedfor_id_seq OWNED BY public.joyous_closedfor.id;


--
-- Name: joyous_closedforholidayspage; Type: TABLE; Schema: public; Owner: -
--

CREATE TABLE public.joyous_closedforholidayspage (
    page_ptr_id integer NOT NULL,
    all_holidays boolean NOT NULL,
    cancellation_title character varying(255) NOT NULL,
    cancellation_details text NOT NULL,
    overrides_id integer
);


--
-- Name: joyous_eventcategory; Type: TABLE; Schema: public; Owner: -
--

CREATE TABLE public.joyous_eventcategory (
    id integer NOT NULL,
    code character varying(4) NOT NULL,
    name character varying(80) NOT NULL
);


--
-- Name: joyous_eventcategory_id_seq; Type: SEQUENCE; Schema: public; Owner: -
--

CREATE SEQUENCE public.joyous_eventcategory_id_seq
    START WITH 1
    INCREMENT BY 1
    NO MINVALUE
    NO MAXVALUE
    CACHE 1;


--
-- Name: joyous_eventcategory_id_seq; Type: SEQUENCE OWNED BY; Schema: public; Owner: -
--

ALTER SEQUENCE public.joyous_eventcategory_id_seq OWNED BY public.joyous_eventcategory.id;


--
-- Name: joyous_extcancellationpage; Type: TABLE; Schema: public; Owner: -
--

CREATE TABLE public.joyous_extcancellationpage (
    page_ptr_id integer NOT NULL,
    cancellation_title character varying(255) NOT NULL,
    cancellation_details text NOT NULL,
    cancelled_from_date date NOT NULL,
    cancelled_to_date date,
    overrides_id integer
);


--
-- Name: joyous_extrainfopage; Type: TABLE; Schema: public; Owner: -
--

CREATE TABLE public.joyous_extrainfopage (
    page_ptr_id integer NOT NULL,
    except_date date NOT NULL,
    extra_information text NOT NULL,
    overrides_id integer,
    extra_title character varying(255) NOT NULL
);


--
-- Name: joyous_grouppage; Type: TABLE; Schema: public; Owner: -
--

CREATE TABLE public.joyous_grouppage (
    page_ptr_id integer NOT NULL,
    content text NOT NULL
);


--
-- Name: joyous_multidayeventpage; Type: TABLE; Schema: public; Owner: -
--

CREATE TABLE public.joyous_multidayeventpage (
    page_ptr_id integer NOT NULL,
    time_from time without time zone,
    time_to time without time zone,
    location character varying(255) NOT NULL,
    details text NOT NULL,
    website character varying(200) NOT NULL,
    date_from date NOT NULL,
    date_to date NOT NULL,
    category_id integer,
    group_page_id integer,
    image_id integer,
    tz character varying(63) NOT NULL,
    uid character varying(255) NOT NULL
);


--
-- Name: joyous_postponementpage; Type: TABLE; Schema: public; Owner: -
--

CREATE TABLE public.joyous_postponementpage (
    cancellationpage_ptr_id integer NOT NULL,
    time_from time without time zone,
    time_to time without time zone,
    location character varying(255) NOT NULL,
    details text NOT NULL,
    website character varying(200) NOT NULL,
    postponement_title character varying(255) NOT NULL,
    date date NOT NULL,
    category_id integer,
    image_id integer,
    num_days integer NOT NULL
);


--
-- Name: joyous_recurringeventpage; Type: TABLE; Schema: public; Owner: -
--

CREATE TABLE public.joyous_recurringeventpage (
    page_ptr_id integer NOT NULL,
    time_from time without time zone,
    time_to time without time zone,
    location character varying(255) NOT NULL,
    details text NOT NULL,
    website character varying(200) NOT NULL,
    repeat character varying(255) NOT NULL,
    category_id integer,
    group_page_id integer,
    image_id integer,
    tz character varying(63) NOT NULL,
    uid character varying(255) NOT NULL,
    num_days integer NOT NULL
);


--
-- Name: joyous_simpleeventpage; Type: TABLE; Schema: public; Owner: -
--

CREATE TABLE public.joyous_simpleeventpage (
    page_ptr_id integer NOT NULL,
    time_from time without time zone,
    time_to time without time zone,
    location character varying(255) NOT NULL,
    details text NOT NULL,
    website character varying(200) NOT NULL,
    date date NOT NULL,
    category_id integer,
    group_page_id integer,
    image_id integer,
    tz character varying(63) NOT NULL,
    uid character varying(255) NOT NULL
);


--
-- Name: lexher_consultants_jobadpage; Type: TABLE; Schema: public; Owner: -
--

CREATE TABLE public.lexher_consultants_jobadpage (
    page_ptr_id integer NOT NULL,
    color_theme character varying(8) NOT NULL,
    alternative_header character varying(100) NOT NULL,
    body text NOT NULL,
    landing_body text NOT NULL,
    form_header character varying(100) NOT NULL,
    form_intro text,
    pipeline integer NOT NULL
);


--
-- Name: lexher_consultants_lexheracademyapplicationpage; Type: TABLE; Schema: public; Owner: -
--

CREATE TABLE public.lexher_consultants_lexheracademyapplicationpage (
    page_ptr_id integer NOT NULL,
    color_theme character varying(8) NOT NULL,
    alternative_header character varying(100) NOT NULL,
    body text NOT NULL,
    landing_body text NOT NULL,
    form_header character varying(100) NOT NULL,
    form_intro text,
    pipeline integer NOT NULL
);


--
-- Name: lexher_employees_employee; Type: TABLE; Schema: public; Owner: -
--

CREATE TABLE public.lexher_employees_employee (
    id integer NOT NULL,
    name character varying(100) NOT NULL,
    role character varying(100) NOT NULL,
    phone character varying(128) NOT NULL,
    email character varying(254) NOT NULL,
    image_id integer NOT NULL,
    user_id integer
);


--
-- Name: lexher_employees_employee_id_seq; Type: SEQUENCE; Schema: public; Owner: -
--

CREATE SEQUENCE public.lexher_employees_employee_id_seq
    START WITH 1
    INCREMENT BY 1
    NO MINVALUE
    NO MAXVALUE
    CACHE 1;


--
-- Name: lexher_employees_employee_id_seq; Type: SEQUENCE OWNED BY; Schema: public; Owner: -
--

ALTER SEQUENCE public.lexher_employees_employee_id_seq OWNED BY public.lexher_employees_employee.id;


--
-- Name: lexher_employees_teammember; Type: TABLE; Schema: public; Owner: -
--

CREATE TABLE public.lexher_employees_teammember (
    id integer NOT NULL,
    member_id integer NOT NULL,
    team_id integer NOT NULL,
    sort_order integer
);


--
-- Name: lexher_employees_teammember_id_seq; Type: SEQUENCE; Schema: public; Owner: -
--

CREATE SEQUENCE public.lexher_employees_teammember_id_seq
    START WITH 1
    INCREMENT BY 1
    NO MINVALUE
    NO MAXVALUE
    CACHE 1;


--
-- Name: lexher_employees_teammember_id_seq; Type: SEQUENCE OWNED BY; Schema: public; Owner: -
--

ALTER SEQUENCE public.lexher_employees_teammember_id_seq OWNED BY public.lexher_employees_teammember.id;


--
-- Name: lexher_employees_teampage; Type: TABLE; Schema: public; Owner: -
--

CREATE TABLE public.lexher_employees_teampage (
    page_ptr_id integer NOT NULL
);


--
-- Name: lexher_gallery_galleryindexpage; Type: TABLE; Schema: public; Owner: -
--

CREATE TABLE public.lexher_gallery_galleryindexpage (
    page_ptr_id integer NOT NULL
);


--
-- Name: lexher_gallery_gallerypage; Type: TABLE; Schema: public; Owner: -
--

CREATE TABLE public.lexher_gallery_gallerypage (
    page_ptr_id integer NOT NULL,
    date date,
    collection_id integer NOT NULL
);


--
-- Name: lexher_home_contactpage; Type: TABLE; Schema: public; Owner: -
--

CREATE TABLE public.lexher_home_contactpage (
    page_ptr_id integer NOT NULL,
    color_theme character varying(8) NOT NULL,
    address character varying(24) NOT NULL,
    email text NOT NULL,
    phone text NOT NULL
);


--
-- Name: lexher_home_contentcategory; Type: TABLE; Schema: public; Owner: -
--

CREATE TABLE public.lexher_home_contentcategory (
    id integer NOT NULL,
    sort_order integer,
    slug character varying(50) NOT NULL,
    title character varying(255) NOT NULL
);


--
-- Name: lexher_home_contentcategory_id_seq; Type: SEQUENCE; Schema: public; Owner: -
--

CREATE SEQUENCE public.lexher_home_contentcategory_id_seq
    START WITH 1
    INCREMENT BY 1
    NO MINVALUE
    NO MAXVALUE
    CACHE 1;


--
-- Name: lexher_home_contentcategory_id_seq; Type: SEQUENCE OWNED BY; Schema: public; Owner: -
--

ALTER SEQUENCE public.lexher_home_contentcategory_id_seq OWNED BY public.lexher_home_contentcategory.id;


--
-- Name: lexher_home_contentsettings; Type: TABLE; Schema: public; Owner: -
--

CREATE TABLE public.lexher_home_contentsettings (
    id integer NOT NULL,
    consent_dialog_title character varying(100) NOT NULL,
    consent_dialog_text text NOT NULL,
    privacy_policy_page_id integer,
    site_id integer NOT NULL,
    classroom_description character varying(250) NOT NULL,
    exam_description character varying(250) NOT NULL,
    individual_exam_description character varying(250) NOT NULL,
    online_learning_description character varying(250) NOT NULL,
    subscription_description character varying(250) NOT NULL,
    video_classroom_description character varying(250) NOT NULL,
    virtual_training_description character varying(250) NOT NULL
);


--
-- Name: lexher_home_contentsettings_id_seq; Type: SEQUENCE; Schema: public; Owner: -
--

CREATE SEQUENCE public.lexher_home_contentsettings_id_seq
    START WITH 1
    INCREMENT BY 1
    NO MINVALUE
    NO MAXVALUE
    CACHE 1;


--
-- Name: lexher_home_contentsettings_id_seq; Type: SEQUENCE OWNED BY; Schema: public; Owner: -
--

ALTER SEQUENCE public.lexher_home_contentsettings_id_seq OWNED BY public.lexher_home_contentsettings.id;


--
-- Name: lexher_home_formfield; Type: TABLE; Schema: public; Owner: -
--

CREATE TABLE public.lexher_home_formfield (
    id integer NOT NULL,
    sort_order integer,
    label character varying(255) NOT NULL,
    field_type character varying(16) NOT NULL,
    required boolean NOT NULL,
    choices text NOT NULL,
    default_value character varying(255) NOT NULL,
    help_text character varying(255) NOT NULL,
    page_id integer NOT NULL,
    clean_name character varying(255) NOT NULL
);


--
-- Name: lexher_home_formfield_id_seq; Type: SEQUENCE; Schema: public; Owner: -
--

CREATE SEQUENCE public.lexher_home_formfield_id_seq
    START WITH 1
    INCREMENT BY 1
    NO MINVALUE
    NO MAXVALUE
    CACHE 1;


--
-- Name: lexher_home_formfield_id_seq; Type: SEQUENCE OWNED BY; Schema: public; Owner: -
--

ALTER SEQUENCE public.lexher_home_formfield_id_seq OWNED BY public.lexher_home_formfield.id;


--
-- Name: lexher_home_formpage; Type: TABLE; Schema: public; Owner: -
--

CREATE TABLE public.lexher_home_formpage (
    page_ptr_id integer NOT NULL,
    to_address character varying(255) NOT NULL,
    from_address character varying(255) NOT NULL,
    subject character varying(255) NOT NULL,
    body text NOT NULL,
    landing_body text NOT NULL,
    alternative_header character varying(100) NOT NULL,
    color_theme character varying(8) NOT NULL,
    form_header character varying(100) NOT NULL,
    form_intro text
);


--
-- Name: lexher_home_generalpage; Type: TABLE; Schema: public; Owner: -
--

CREATE TABLE public.lexher_home_generalpage (
    page_ptr_id integer NOT NULL,
    body text NOT NULL,
    alternative_header character varying(100) NOT NULL,
    color_theme character varying(8) NOT NULL
);


--
-- Name: lexher_home_homepage; Type: TABLE; Schema: public; Owner: -
--

CREATE TABLE public.lexher_home_homepage (
    page_ptr_id integer NOT NULL,
    body text NOT NULL
);


--
-- Name: lexher_home_homepagebutton; Type: TABLE; Schema: public; Owner: -
--

CREATE TABLE public.lexher_home_homepagebutton (
    id integer NOT NULL,
    sort_order integer,
    text character varying(50) NOT NULL,
    home_page_id integer NOT NULL,
    page_id integer,
    url character varying(250) NOT NULL
);


--
-- Name: lexher_home_homepagebutton_id_seq; Type: SEQUENCE; Schema: public; Owner: -
--

CREATE SEQUENCE public.lexher_home_homepagebutton_id_seq
    START WITH 1
    INCREMENT BY 1
    NO MINVALUE
    NO MAXVALUE
    CACHE 1;


--
-- Name: lexher_home_homepagebutton_id_seq; Type: SEQUENCE OWNED BY; Schema: public; Owner: -
--

ALTER SEQUENCE public.lexher_home_homepagebutton_id_seq OWNED BY public.lexher_home_homepagebutton.id;


--
-- Name: lexher_home_linkpage; Type: TABLE; Schema: public; Owner: -
--

CREATE TABLE public.lexher_home_linkpage (
    page_ptr_id integer NOT NULL,
    link_url character varying(255),
    url_append character varying(255) NOT NULL,
    extra_classes character varying(100) NOT NULL,
    link_page_id integer
);


--
-- Name: lexher_home_menuitempage; Type: TABLE; Schema: public; Owner: -
--

CREATE TABLE public.lexher_home_menuitempage (
    page_ptr_id integer NOT NULL
);


--
-- Name: lexher_intranet_infopage; Type: TABLE; Schema: public; Owner: -
--

CREATE TABLE public.lexher_intranet_infopage (
    page_ptr_id integer NOT NULL
);


--
-- Name: lexher_intranet_infosection; Type: TABLE; Schema: public; Owner: -
--

CREATE TABLE public.lexher_intranet_infosection (
    page_ptr_id integer NOT NULL,
    body text NOT NULL
);


--
-- Name: lexher_intranet_knowledgebasepage; Type: TABLE; Schema: public; Owner: -
--

CREATE TABLE public.lexher_intranet_knowledgebasepage (
    page_ptr_id integer NOT NULL,
    collection_id integer NOT NULL,
    alternative_header character varying(100) NOT NULL,
    body text,
    color_theme character varying(8) NOT NULL
);


--
-- Name: lexher_intranet_lexherdocument; Type: TABLE; Schema: public; Owner: -
--

CREATE TABLE public.lexher_intranet_lexherdocument (
    id integer NOT NULL,
    title character varying(255) NOT NULL,
    file character varying(100) NOT NULL,
    created_at timestamp with time zone NOT NULL,
    file_size integer,
    file_hash character varying(40) NOT NULL,
    description character varying(255) NOT NULL,
    modified timestamp with time zone NOT NULL,
    collection_id integer NOT NULL,
    uploaded_by_user_id integer,
    CONSTRAINT lexher_intranet_lexherdocument_file_size_check CHECK ((file_size >= 0))
);


--
-- Name: lexher_intranet_lexherdocument_id_seq; Type: SEQUENCE; Schema: public; Owner: -
--

CREATE SEQUENCE public.lexher_intranet_lexherdocument_id_seq
    START WITH 1
    INCREMENT BY 1
    NO MINVALUE
    NO MAXVALUE
    CACHE 1;


--
-- Name: lexher_intranet_lexherdocument_id_seq; Type: SEQUENCE OWNED BY; Schema: public; Owner: -
--

ALTER SEQUENCE public.lexher_intranet_lexherdocument_id_seq OWNED BY public.lexher_intranet_lexherdocument.id;


--
-- Name: lexher_training_bundle; Type: TABLE; Schema: public; Owner: -
--

CREATE TABLE public.lexher_training_bundle (
    page_ptr_id integer NOT NULL,
    description text NOT NULL,
    code character varying(32) NOT NULL,
    redhat_offering_id character varying(16) NOT NULL,
    raw_description jsonb
);


--
-- Name: lexher_training_bundlecourse; Type: TABLE; Schema: public; Owner: -
--

CREATE TABLE public.lexher_training_bundlecourse (
    id integer NOT NULL,
    sort_order integer,
    percent_discount smallint NOT NULL,
    bundle_id integer NOT NULL,
    course_id character varying(32) NOT NULL
);


--
-- Name: lexher_training_bundlecourse_id_seq; Type: SEQUENCE; Schema: public; Owner: -
--

CREATE SEQUENCE public.lexher_training_bundlecourse_id_seq
    START WITH 1
    INCREMENT BY 1
    NO MINVALUE
    NO MAXVALUE
    CACHE 1;


--
-- Name: lexher_training_bundlecourse_id_seq; Type: SEQUENCE OWNED BY; Schema: public; Owner: -
--

ALTER SEQUENCE public.lexher_training_bundlecourse_id_seq OWNED BY public.lexher_training_bundlecourse.id;


--
-- Name: lexher_training_bundlelistpage; Type: TABLE; Schema: public; Owner: -
--

CREATE TABLE public.lexher_training_bundlelistpage (
    page_ptr_id integer NOT NULL,
    color_theme character varying(8) NOT NULL,
    alternative_header character varying(100) NOT NULL,
    body text
);


--
-- Name: lexher_training_campaigncourse; Type: TABLE; Schema: public; Owner: -
--

CREATE TABLE public.lexher_training_campaigncourse (
    id integer NOT NULL,
    sort_order integer,
    campaign_id integer NOT NULL,
    course_id integer NOT NULL
);


--
-- Name: lexher_training_campaigncourse_id_seq; Type: SEQUENCE; Schema: public; Owner: -
--

CREATE SEQUENCE public.lexher_training_campaigncourse_id_seq
    START WITH 1
    INCREMENT BY 1
    NO MINVALUE
    NO MAXVALUE
    CACHE 1;


--
-- Name: lexher_training_campaigncourse_id_seq; Type: SEQUENCE OWNED BY; Schema: public; Owner: -
--

ALTER SEQUENCE public.lexher_training_campaigncourse_id_seq OWNED BY public.lexher_training_campaigncourse.id;


--
-- Name: lexher_training_campaignpage; Type: TABLE; Schema: public; Owner: -
--

CREATE TABLE public.lexher_training_campaignpage (
    page_ptr_id integer NOT NULL,
    color_theme character varying(8) NOT NULL,
    alternative_header character varying(100) NOT NULL,
    body text,
    percent_discount numeric(3,0) NOT NULL,
    for_delivery_methods character varying(16)[] NOT NULL
);


--
-- Name: lexher_training_checkoutpage; Type: TABLE; Schema: public; Owner: -
--

CREATE TABLE public.lexher_training_checkoutpage (
    page_ptr_id integer NOT NULL,
    success_page_id integer,
    toc_page_id integer
);


--
-- Name: lexher_training_competencelevel; Type: TABLE; Schema: public; Owner: -
--

CREATE TABLE public.lexher_training_competencelevel (
    id integer NOT NULL,
    sort_order integer,
    title character varying(40) NOT NULL
);


--
-- Name: lexher_training_competencelevel_id_seq; Type: SEQUENCE; Schema: public; Owner: -
--

CREATE SEQUENCE public.lexher_training_competencelevel_id_seq
    START WITH 1
    INCREMENT BY 1
    NO MINVALUE
    NO MAXVALUE
    CACHE 1;


--
-- Name: lexher_training_competencelevel_id_seq; Type: SEQUENCE OWNED BY; Schema: public; Owner: -
--

ALTER SEQUENCE public.lexher_training_competencelevel_id_seq OWNED BY public.lexher_training_competencelevel.id;


--
-- Name: lexher_training_coursecategory; Type: TABLE; Schema: public; Owner: -
--

CREATE TABLE public.lexher_training_coursecategory (
    id integer NOT NULL,
    category_id integer NOT NULL,
    course_id integer NOT NULL
);


--
-- Name: lexher_training_coursecategory_id_seq; Type: SEQUENCE; Schema: public; Owner: -
--

CREATE SEQUENCE public.lexher_training_coursecategory_id_seq
    START WITH 1
    INCREMENT BY 1
    NO MINVALUE
    NO MAXVALUE
    CACHE 1;


--
-- Name: lexher_training_coursecategory_id_seq; Type: SEQUENCE OWNED BY; Schema: public; Owner: -
--

ALTER SEQUENCE public.lexher_training_coursecategory_id_seq OWNED BY public.lexher_training_coursecategory.id;


--
-- Name: lexher_training_coursedetailpage; Type: TABLE; Schema: public; Owner: -
--

CREATE TABLE public.lexher_training_coursedetailpage (
    page_ptr_id integer NOT NULL,
    description text NOT NULL,
    teacher character varying(255) NOT NULL,
    price_classroom numeric(12,0),
    code character varying(32) NOT NULL,
    audience text NOT NULL,
    objectives text NOT NULL,
    color_theme character varying(8) NOT NULL,
    price_online_learning numeric(12,0),
    price_video_classroom numeric(12,0),
    price_virtual_training numeric(12,0),
    price_subscription numeric(12,0),
    price_individual_exam numeric(12,0),
    raw_description jsonb,
    price_exam numeric(12,0),
    price_euro_classroom numeric(12,0),
    price_euro_exam numeric(12,0),
    price_euro_individual_exam numeric(12,0),
    price_euro_online_learning numeric(12,0),
    price_euro_subscription numeric(12,0),
    price_euro_video_classroom numeric(12,0),
    price_euro_virtual_training numeric(12,0)
);


--
-- Name: lexher_training_courselistpage; Type: TABLE; Schema: public; Owner: -
--

CREATE TABLE public.lexher_training_courselistpage (
    page_ptr_id integer NOT NULL,
    body text,
    alternative_header character varying(100) NOT NULL,
    color_theme character varying(8) NOT NULL
);


--
-- Name: lexher_training_courseoccasion; Type: TABLE; Schema: public; Owner: -
--

CREATE TABLE public.lexher_training_courseoccasion (
    id integer NOT NULL,
    status character varying(100) NOT NULL,
    availability character varying(23) NOT NULL,
    course_id integer NOT NULL,
    redhat_offering_id character varying(16) NOT NULL,
    delivery_method character varying(16) NOT NULL,
    schedule tstzrange[] NOT NULL,
    extra character varying(16) NOT NULL,
    created timestamp with time zone NOT NULL,
    modified timestamp with time zone NOT NULL
);


--
-- Name: lexher_training_courseoccasion_id_seq; Type: SEQUENCE; Schema: public; Owner: -
--

CREATE SEQUENCE public.lexher_training_courseoccasion_id_seq
    START WITH 1
    INCREMENT BY 1
    NO MINVALUE
    NO MAXVALUE
    CACHE 1;


--
-- Name: lexher_training_courseoccasion_id_seq; Type: SEQUENCE OWNED BY; Schema: public; Owner: -
--

ALTER SEQUENCE public.lexher_training_courseoccasion_id_seq OWNED BY public.lexher_training_courseoccasion.id;


--
-- Name: lexher_training_courseparticipant; Type: TABLE; Schema: public; Owner: -
--

CREATE TABLE public.lexher_training_courseparticipant (
    id integer NOT NULL,
    created timestamp with time zone NOT NULL,
    modified timestamp with time zone NOT NULL,
    first_name character varying(100) NOT NULL,
    last_name character varying(100) NOT NULL,
    email character varying(254) NOT NULL,
    phone character varying(128) NOT NULL,
    red_hat_id character varying(255)
);


--
-- Name: lexher_training_courseparticipant_id_seq; Type: SEQUENCE; Schema: public; Owner: -
--

CREATE SEQUENCE public.lexher_training_courseparticipant_id_seq
    START WITH 1
    INCREMENT BY 1
    NO MINVALUE
    NO MAXVALUE
    CACHE 1;


--
-- Name: lexher_training_courseparticipant_id_seq; Type: SEQUENCE OWNED BY; Schema: public; Owner: -
--

ALTER SEQUENCE public.lexher_training_courseparticipant_id_seq OWNED BY public.lexher_training_courseparticipant.id;


--
-- Name: lexher_training_edutrackcoursemember; Type: TABLE; Schema: public; Owner: -
--

CREATE TABLE public.lexher_training_edutrackcoursemember (
    id integer NOT NULL,
    course_page_id integer NOT NULL,
    edu_track_page_id integer NOT NULL,
    level_id integer,
    sort_order integer
);


--
-- Name: lexher_training_edutrackcoursemember_id_seq; Type: SEQUENCE; Schema: public; Owner: -
--

CREATE SEQUENCE public.lexher_training_edutrackcoursemember_id_seq
    START WITH 1
    INCREMENT BY 1
    NO MINVALUE
    NO MAXVALUE
    CACHE 1;


--
-- Name: lexher_training_edutrackcoursemember_id_seq; Type: SEQUENCE OWNED BY; Schema: public; Owner: -
--

ALTER SEQUENCE public.lexher_training_edutrackcoursemember_id_seq OWNED BY public.lexher_training_edutrackcoursemember.id;


--
-- Name: lexher_training_edutrackpage; Type: TABLE; Schema: public; Owner: -
--

CREATE TABLE public.lexher_training_edutrackpage (
    page_ptr_id integer NOT NULL,
    color_theme character varying(8) NOT NULL,
    alternative_header character varying(100) NOT NULL,
    body text,
    category_id integer NOT NULL,
    more_info text
);


--
-- Name: lexher_training_emailmessage; Type: TABLE; Schema: public; Owner: -
--

CREATE TABLE public.lexher_training_emailmessage (
    id integer NOT NULL,
    subject character varying(255) NOT NULL,
    body text NOT NULL,
    template character varying(100) NOT NULL
);


--
-- Name: lexher_training_emailmessage_id_seq; Type: SEQUENCE; Schema: public; Owner: -
--

CREATE SEQUENCE public.lexher_training_emailmessage_id_seq
    START WITH 1
    INCREMENT BY 1
    NO MINVALUE
    NO MAXVALUE
    CACHE 1;


--
-- Name: lexher_training_emailmessage_id_seq; Type: SEQUENCE OWNED BY; Schema: public; Owner: -
--

ALTER SEQUENCE public.lexher_training_emailmessage_id_seq OWNED BY public.lexher_training_emailmessage.id;


--
-- Name: lexher_training_invoice; Type: TABLE; Schema: public; Owner: -
--

CREATE TABLE public.lexher_training_invoice (
    id integer NOT NULL,
    created timestamp with time zone NOT NULL,
    modified timestamp with time zone NOT NULL,
    company_name character varying(100) NOT NULL,
    id_number character varying(12) NOT NULL,
    invoice_reference character varying(100) NOT NULL,
    invoice_email character varying(254) NOT NULL,
    order_id integer NOT NULL,
    split_payment boolean NOT NULL,
    invoice_no integer NOT NULL,
    invoice_address text NOT NULL
);


--
-- Name: lexher_training_invoice_id_seq; Type: SEQUENCE; Schema: public; Owner: -
--

CREATE SEQUENCE public.lexher_training_invoice_id_seq
    START WITH 1
    INCREMENT BY 1
    NO MINVALUE
    NO MAXVALUE
    CACHE 1;


--
-- Name: lexher_training_invoice_id_seq; Type: SEQUENCE OWNED BY; Schema: public; Owner: -
--

ALTER SEQUENCE public.lexher_training_invoice_id_seq OWNED BY public.lexher_training_invoice.id;


--
-- Name: lexher_training_order; Type: TABLE; Schema: public; Owner: -
--

CREATE TABLE public.lexher_training_order (
    id integer NOT NULL,
    created timestamp with time zone NOT NULL,
    modified timestamp with time zone NOT NULL,
    status character varying(100) NOT NULL,
    status_changed timestamp with time zone NOT NULL,
    notes text NOT NULL,
    order_no integer,
    confirmation_sent timestamp with time zone,
    CONSTRAINT lexher_training_order_order_no_check CHECK ((order_no >= 0))
);


--
-- Name: lexher_training_order_id_seq; Type: SEQUENCE; Schema: public; Owner: -
--

CREATE SEQUENCE public.lexher_training_order_id_seq
    START WITH 1
    INCREMENT BY 1
    NO MINVALUE
    NO MAXVALUE
    CACHE 1;


--
-- Name: lexher_training_order_id_seq; Type: SEQUENCE OWNED BY; Schema: public; Owner: -
--

ALTER SEQUENCE public.lexher_training_order_id_seq OWNED BY public.lexher_training_order.id;


--
-- Name: lexher_training_orderrow; Type: TABLE; Schema: public; Owner: -
--

CREATE TABLE public.lexher_training_orderrow (
    id integer NOT NULL,
    sku character varying(32) NOT NULL,
    text character varying(255) NOT NULL,
    price numeric(12,2) NOT NULL,
    quantity integer NOT NULL,
    course_occasion_id integer,
    order_id integer NOT NULL,
    list_price numeric(12,2),
    bundle_id integer,
    CONSTRAINT lexher_training_orderrow_quantity_check CHECK ((quantity >= 0))
);


--
-- Name: lexher_training_orderrow_id_seq; Type: SEQUENCE; Schema: public; Owner: -
--

CREATE SEQUENCE public.lexher_training_orderrow_id_seq
    START WITH 1
    INCREMENT BY 1
    NO MINVALUE
    NO MAXVALUE
    CACHE 1;


--
-- Name: lexher_training_orderrow_id_seq; Type: SEQUENCE OWNED BY; Schema: public; Owner: -
--

ALTER SEQUENCE public.lexher_training_orderrow_id_seq OWNED BY public.lexher_training_orderrow.id;


--
-- Name: lexher_training_orderrow_participants; Type: TABLE; Schema: public; Owner: -
--

CREATE TABLE public.lexher_training_orderrow_participants (
    id integer NOT NULL,
    orderrow_id integer NOT NULL,
    courseparticipant_id integer NOT NULL
);


--
-- Name: lexher_training_orderrow_participants_id_seq; Type: SEQUENCE; Schema: public; Owner: -
--

CREATE SEQUENCE public.lexher_training_orderrow_participants_id_seq
    START WITH 1
    INCREMENT BY 1
    NO MINVALUE
    NO MAXVALUE
    CACHE 1;


--
-- Name: lexher_training_orderrow_participants_id_seq; Type: SEQUENCE OWNED BY; Schema: public; Owner: -
--

ALTER SEQUENCE public.lexher_training_orderrow_participants_id_seq OWNED BY public.lexher_training_orderrow_participants.id;


--
-- Name: lexher_training_purchaseorder; Type: TABLE; Schema: public; Owner: -
--

CREATE TABLE public.lexher_training_purchaseorder (
    id integer NOT NULL,
    created timestamp with time zone NOT NULL,
    modified timestamp with time zone NOT NULL,
    reference character varying(255) NOT NULL,
    promo_code character varying(255) NOT NULL,
    cost_center integer NOT NULL,
    price_euro numeric(12,0),
    orderrow_id integer NOT NULL,
    participant_id integer NOT NULL
);


--
-- Name: lexher_training_purchaseorder_id_seq; Type: SEQUENCE; Schema: public; Owner: -
--

CREATE SEQUENCE public.lexher_training_purchaseorder_id_seq
    START WITH 1
    INCREMENT BY 1
    NO MINVALUE
    NO MAXVALUE
    CACHE 1;


--
-- Name: lexher_training_purchaseorder_id_seq; Type: SEQUENCE OWNED BY; Schema: public; Owner: -
--

ALTER SEQUENCE public.lexher_training_purchaseorder_id_seq OWNED BY public.lexher_training_purchaseorder.id;


--
-- Name: lexher_training_redhatimportstatus; Type: TABLE; Schema: public; Owner: -
--

CREATE TABLE public.lexher_training_redhatimportstatus (
    id integer NOT NULL,
    created timestamp with time zone NOT NULL,
    created_occasions character varying(50)[] NOT NULL,
    updated_occasions character varying(50)[] NOT NULL,
    cancelled_occasions character varying(50)[] NOT NULL,
    missing_course_codes character varying(50)[] NOT NULL,
    info text NOT NULL
);


--
-- Name: lexher_training_redhatimportstatus_id_seq; Type: SEQUENCE; Schema: public; Owner: -
--

CREATE SEQUENCE public.lexher_training_redhatimportstatus_id_seq
    START WITH 1
    INCREMENT BY 1
    NO MINVALUE
    NO MAXVALUE
    CACHE 1;


--
-- Name: lexher_training_redhatimportstatus_id_seq; Type: SEQUENCE OWNED BY; Schema: public; Owner: -
--

ALTER SEQUENCE public.lexher_training_redhatimportstatus_id_seq OWNED BY public.lexher_training_redhatimportstatus.id;


--
-- Name: lexher_training_watchlistitem; Type: TABLE; Schema: public; Owner: -
--

CREATE TABLE public.lexher_training_watchlistitem (
    id integer NOT NULL,
    created timestamp with time zone NOT NULL,
    modified timestamp with time zone NOT NULL,
    email character varying(254) NOT NULL
);


--
-- Name: lexher_training_watchlistitem_courses; Type: TABLE; Schema: public; Owner: -
--

CREATE TABLE public.lexher_training_watchlistitem_courses (
    id integer NOT NULL,
    watchlistitem_id integer NOT NULL,
    coursedetailpage_id integer NOT NULL
);


--
-- Name: lexher_training_watchlistitem_courses_id_seq; Type: SEQUENCE; Schema: public; Owner: -
--

CREATE SEQUENCE public.lexher_training_watchlistitem_courses_id_seq
    START WITH 1
    INCREMENT BY 1
    NO MINVALUE
    NO MAXVALUE
    CACHE 1;


--
-- Name: lexher_training_watchlistitem_courses_id_seq; Type: SEQUENCE OWNED BY; Schema: public; Owner: -
--

ALTER SEQUENCE public.lexher_training_watchlistitem_courses_id_seq OWNED BY public.lexher_training_watchlistitem_courses.id;


--
-- Name: lexher_training_watchlistitem_id_seq; Type: SEQUENCE; Schema: public; Owner: -
--

CREATE SEQUENCE public.lexher_training_watchlistitem_id_seq
    START WITH 1
    INCREMENT BY 1
    NO MINVALUE
    NO MAXVALUE
    CACHE 1;


--
-- Name: lexher_training_watchlistitem_id_seq; Type: SEQUENCE OWNED BY; Schema: public; Owner: -
--

ALTER SEQUENCE public.lexher_training_watchlistitem_id_seq OWNED BY public.lexher_training_watchlistitem.id;


--
-- Name: lexher_users_user_groups; Type: TABLE; Schema: public; Owner: -
--

CREATE TABLE public.lexher_users_user_groups (
    id integer NOT NULL,
    user_id integer NOT NULL,
    group_id integer NOT NULL
);


--
-- Name: lexher_users_user_groups_id_seq; Type: SEQUENCE; Schema: public; Owner: -
--

CREATE SEQUENCE public.lexher_users_user_groups_id_seq
    START WITH 1
    INCREMENT BY 1
    NO MINVALUE
    NO MAXVALUE
    CACHE 1;


--
-- Name: lexher_users_user_groups_id_seq; Type: SEQUENCE OWNED BY; Schema: public; Owner: -
--

ALTER SEQUENCE public.lexher_users_user_groups_id_seq OWNED BY public.lexher_users_user_groups.id;


--
-- Name: lexher_users_user_id_seq; Type: SEQUENCE; Schema: public; Owner: -
--

CREATE SEQUENCE public.lexher_users_user_id_seq
    START WITH 1
    INCREMENT BY 1
    NO MINVALUE
    NO MAXVALUE
    CACHE 1;


--
-- Name: lexher_users_user_id_seq; Type: SEQUENCE OWNED BY; Schema: public; Owner: -
--

ALTER SEQUENCE public.lexher_users_user_id_seq OWNED BY public.lexher_users_user.id;


--
-- Name: lexher_users_user_user_permissions; Type: TABLE; Schema: public; Owner: -
--

CREATE TABLE public.lexher_users_user_user_permissions (
    id integer NOT NULL,
    user_id integer NOT NULL,
    permission_id integer NOT NULL
);


--
-- Name: lexher_users_user_user_permissions_id_seq; Type: SEQUENCE; Schema: public; Owner: -
--

CREATE SEQUENCE public.lexher_users_user_user_permissions_id_seq
    START WITH 1
    INCREMENT BY 1
    NO MINVALUE
    NO MAXVALUE
    CACHE 1;


--
-- Name: lexher_users_user_user_permissions_id_seq; Type: SEQUENCE OWNED BY; Schema: public; Owner: -
--

ALTER SEQUENCE public.lexher_users_user_user_permissions_id_seq OWNED BY public.lexher_users_user_user_permissions.id;


--
-- Name: microsoft_auth_microsoftaccount; Type: TABLE; Schema: public; Owner: -
--

CREATE TABLE public.microsoft_auth_microsoftaccount (
    id integer NOT NULL,
    microsoft_id character varying(64) NOT NULL,
    user_id integer
);


--
-- Name: microsoft_auth_microsoftaccount_id_seq; Type: SEQUENCE; Schema: public; Owner: -
--

CREATE SEQUENCE public.microsoft_auth_microsoftaccount_id_seq
    START WITH 1
    INCREMENT BY 1
    NO MINVALUE
    NO MAXVALUE
    CACHE 1;


--
-- Name: microsoft_auth_microsoftaccount_id_seq; Type: SEQUENCE OWNED BY; Schema: public; Owner: -
--

ALTER SEQUENCE public.microsoft_auth_microsoftaccount_id_seq OWNED BY public.microsoft_auth_microsoftaccount.id;


--
-- Name: microsoft_auth_xboxliveaccount; Type: TABLE; Schema: public; Owner: -
--

CREATE TABLE public.microsoft_auth_xboxliveaccount (
    id integer NOT NULL,
    xbox_id character varying(32) NOT NULL,
    gamertag character varying(16) NOT NULL,
    user_id integer
);


--
-- Name: microsoft_auth_xboxliveaccount_id_seq; Type: SEQUENCE; Schema: public; Owner: -
--

CREATE SEQUENCE public.microsoft_auth_xboxliveaccount_id_seq
    START WITH 1
    INCREMENT BY 1
    NO MINVALUE
    NO MAXVALUE
    CACHE 1;


--
-- Name: microsoft_auth_xboxliveaccount_id_seq; Type: SEQUENCE OWNED BY; Schema: public; Owner: -
--

ALTER SEQUENCE public.microsoft_auth_xboxliveaccount_id_seq OWNED BY public.microsoft_auth_xboxliveaccount.id;


--
-- Name: postgres_search_indexentry; Type: TABLE; Schema: public; Owner: -
--

CREATE TABLE public.postgres_search_indexentry (
    id integer NOT NULL,
    object_id text NOT NULL,
    body tsvector NOT NULL,
    content_type_id integer NOT NULL,
    autocomplete tsvector NOT NULL,
    title tsvector NOT NULL,
    title_norm double precision NOT NULL
);


--
-- Name: postgres_search_indexentry_id_seq; Type: SEQUENCE; Schema: public; Owner: -
--

CREATE SEQUENCE public.postgres_search_indexentry_id_seq
    START WITH 1
    INCREMENT BY 1
    NO MINVALUE
    NO MAXVALUE
    CACHE 1;


--
-- Name: postgres_search_indexentry_id_seq; Type: SEQUENCE OWNED BY; Schema: public; Owner: -
--

ALTER SEQUENCE public.postgres_search_indexentry_id_seq OWNED BY public.postgres_search_indexentry.id;


--
-- Name: taggit_tag; Type: TABLE; Schema: public; Owner: -
--

CREATE TABLE public.taggit_tag (
    id integer NOT NULL,
    name character varying(100) NOT NULL,
    slug character varying(100) NOT NULL
);


--
-- Name: taggit_tag_id_seq; Type: SEQUENCE; Schema: public; Owner: -
--

CREATE SEQUENCE public.taggit_tag_id_seq
    START WITH 1
    INCREMENT BY 1
    NO MINVALUE
    NO MAXVALUE
    CACHE 1;


--
-- Name: taggit_tag_id_seq; Type: SEQUENCE OWNED BY; Schema: public; Owner: -
--

ALTER SEQUENCE public.taggit_tag_id_seq OWNED BY public.taggit_tag.id;


--
-- Name: taggit_taggeditem; Type: TABLE; Schema: public; Owner: -
--

CREATE TABLE public.taggit_taggeditem (
    id integer NOT NULL,
    object_id integer NOT NULL,
    content_type_id integer NOT NULL,
    tag_id integer NOT NULL
);


--
-- Name: taggit_taggeditem_id_seq; Type: SEQUENCE; Schema: public; Owner: -
--

CREATE SEQUENCE public.taggit_taggeditem_id_seq
    START WITH 1
    INCREMENT BY 1
    NO MINVALUE
    NO MAXVALUE
    CACHE 1;


--
-- Name: taggit_taggeditem_id_seq; Type: SEQUENCE OWNED BY; Schema: public; Owner: -
--

ALTER SEQUENCE public.taggit_taggeditem_id_seq OWNED BY public.taggit_taggeditem.id;


--
-- Name: wagtailadmin_admin; Type: TABLE; Schema: public; Owner: -
--

CREATE TABLE public.wagtailadmin_admin (
    id integer NOT NULL
);


--
-- Name: wagtailadmin_admin_id_seq; Type: SEQUENCE; Schema: public; Owner: -
--

CREATE SEQUENCE public.wagtailadmin_admin_id_seq
    START WITH 1
    INCREMENT BY 1
    NO MINVALUE
    NO MAXVALUE
    CACHE 1;


--
-- Name: wagtailadmin_admin_id_seq; Type: SEQUENCE OWNED BY; Schema: public; Owner: -
--

ALTER SEQUENCE public.wagtailadmin_admin_id_seq OWNED BY public.wagtailadmin_admin.id;


--
-- Name: wagtailcore_collection; Type: TABLE; Schema: public; Owner: -
--

CREATE TABLE public.wagtailcore_collection (
    id integer NOT NULL,
    path character varying(255) NOT NULL COLLATE pg_catalog."C",
    depth integer NOT NULL,
    numchild integer NOT NULL,
    name character varying(255) NOT NULL,
    CONSTRAINT wagtailcore_collection_depth_check CHECK ((depth >= 0)),
    CONSTRAINT wagtailcore_collection_numchild_check CHECK ((numchild >= 0))
);


--
-- Name: wagtailcore_collection_id_seq; Type: SEQUENCE; Schema: public; Owner: -
--

CREATE SEQUENCE public.wagtailcore_collection_id_seq
    START WITH 1
    INCREMENT BY 1
    NO MINVALUE
    NO MAXVALUE
    CACHE 1;


--
-- Name: wagtailcore_collection_id_seq; Type: SEQUENCE OWNED BY; Schema: public; Owner: -
--

ALTER SEQUENCE public.wagtailcore_collection_id_seq OWNED BY public.wagtailcore_collection.id;


--
-- Name: wagtailcore_collectionviewrestriction_groups; Type: TABLE; Schema: public; Owner: -
--

CREATE TABLE public.wagtailcore_collectionviewrestriction_groups (
    id integer NOT NULL,
    collectionviewrestriction_id integer NOT NULL,
    group_id integer NOT NULL
);


--
-- Name: wagtailcore_collectionviewrestriction_groups_id_seq; Type: SEQUENCE; Schema: public; Owner: -
--

CREATE SEQUENCE public.wagtailcore_collectionviewrestriction_groups_id_seq
    START WITH 1
    INCREMENT BY 1
    NO MINVALUE
    NO MAXVALUE
    CACHE 1;


--
-- Name: wagtailcore_collectionviewrestriction_groups_id_seq; Type: SEQUENCE OWNED BY; Schema: public; Owner: -
--

ALTER SEQUENCE public.wagtailcore_collectionviewrestriction_groups_id_seq OWNED BY public.wagtailcore_collectionviewrestriction_groups.id;


--
-- Name: wagtailcore_collectionviewrestriction_id_seq; Type: SEQUENCE; Schema: public; Owner: -
--

CREATE SEQUENCE public.wagtailcore_collectionviewrestriction_id_seq
    START WITH 1
    INCREMENT BY 1
    NO MINVALUE
    NO MAXVALUE
    CACHE 1;


--
-- Name: wagtailcore_collectionviewrestriction_id_seq; Type: SEQUENCE OWNED BY; Schema: public; Owner: -
--

ALTER SEQUENCE public.wagtailcore_collectionviewrestriction_id_seq OWNED BY public.wagtailcore_collectionviewrestriction.id;


--
-- Name: wagtailcore_comment; Type: TABLE; Schema: public; Owner: -
--

CREATE TABLE public.wagtailcore_comment (
    id integer NOT NULL,
    text text NOT NULL,
    contentpath text NOT NULL,
    "position" text NOT NULL,
    created_at timestamp with time zone NOT NULL,
    updated_at timestamp with time zone NOT NULL,
    resolved_at timestamp with time zone,
    page_id integer NOT NULL,
    resolved_by_id integer,
    revision_created_id integer,
    user_id integer NOT NULL
);


--
-- Name: wagtailcore_comment_id_seq; Type: SEQUENCE; Schema: public; Owner: -
--

CREATE SEQUENCE public.wagtailcore_comment_id_seq
    START WITH 1
    INCREMENT BY 1
    NO MINVALUE
    NO MAXVALUE
    CACHE 1;


--
-- Name: wagtailcore_comment_id_seq; Type: SEQUENCE OWNED BY; Schema: public; Owner: -
--

ALTER SEQUENCE public.wagtailcore_comment_id_seq OWNED BY public.wagtailcore_comment.id;


--
-- Name: wagtailcore_commentreply; Type: TABLE; Schema: public; Owner: -
--

CREATE TABLE public.wagtailcore_commentreply (
    id integer NOT NULL,
    text text NOT NULL,
    created_at timestamp with time zone NOT NULL,
    updated_at timestamp with time zone NOT NULL,
    comment_id integer NOT NULL,
    user_id integer NOT NULL
);


--
-- Name: wagtailcore_commentreply_id_seq; Type: SEQUENCE; Schema: public; Owner: -
--

CREATE SEQUENCE public.wagtailcore_commentreply_id_seq
    START WITH 1
    INCREMENT BY 1
    NO MINVALUE
    NO MAXVALUE
    CACHE 1;


--
-- Name: wagtailcore_commentreply_id_seq; Type: SEQUENCE OWNED BY; Schema: public; Owner: -
--

ALTER SEQUENCE public.wagtailcore_commentreply_id_seq OWNED BY public.wagtailcore_commentreply.id;


--
-- Name: wagtailcore_groupapprovaltask; Type: TABLE; Schema: public; Owner: -
--

CREATE TABLE public.wagtailcore_groupapprovaltask (
    task_ptr_id integer NOT NULL
);


--
-- Name: wagtailcore_groupapprovaltask_groups; Type: TABLE; Schema: public; Owner: -
--

CREATE TABLE public.wagtailcore_groupapprovaltask_groups (
    id integer NOT NULL,
    groupapprovaltask_id integer NOT NULL,
    group_id integer NOT NULL
);


--
-- Name: wagtailcore_groupapprovaltask_groups_id_seq; Type: SEQUENCE; Schema: public; Owner: -
--

CREATE SEQUENCE public.wagtailcore_groupapprovaltask_groups_id_seq
    START WITH 1
    INCREMENT BY 1
    NO MINVALUE
    NO MAXVALUE
    CACHE 1;


--
-- Name: wagtailcore_groupapprovaltask_groups_id_seq; Type: SEQUENCE OWNED BY; Schema: public; Owner: -
--

ALTER SEQUENCE public.wagtailcore_groupapprovaltask_groups_id_seq OWNED BY public.wagtailcore_groupapprovaltask_groups.id;


--
-- Name: wagtailcore_groupcollectionpermission; Type: TABLE; Schema: public; Owner: -
--

CREATE TABLE public.wagtailcore_groupcollectionpermission (
    id integer NOT NULL,
    collection_id integer NOT NULL,
    group_id integer NOT NULL,
    permission_id integer NOT NULL
);


--
-- Name: wagtailcore_groupcollectionpermission_id_seq; Type: SEQUENCE; Schema: public; Owner: -
--

CREATE SEQUENCE public.wagtailcore_groupcollectionpermission_id_seq
    START WITH 1
    INCREMENT BY 1
    NO MINVALUE
    NO MAXVALUE
    CACHE 1;


--
-- Name: wagtailcore_groupcollectionpermission_id_seq; Type: SEQUENCE OWNED BY; Schema: public; Owner: -
--

ALTER SEQUENCE public.wagtailcore_groupcollectionpermission_id_seq OWNED BY public.wagtailcore_groupcollectionpermission.id;


--
-- Name: wagtailcore_grouppagepermission; Type: TABLE; Schema: public; Owner: -
--

CREATE TABLE public.wagtailcore_grouppagepermission (
    id integer NOT NULL,
    permission_type character varying(20) NOT NULL,
    group_id integer NOT NULL,
    page_id integer NOT NULL
);


--
-- Name: wagtailcore_grouppagepermission_id_seq; Type: SEQUENCE; Schema: public; Owner: -
--

CREATE SEQUENCE public.wagtailcore_grouppagepermission_id_seq
    START WITH 1
    INCREMENT BY 1
    NO MINVALUE
    NO MAXVALUE
    CACHE 1;


--
-- Name: wagtailcore_grouppagepermission_id_seq; Type: SEQUENCE OWNED BY; Schema: public; Owner: -
--

ALTER SEQUENCE public.wagtailcore_grouppagepermission_id_seq OWNED BY public.wagtailcore_grouppagepermission.id;


--
-- Name: wagtailcore_locale; Type: TABLE; Schema: public; Owner: -
--

CREATE TABLE public.wagtailcore_locale (
    id integer NOT NULL,
    language_code character varying(100) NOT NULL
);


--
-- Name: wagtailcore_locale_id_seq; Type: SEQUENCE; Schema: public; Owner: -
--

CREATE SEQUENCE public.wagtailcore_locale_id_seq
    START WITH 1
    INCREMENT BY 1
    NO MINVALUE
    NO MAXVALUE
    CACHE 1;


--
-- Name: wagtailcore_locale_id_seq; Type: SEQUENCE OWNED BY; Schema: public; Owner: -
--

ALTER SEQUENCE public.wagtailcore_locale_id_seq OWNED BY public.wagtailcore_locale.id;


--
-- Name: wagtailcore_page; Type: TABLE; Schema: public; Owner: -
--

CREATE TABLE public.wagtailcore_page (
    id integer NOT NULL,
    path character varying(255) NOT NULL COLLATE pg_catalog."C",
    depth integer NOT NULL,
    numchild integer NOT NULL,
    title character varying(255) NOT NULL,
    slug character varying(255) NOT NULL,
    live boolean NOT NULL,
    has_unpublished_changes boolean NOT NULL,
    url_path text NOT NULL,
    seo_title character varying(255) NOT NULL,
    show_in_menus boolean NOT NULL,
    search_description text NOT NULL,
    go_live_at timestamp with time zone,
    expire_at timestamp with time zone,
    expired boolean NOT NULL,
    content_type_id integer NOT NULL,
    owner_id integer,
    locked boolean NOT NULL,
    latest_revision_created_at timestamp with time zone,
    first_published_at timestamp with time zone,
    live_revision_id integer,
    last_published_at timestamp with time zone,
    draft_title character varying(255) NOT NULL,
    locked_at timestamp with time zone,
    locked_by_id integer,
    translation_key uuid NOT NULL,
    locale_id integer NOT NULL,
    alias_of_id integer,
    CONSTRAINT wagtailcore_page_depth_check CHECK ((depth >= 0)),
    CONSTRAINT wagtailcore_page_numchild_check CHECK ((numchild >= 0))
);


--
-- Name: wagtailcore_page_id_seq; Type: SEQUENCE; Schema: public; Owner: -
--

CREATE SEQUENCE public.wagtailcore_page_id_seq
    START WITH 1
    INCREMENT BY 1
    NO MINVALUE
    NO MAXVALUE
    CACHE 1;


--
-- Name: wagtailcore_page_id_seq; Type: SEQUENCE OWNED BY; Schema: public; Owner: -
--

ALTER SEQUENCE public.wagtailcore_page_id_seq OWNED BY public.wagtailcore_page.id;


--
-- Name: wagtailcore_pagelogentry; Type: TABLE; Schema: public; Owner: -
--

CREATE TABLE public.wagtailcore_pagelogentry (
    id integer NOT NULL,
    label text NOT NULL,
    action character varying(255) NOT NULL,
    data_json text NOT NULL,
    "timestamp" timestamp with time zone NOT NULL,
    content_changed boolean NOT NULL,
    deleted boolean NOT NULL,
    content_type_id integer,
    page_id integer NOT NULL,
    revision_id integer,
    user_id integer
);


--
-- Name: wagtailcore_pagelogentry_id_seq; Type: SEQUENCE; Schema: public; Owner: -
--

CREATE SEQUENCE public.wagtailcore_pagelogentry_id_seq
    START WITH 1
    INCREMENT BY 1
    NO MINVALUE
    NO MAXVALUE
    CACHE 1;


--
-- Name: wagtailcore_pagelogentry_id_seq; Type: SEQUENCE OWNED BY; Schema: public; Owner: -
--

ALTER SEQUENCE public.wagtailcore_pagelogentry_id_seq OWNED BY public.wagtailcore_pagelogentry.id;


--
-- Name: wagtailcore_pagerevision; Type: TABLE; Schema: public; Owner: -
--

CREATE TABLE public.wagtailcore_pagerevision (
    id integer NOT NULL,
    submitted_for_moderation boolean NOT NULL,
    created_at timestamp with time zone NOT NULL,
    content_json text NOT NULL,
    approved_go_live_at timestamp with time zone,
    page_id integer NOT NULL,
    user_id integer
);


--
-- Name: wagtailcore_pagerevision_id_seq; Type: SEQUENCE; Schema: public; Owner: -
--

CREATE SEQUENCE public.wagtailcore_pagerevision_id_seq
    START WITH 1
    INCREMENT BY 1
    NO MINVALUE
    NO MAXVALUE
    CACHE 1;


--
-- Name: wagtailcore_pagerevision_id_seq; Type: SEQUENCE OWNED BY; Schema: public; Owner: -
--

ALTER SEQUENCE public.wagtailcore_pagerevision_id_seq OWNED BY public.wagtailcore_pagerevision.id;


--
-- Name: wagtailcore_pagesubscription; Type: TABLE; Schema: public; Owner: -
--

CREATE TABLE public.wagtailcore_pagesubscription (
    id integer NOT NULL,
    comment_notifications boolean NOT NULL,
    page_id integer NOT NULL,
    user_id integer NOT NULL
);


--
-- Name: wagtailcore_pagesubscription_id_seq; Type: SEQUENCE; Schema: public; Owner: -
--

CREATE SEQUENCE public.wagtailcore_pagesubscription_id_seq
    START WITH 1
    INCREMENT BY 1
    NO MINVALUE
    NO MAXVALUE
    CACHE 1;


--
-- Name: wagtailcore_pagesubscription_id_seq; Type: SEQUENCE OWNED BY; Schema: public; Owner: -
--

ALTER SEQUENCE public.wagtailcore_pagesubscription_id_seq OWNED BY public.wagtailcore_pagesubscription.id;


--
-- Name: wagtailcore_pageviewrestriction_groups; Type: TABLE; Schema: public; Owner: -
--

CREATE TABLE public.wagtailcore_pageviewrestriction_groups (
    id integer NOT NULL,
    pageviewrestriction_id integer NOT NULL,
    group_id integer NOT NULL
);


--
-- Name: wagtailcore_pageviewrestriction_groups_id_seq; Type: SEQUENCE; Schema: public; Owner: -
--

CREATE SEQUENCE public.wagtailcore_pageviewrestriction_groups_id_seq
    START WITH 1
    INCREMENT BY 1
    NO MINVALUE
    NO MAXVALUE
    CACHE 1;


--
-- Name: wagtailcore_pageviewrestriction_groups_id_seq; Type: SEQUENCE OWNED BY; Schema: public; Owner: -
--

ALTER SEQUENCE public.wagtailcore_pageviewrestriction_groups_id_seq OWNED BY public.wagtailcore_pageviewrestriction_groups.id;


--
-- Name: wagtailcore_pageviewrestriction_id_seq; Type: SEQUENCE; Schema: public; Owner: -
--

CREATE SEQUENCE public.wagtailcore_pageviewrestriction_id_seq
    START WITH 1
    INCREMENT BY 1
    NO MINVALUE
    NO MAXVALUE
    CACHE 1;


--
-- Name: wagtailcore_pageviewrestriction_id_seq; Type: SEQUENCE OWNED BY; Schema: public; Owner: -
--

ALTER SEQUENCE public.wagtailcore_pageviewrestriction_id_seq OWNED BY public.wagtailcore_pageviewrestriction.id;


--
-- Name: wagtailcore_site; Type: TABLE; Schema: public; Owner: -
--

CREATE TABLE public.wagtailcore_site (
    id integer NOT NULL,
    hostname character varying(255) NOT NULL,
    port integer NOT NULL,
    is_default_site boolean NOT NULL,
    root_page_id integer NOT NULL,
    site_name character varying(255) NOT NULL
);


--
-- Name: wagtailcore_site_id_seq; Type: SEQUENCE; Schema: public; Owner: -
--

CREATE SEQUENCE public.wagtailcore_site_id_seq
    START WITH 1
    INCREMENT BY 1
    NO MINVALUE
    NO MAXVALUE
    CACHE 1;


--
-- Name: wagtailcore_site_id_seq; Type: SEQUENCE OWNED BY; Schema: public; Owner: -
--

ALTER SEQUENCE public.wagtailcore_site_id_seq OWNED BY public.wagtailcore_site.id;


--
-- Name: wagtailcore_task; Type: TABLE; Schema: public; Owner: -
--

CREATE TABLE public.wagtailcore_task (
    id integer NOT NULL,
    name character varying(255) NOT NULL,
    active boolean NOT NULL,
    content_type_id integer NOT NULL
);


--
-- Name: wagtailcore_task_id_seq; Type: SEQUENCE; Schema: public; Owner: -
--

CREATE SEQUENCE public.wagtailcore_task_id_seq
    START WITH 1
    INCREMENT BY 1
    NO MINVALUE
    NO MAXVALUE
    CACHE 1;


--
-- Name: wagtailcore_task_id_seq; Type: SEQUENCE OWNED BY; Schema: public; Owner: -
--

ALTER SEQUENCE public.wagtailcore_task_id_seq OWNED BY public.wagtailcore_task.id;


--
-- Name: wagtailcore_taskstate; Type: TABLE; Schema: public; Owner: -
--

CREATE TABLE public.wagtailcore_taskstate (
    id integer NOT NULL,
    status character varying(50) NOT NULL,
    started_at timestamp with time zone NOT NULL,
    finished_at timestamp with time zone,
    content_type_id integer NOT NULL,
    page_revision_id integer NOT NULL,
    task_id integer NOT NULL,
    workflow_state_id integer NOT NULL,
    finished_by_id integer,
    comment text NOT NULL
);


--
-- Name: wagtailcore_taskstate_id_seq; Type: SEQUENCE; Schema: public; Owner: -
--

CREATE SEQUENCE public.wagtailcore_taskstate_id_seq
    START WITH 1
    INCREMENT BY 1
    NO MINVALUE
    NO MAXVALUE
    CACHE 1;


--
-- Name: wagtailcore_taskstate_id_seq; Type: SEQUENCE OWNED BY; Schema: public; Owner: -
--

ALTER SEQUENCE public.wagtailcore_taskstate_id_seq OWNED BY public.wagtailcore_taskstate.id;


--
-- Name: wagtailcore_workflow; Type: TABLE; Schema: public; Owner: -
--

CREATE TABLE public.wagtailcore_workflow (
    id integer NOT NULL,
    name character varying(255) NOT NULL,
    active boolean NOT NULL
);


--
-- Name: wagtailcore_workflow_id_seq; Type: SEQUENCE; Schema: public; Owner: -
--

CREATE SEQUENCE public.wagtailcore_workflow_id_seq
    START WITH 1
    INCREMENT BY 1
    NO MINVALUE
    NO MAXVALUE
    CACHE 1;


--
-- Name: wagtailcore_workflow_id_seq; Type: SEQUENCE OWNED BY; Schema: public; Owner: -
--

ALTER SEQUENCE public.wagtailcore_workflow_id_seq OWNED BY public.wagtailcore_workflow.id;


--
-- Name: wagtailcore_workflowpage; Type: TABLE; Schema: public; Owner: -
--

CREATE TABLE public.wagtailcore_workflowpage (
    page_id integer NOT NULL,
    workflow_id integer NOT NULL
);


--
-- Name: wagtailcore_workflowstate; Type: TABLE; Schema: public; Owner: -
--

CREATE TABLE public.wagtailcore_workflowstate (
    id integer NOT NULL,
    status character varying(50) NOT NULL,
    created_at timestamp with time zone NOT NULL,
    current_task_state_id integer,
    page_id integer NOT NULL,
    requested_by_id integer,
    workflow_id integer NOT NULL
);


--
-- Name: wagtailcore_workflowstate_id_seq; Type: SEQUENCE; Schema: public; Owner: -
--

CREATE SEQUENCE public.wagtailcore_workflowstate_id_seq
    START WITH 1
    INCREMENT BY 1
    NO MINVALUE
    NO MAXVALUE
    CACHE 1;


--
-- Name: wagtailcore_workflowstate_id_seq; Type: SEQUENCE OWNED BY; Schema: public; Owner: -
--

ALTER SEQUENCE public.wagtailcore_workflowstate_id_seq OWNED BY public.wagtailcore_workflowstate.id;


--
-- Name: wagtailcore_workflowtask; Type: TABLE; Schema: public; Owner: -
--

CREATE TABLE public.wagtailcore_workflowtask (
    id integer NOT NULL,
    sort_order integer,
    task_id integer NOT NULL,
    workflow_id integer NOT NULL
);


--
-- Name: wagtailcore_workflowtask_id_seq; Type: SEQUENCE; Schema: public; Owner: -
--

CREATE SEQUENCE public.wagtailcore_workflowtask_id_seq
    START WITH 1
    INCREMENT BY 1
    NO MINVALUE
    NO MAXVALUE
    CACHE 1;


--
-- Name: wagtailcore_workflowtask_id_seq; Type: SEQUENCE OWNED BY; Schema: public; Owner: -
--

ALTER SEQUENCE public.wagtailcore_workflowtask_id_seq OWNED BY public.wagtailcore_workflowtask.id;


--
-- Name: wagtaildocs_document; Type: TABLE; Schema: public; Owner: -
--

CREATE TABLE public.wagtaildocs_document (
    id integer NOT NULL,
    title character varying(255) NOT NULL,
    file character varying(100) NOT NULL,
    created_at timestamp with time zone NOT NULL,
    uploaded_by_user_id integer,
    collection_id integer NOT NULL,
    file_size integer,
    file_hash character varying(40) NOT NULL,
    CONSTRAINT wagtaildocs_document_file_size_check CHECK ((file_size >= 0))
);


--
-- Name: wagtaildocs_document_id_seq; Type: SEQUENCE; Schema: public; Owner: -
--

CREATE SEQUENCE public.wagtaildocs_document_id_seq
    START WITH 1
    INCREMENT BY 1
    NO MINVALUE
    NO MAXVALUE
    CACHE 1;


--
-- Name: wagtaildocs_document_id_seq; Type: SEQUENCE OWNED BY; Schema: public; Owner: -
--

ALTER SEQUENCE public.wagtaildocs_document_id_seq OWNED BY public.wagtaildocs_document.id;


--
-- Name: wagtaildocs_uploadeddocument; Type: TABLE; Schema: public; Owner: -
--

CREATE TABLE public.wagtaildocs_uploadeddocument (
    id integer NOT NULL,
    file character varying(200) NOT NULL,
    uploaded_by_user_id integer
);


--
-- Name: wagtaildocs_uploadeddocument_id_seq; Type: SEQUENCE; Schema: public; Owner: -
--

CREATE SEQUENCE public.wagtaildocs_uploadeddocument_id_seq
    START WITH 1
    INCREMENT BY 1
    NO MINVALUE
    NO MAXVALUE
    CACHE 1;


--
-- Name: wagtaildocs_uploadeddocument_id_seq; Type: SEQUENCE OWNED BY; Schema: public; Owner: -
--

ALTER SEQUENCE public.wagtaildocs_uploadeddocument_id_seq OWNED BY public.wagtaildocs_uploadeddocument.id;


--
-- Name: wagtailembeds_embed_id_seq; Type: SEQUENCE; Schema: public; Owner: -
--

CREATE SEQUENCE public.wagtailembeds_embed_id_seq
    START WITH 1
    INCREMENT BY 1
    NO MINVALUE
    NO MAXVALUE
    CACHE 1;


--
-- Name: wagtailembeds_embed_id_seq; Type: SEQUENCE OWNED BY; Schema: public; Owner: -
--

ALTER SEQUENCE public.wagtailembeds_embed_id_seq OWNED BY public.wagtailembeds_embed.id;


--
-- Name: wagtailforms_formsubmission; Type: TABLE; Schema: public; Owner: -
--

CREATE TABLE public.wagtailforms_formsubmission (
    id integer NOT NULL,
    form_data text NOT NULL,
    submit_time timestamp with time zone NOT NULL,
    page_id integer NOT NULL
);


--
-- Name: wagtailforms_formsubmission_id_seq; Type: SEQUENCE; Schema: public; Owner: -
--

CREATE SEQUENCE public.wagtailforms_formsubmission_id_seq
    START WITH 1
    INCREMENT BY 1
    NO MINVALUE
    NO MAXVALUE
    CACHE 1;


--
-- Name: wagtailforms_formsubmission_id_seq; Type: SEQUENCE OWNED BY; Schema: public; Owner: -
--

ALTER SEQUENCE public.wagtailforms_formsubmission_id_seq OWNED BY public.wagtailforms_formsubmission.id;


--
-- Name: wagtailimages_image; Type: TABLE; Schema: public; Owner: -
--

CREATE TABLE public.wagtailimages_image (
    id integer NOT NULL,
    title character varying(255) NOT NULL,
    file character varying(100) NOT NULL,
    width integer NOT NULL,
    height integer NOT NULL,
    created_at timestamp with time zone NOT NULL,
    focal_point_x integer,
    focal_point_y integer,
    focal_point_width integer,
    focal_point_height integer,
    uploaded_by_user_id integer,
    file_size integer,
    collection_id integer NOT NULL,
    file_hash character varying(40) NOT NULL,
    CONSTRAINT wagtailimages_image_file_size_check CHECK ((file_size >= 0)),
    CONSTRAINT wagtailimages_image_focal_point_height_check CHECK ((focal_point_height >= 0)),
    CONSTRAINT wagtailimages_image_focal_point_width_check CHECK ((focal_point_width >= 0)),
    CONSTRAINT wagtailimages_image_focal_point_x_check CHECK ((focal_point_x >= 0)),
    CONSTRAINT wagtailimages_image_focal_point_y_check CHECK ((focal_point_y >= 0))
);


--
-- Name: wagtailimages_image_id_seq; Type: SEQUENCE; Schema: public; Owner: -
--

CREATE SEQUENCE public.wagtailimages_image_id_seq
    START WITH 1
    INCREMENT BY 1
    NO MINVALUE
    NO MAXVALUE
    CACHE 1;


--
-- Name: wagtailimages_image_id_seq; Type: SEQUENCE OWNED BY; Schema: public; Owner: -
--

ALTER SEQUENCE public.wagtailimages_image_id_seq OWNED BY public.wagtailimages_image.id;


--
-- Name: wagtailimages_rendition; Type: TABLE; Schema: public; Owner: -
--

CREATE TABLE public.wagtailimages_rendition (
    id integer NOT NULL,
    file character varying(100) NOT NULL,
    width integer NOT NULL,
    height integer NOT NULL,
    focal_point_key character varying(16) NOT NULL,
    filter_spec character varying(255) NOT NULL,
    image_id integer NOT NULL
);


--
-- Name: wagtailimages_rendition_id_seq; Type: SEQUENCE; Schema: public; Owner: -
--

CREATE SEQUENCE public.wagtailimages_rendition_id_seq
    START WITH 1
    INCREMENT BY 1
    NO MINVALUE
    NO MAXVALUE
    CACHE 1;


--
-- Name: wagtailimages_rendition_id_seq; Type: SEQUENCE OWNED BY; Schema: public; Owner: -
--

ALTER SEQUENCE public.wagtailimages_rendition_id_seq OWNED BY public.wagtailimages_rendition.id;


--
-- Name: wagtailimages_uploadedimage; Type: TABLE; Schema: public; Owner: -
--

CREATE TABLE public.wagtailimages_uploadedimage (
    id integer NOT NULL,
    file character varying(200) NOT NULL,
    uploaded_by_user_id integer
);


--
-- Name: wagtailimages_uploadedimage_id_seq; Type: SEQUENCE; Schema: public; Owner: -
--

CREATE SEQUENCE public.wagtailimages_uploadedimage_id_seq
    START WITH 1
    INCREMENT BY 1
    NO MINVALUE
    NO MAXVALUE
    CACHE 1;


--
-- Name: wagtailimages_uploadedimage_id_seq; Type: SEQUENCE OWNED BY; Schema: public; Owner: -
--

ALTER SEQUENCE public.wagtailimages_uploadedimage_id_seq OWNED BY public.wagtailimages_uploadedimage.id;


--
-- Name: wagtailmenus_flatmenu; Type: TABLE; Schema: public; Owner: -
--

CREATE TABLE public.wagtailmenus_flatmenu (
    id integer NOT NULL,
    title character varying(255) NOT NULL,
    handle character varying(100) NOT NULL,
    heading character varying(255) NOT NULL,
    site_id integer NOT NULL,
    max_levels smallint NOT NULL,
    CONSTRAINT wagtailmenus_flatmenu_max_levels_check CHECK ((max_levels >= 0))
);


--
-- Name: wagtailmenus_flatmenu_id_seq; Type: SEQUENCE; Schema: public; Owner: -
--

CREATE SEQUENCE public.wagtailmenus_flatmenu_id_seq
    START WITH 1
    INCREMENT BY 1
    NO MINVALUE
    NO MAXVALUE
    CACHE 1;


--
-- Name: wagtailmenus_flatmenu_id_seq; Type: SEQUENCE OWNED BY; Schema: public; Owner: -
--

ALTER SEQUENCE public.wagtailmenus_flatmenu_id_seq OWNED BY public.wagtailmenus_flatmenu.id;


--
-- Name: wagtailmenus_flatmenuitem; Type: TABLE; Schema: public; Owner: -
--

CREATE TABLE public.wagtailmenus_flatmenuitem (
    id integer NOT NULL,
    sort_order integer,
    link_text character varying(255) NOT NULL,
    link_url character varying(255),
    link_page_id integer,
    menu_id integer NOT NULL,
    url_append character varying(255) NOT NULL,
    allow_subnav boolean NOT NULL,
    handle character varying(100) NOT NULL
);


--
-- Name: wagtailmenus_flatmenuitem_id_seq; Type: SEQUENCE; Schema: public; Owner: -
--

CREATE SEQUENCE public.wagtailmenus_flatmenuitem_id_seq
    START WITH 1
    INCREMENT BY 1
    NO MINVALUE
    NO MAXVALUE
    CACHE 1;


--
-- Name: wagtailmenus_flatmenuitem_id_seq; Type: SEQUENCE OWNED BY; Schema: public; Owner: -
--

ALTER SEQUENCE public.wagtailmenus_flatmenuitem_id_seq OWNED BY public.wagtailmenus_flatmenuitem.id;


--
-- Name: wagtailmenus_mainmenu; Type: TABLE; Schema: public; Owner: -
--

CREATE TABLE public.wagtailmenus_mainmenu (
    id integer NOT NULL,
    site_id integer NOT NULL,
    max_levels smallint NOT NULL,
    CONSTRAINT wagtailmenus_mainmenu_max_levels_check CHECK ((max_levels >= 0))
);


--
-- Name: wagtailmenus_mainmenu_id_seq; Type: SEQUENCE; Schema: public; Owner: -
--

CREATE SEQUENCE public.wagtailmenus_mainmenu_id_seq
    START WITH 1
    INCREMENT BY 1
    NO MINVALUE
    NO MAXVALUE
    CACHE 1;


--
-- Name: wagtailmenus_mainmenu_id_seq; Type: SEQUENCE OWNED BY; Schema: public; Owner: -
--

ALTER SEQUENCE public.wagtailmenus_mainmenu_id_seq OWNED BY public.wagtailmenus_mainmenu.id;


--
-- Name: wagtailmenus_mainmenuitem; Type: TABLE; Schema: public; Owner: -
--

CREATE TABLE public.wagtailmenus_mainmenuitem (
    id integer NOT NULL,
    sort_order integer,
    link_text character varying(255) NOT NULL,
    link_url character varying(255),
    link_page_id integer,
    menu_id integer NOT NULL,
    allow_subnav boolean NOT NULL,
    url_append character varying(255) NOT NULL,
    handle character varying(100) NOT NULL
);


--
-- Name: wagtailmenus_mainmenuitem_id_seq; Type: SEQUENCE; Schema: public; Owner: -
--

CREATE SEQUENCE public.wagtailmenus_mainmenuitem_id_seq
    START WITH 1
    INCREMENT BY 1
    NO MINVALUE
    NO MAXVALUE
    CACHE 1;


--
-- Name: wagtailmenus_mainmenuitem_id_seq; Type: SEQUENCE OWNED BY; Schema: public; Owner: -
--

ALTER SEQUENCE public.wagtailmenus_mainmenuitem_id_seq OWNED BY public.wagtailmenus_mainmenuitem.id;


--
-- Name: wagtailredirects_redirect; Type: TABLE; Schema: public; Owner: -
--

CREATE TABLE public.wagtailredirects_redirect (
    id integer NOT NULL,
    old_path character varying(255) NOT NULL,
    is_permanent boolean NOT NULL,
    redirect_link character varying(255) NOT NULL,
    redirect_page_id integer,
    site_id integer
);


--
-- Name: wagtailredirects_redirect_id_seq; Type: SEQUENCE; Schema: public; Owner: -
--

CREATE SEQUENCE public.wagtailredirects_redirect_id_seq
    START WITH 1
    INCREMENT BY 1
    NO MINVALUE
    NO MAXVALUE
    CACHE 1;


--
-- Name: wagtailredirects_redirect_id_seq; Type: SEQUENCE OWNED BY; Schema: public; Owner: -
--

ALTER SEQUENCE public.wagtailredirects_redirect_id_seq OWNED BY public.wagtailredirects_redirect.id;


--
-- Name: wagtailsearch_editorspick; Type: TABLE; Schema: public; Owner: -
--

CREATE TABLE public.wagtailsearch_editorspick (
    id integer NOT NULL,
    sort_order integer,
    description text NOT NULL,
    page_id integer NOT NULL,
    query_id integer NOT NULL
);


--
-- Name: wagtailsearch_editorspick_id_seq; Type: SEQUENCE; Schema: public; Owner: -
--

CREATE SEQUENCE public.wagtailsearch_editorspick_id_seq
    START WITH 1
    INCREMENT BY 1
    NO MINVALUE
    NO MAXVALUE
    CACHE 1;


--
-- Name: wagtailsearch_editorspick_id_seq; Type: SEQUENCE OWNED BY; Schema: public; Owner: -
--

ALTER SEQUENCE public.wagtailsearch_editorspick_id_seq OWNED BY public.wagtailsearch_editorspick.id;


--
-- Name: wagtailsearch_query; Type: TABLE; Schema: public; Owner: -
--

CREATE TABLE public.wagtailsearch_query (
    id integer NOT NULL,
    query_string character varying(255) NOT NULL
);


--
-- Name: wagtailsearch_query_id_seq; Type: SEQUENCE; Schema: public; Owner: -
--

CREATE SEQUENCE public.wagtailsearch_query_id_seq
    START WITH 1
    INCREMENT BY 1
    NO MINVALUE
    NO MAXVALUE
    CACHE 1;


--
-- Name: wagtailsearch_query_id_seq; Type: SEQUENCE OWNED BY; Schema: public; Owner: -
--

ALTER SEQUENCE public.wagtailsearch_query_id_seq OWNED BY public.wagtailsearch_query.id;


--
-- Name: wagtailsearch_querydailyhits; Type: TABLE; Schema: public; Owner: -
--

CREATE TABLE public.wagtailsearch_querydailyhits (
    id integer NOT NULL,
    date date NOT NULL,
    hits integer NOT NULL,
    query_id integer NOT NULL
);


--
-- Name: wagtailsearch_querydailyhits_id_seq; Type: SEQUENCE; Schema: public; Owner: -
--

CREATE SEQUENCE public.wagtailsearch_querydailyhits_id_seq
    START WITH 1
    INCREMENT BY 1
    NO MINVALUE
    NO MAXVALUE
    CACHE 1;


--
-- Name: wagtailsearch_querydailyhits_id_seq; Type: SEQUENCE OWNED BY; Schema: public; Owner: -
--

ALTER SEQUENCE public.wagtailsearch_querydailyhits_id_seq OWNED BY public.wagtailsearch_querydailyhits.id;


--
-- Name: wagtailusers_userprofile; Type: TABLE; Schema: public; Owner: -
--

CREATE TABLE public.wagtailusers_userprofile (
    id integer NOT NULL,
    submitted_notifications boolean NOT NULL,
    approved_notifications boolean NOT NULL,
    rejected_notifications boolean NOT NULL,
    user_id integer NOT NULL,
    preferred_language character varying(10) NOT NULL,
    current_time_zone character varying(40) NOT NULL,
    avatar character varying(100) NOT NULL,
    updated_comments_notifications boolean NOT NULL
);


--
-- Name: wagtailusers_userprofile_id_seq; Type: SEQUENCE; Schema: public; Owner: -
--

CREATE SEQUENCE public.wagtailusers_userprofile_id_seq
    START WITH 1
    INCREMENT BY 1
    NO MINVALUE
    NO MAXVALUE
    CACHE 1;


--
-- Name: wagtailusers_userprofile_id_seq; Type: SEQUENCE OWNED BY; Schema: public; Owner: -
--

ALTER SEQUENCE public.wagtailusers_userprofile_id_seq OWNED BY public.wagtailusers_userprofile.id;


--
-- Name: auth_group id; Type: DEFAULT; Schema: public; Owner: -
--

ALTER TABLE ONLY public.auth_group ALTER COLUMN id SET DEFAULT nextval('public.auth_group_id_seq'::regclass);


--
-- Name: auth_group_permissions id; Type: DEFAULT; Schema: public; Owner: -
--

ALTER TABLE ONLY public.auth_group_permissions ALTER COLUMN id SET DEFAULT nextval('public.auth_group_permissions_id_seq'::regclass);


--
-- Name: auth_permission id; Type: DEFAULT; Schema: public; Owner: -
--

ALTER TABLE ONLY public.auth_permission ALTER COLUMN id SET DEFAULT nextval('public.auth_permission_id_seq'::regclass);


--
-- Name: blog_blogcategory id; Type: DEFAULT; Schema: public; Owner: -
--

ALTER TABLE ONLY public.blog_blogcategory ALTER COLUMN id SET DEFAULT nextval('public.blog_blogcategory_id_seq'::regclass);


--
-- Name: blog_blogcategoryblogpage id; Type: DEFAULT; Schema: public; Owner: -
--

ALTER TABLE ONLY public.blog_blogcategoryblogpage ALTER COLUMN id SET DEFAULT nextval('public.blog_blogcategoryblogpage_id_seq'::regclass);


--
-- Name: blog_blogpagetag id; Type: DEFAULT; Schema: public; Owner: -
--

ALTER TABLE ONLY public.blog_blogpagetag ALTER COLUMN id SET DEFAULT nextval('public.blog_blogpagetag_id_seq'::regclass);


--
-- Name: django_admin_log id; Type: DEFAULT; Schema: public; Owner: -
--

ALTER TABLE ONLY public.django_admin_log ALTER COLUMN id SET DEFAULT nextval('public.django_admin_log_id_seq'::regclass);


--
-- Name: django_celery_beat_clockedschedule id; Type: DEFAULT; Schema: public; Owner: -
--

ALTER TABLE ONLY public.django_celery_beat_clockedschedule ALTER COLUMN id SET DEFAULT nextval('public.django_celery_beat_clockedschedule_id_seq'::regclass);


--
-- Name: django_celery_beat_crontabschedule id; Type: DEFAULT; Schema: public; Owner: -
--

ALTER TABLE ONLY public.django_celery_beat_crontabschedule ALTER COLUMN id SET DEFAULT nextval('public.django_celery_beat_crontabschedule_id_seq'::regclass);


--
-- Name: django_celery_beat_intervalschedule id; Type: DEFAULT; Schema: public; Owner: -
--

ALTER TABLE ONLY public.django_celery_beat_intervalschedule ALTER COLUMN id SET DEFAULT nextval('public.django_celery_beat_intervalschedule_id_seq'::regclass);


--
-- Name: django_celery_beat_periodictask id; Type: DEFAULT; Schema: public; Owner: -
--

ALTER TABLE ONLY public.django_celery_beat_periodictask ALTER COLUMN id SET DEFAULT nextval('public.django_celery_beat_periodictask_id_seq'::regclass);


--
-- Name: django_celery_beat_solarschedule id; Type: DEFAULT; Schema: public; Owner: -
--

ALTER TABLE ONLY public.django_celery_beat_solarschedule ALTER COLUMN id SET DEFAULT nextval('public.django_celery_beat_solarschedule_id_seq'::regclass);


--
-- Name: django_content_type id; Type: DEFAULT; Schema: public; Owner: -
--

ALTER TABLE ONLY public.django_content_type ALTER COLUMN id SET DEFAULT nextval('public.django_content_type_id_seq'::regclass);


--
-- Name: django_migrations id; Type: DEFAULT; Schema: public; Owner: -
--

ALTER TABLE ONLY public.django_migrations ALTER COLUMN id SET DEFAULT nextval('public.django_migrations_id_seq'::regclass);


--
-- Name: django_site id; Type: DEFAULT; Schema: public; Owner: -
--

ALTER TABLE ONLY public.django_site ALTER COLUMN id SET DEFAULT nextval('public.django_site_id_seq'::regclass);


--
-- Name: joyous_closedfor id; Type: DEFAULT; Schema: public; Owner: -
--

ALTER TABLE ONLY public.joyous_closedfor ALTER COLUMN id SET DEFAULT nextval('public.joyous_closedfor_id_seq'::regclass);


--
-- Name: joyous_eventcategory id; Type: DEFAULT; Schema: public; Owner: -
--

ALTER TABLE ONLY public.joyous_eventcategory ALTER COLUMN id SET DEFAULT nextval('public.joyous_eventcategory_id_seq'::regclass);


--
-- Name: lexher_employees_employee id; Type: DEFAULT; Schema: public; Owner: -
--

ALTER TABLE ONLY public.lexher_employees_employee ALTER COLUMN id SET DEFAULT nextval('public.lexher_employees_employee_id_seq'::regclass);


--
-- Name: lexher_employees_teammember id; Type: DEFAULT; Schema: public; Owner: -
--

ALTER TABLE ONLY public.lexher_employees_teammember ALTER COLUMN id SET DEFAULT nextval('public.lexher_employees_teammember_id_seq'::regclass);


--
-- Name: lexher_home_contentcategory id; Type: DEFAULT; Schema: public; Owner: -
--

ALTER TABLE ONLY public.lexher_home_contentcategory ALTER COLUMN id SET DEFAULT nextval('public.lexher_home_contentcategory_id_seq'::regclass);


--
-- Name: lexher_home_contentsettings id; Type: DEFAULT; Schema: public; Owner: -
--

ALTER TABLE ONLY public.lexher_home_contentsettings ALTER COLUMN id SET DEFAULT nextval('public.lexher_home_contentsettings_id_seq'::regclass);


--
-- Name: lexher_home_formfield id; Type: DEFAULT; Schema: public; Owner: -
--

ALTER TABLE ONLY public.lexher_home_formfield ALTER COLUMN id SET DEFAULT nextval('public.lexher_home_formfield_id_seq'::regclass);


--
-- Name: lexher_home_homepagebutton id; Type: DEFAULT; Schema: public; Owner: -
--

ALTER TABLE ONLY public.lexher_home_homepagebutton ALTER COLUMN id SET DEFAULT nextval('public.lexher_home_homepagebutton_id_seq'::regclass);


--
-- Name: lexher_intranet_lexherdocument id; Type: DEFAULT; Schema: public; Owner: -
--

ALTER TABLE ONLY public.lexher_intranet_lexherdocument ALTER COLUMN id SET DEFAULT nextval('public.lexher_intranet_lexherdocument_id_seq'::regclass);


--
-- Name: lexher_training_bundlecourse id; Type: DEFAULT; Schema: public; Owner: -
--

ALTER TABLE ONLY public.lexher_training_bundlecourse ALTER COLUMN id SET DEFAULT nextval('public.lexher_training_bundlecourse_id_seq'::regclass);


--
-- Name: lexher_training_campaigncourse id; Type: DEFAULT; Schema: public; Owner: -
--

ALTER TABLE ONLY public.lexher_training_campaigncourse ALTER COLUMN id SET DEFAULT nextval('public.lexher_training_campaigncourse_id_seq'::regclass);


--
-- Name: lexher_training_competencelevel id; Type: DEFAULT; Schema: public; Owner: -
--

ALTER TABLE ONLY public.lexher_training_competencelevel ALTER COLUMN id SET DEFAULT nextval('public.lexher_training_competencelevel_id_seq'::regclass);


--
-- Name: lexher_training_coursecategory id; Type: DEFAULT; Schema: public; Owner: -
--

ALTER TABLE ONLY public.lexher_training_coursecategory ALTER COLUMN id SET DEFAULT nextval('public.lexher_training_coursecategory_id_seq'::regclass);


--
-- Name: lexher_training_courseoccasion id; Type: DEFAULT; Schema: public; Owner: -
--

ALTER TABLE ONLY public.lexher_training_courseoccasion ALTER COLUMN id SET DEFAULT nextval('public.lexher_training_courseoccasion_id_seq'::regclass);


--
-- Name: lexher_training_courseparticipant id; Type: DEFAULT; Schema: public; Owner: -
--

ALTER TABLE ONLY public.lexher_training_courseparticipant ALTER COLUMN id SET DEFAULT nextval('public.lexher_training_courseparticipant_id_seq'::regclass);


--
-- Name: lexher_training_edutrackcoursemember id; Type: DEFAULT; Schema: public; Owner: -
--

ALTER TABLE ONLY public.lexher_training_edutrackcoursemember ALTER COLUMN id SET DEFAULT nextval('public.lexher_training_edutrackcoursemember_id_seq'::regclass);


--
-- Name: lexher_training_emailmessage id; Type: DEFAULT; Schema: public; Owner: -
--

ALTER TABLE ONLY public.lexher_training_emailmessage ALTER COLUMN id SET DEFAULT nextval('public.lexher_training_emailmessage_id_seq'::regclass);


--
-- Name: lexher_training_invoice id; Type: DEFAULT; Schema: public; Owner: -
--

ALTER TABLE ONLY public.lexher_training_invoice ALTER COLUMN id SET DEFAULT nextval('public.lexher_training_invoice_id_seq'::regclass);


--
-- Name: lexher_training_order id; Type: DEFAULT; Schema: public; Owner: -
--

ALTER TABLE ONLY public.lexher_training_order ALTER COLUMN id SET DEFAULT nextval('public.lexher_training_order_id_seq'::regclass);


--
-- Name: lexher_training_orderrow id; Type: DEFAULT; Schema: public; Owner: -
--

ALTER TABLE ONLY public.lexher_training_orderrow ALTER COLUMN id SET DEFAULT nextval('public.lexher_training_orderrow_id_seq'::regclass);


--
-- Name: lexher_training_orderrow_participants id; Type: DEFAULT; Schema: public; Owner: -
--

ALTER TABLE ONLY public.lexher_training_orderrow_participants ALTER COLUMN id SET DEFAULT nextval('public.lexher_training_orderrow_participants_id_seq'::regclass);


--
-- Name: lexher_training_purchaseorder id; Type: DEFAULT; Schema: public; Owner: -
--

ALTER TABLE ONLY public.lexher_training_purchaseorder ALTER COLUMN id SET DEFAULT nextval('public.lexher_training_purchaseorder_id_seq'::regclass);


--
-- Name: lexher_training_redhatimportstatus id; Type: DEFAULT; Schema: public; Owner: -
--

ALTER TABLE ONLY public.lexher_training_redhatimportstatus ALTER COLUMN id SET DEFAULT nextval('public.lexher_training_redhatimportstatus_id_seq'::regclass);


--
-- Name: lexher_training_watchlistitem id; Type: DEFAULT; Schema: public; Owner: -
--

ALTER TABLE ONLY public.lexher_training_watchlistitem ALTER COLUMN id SET DEFAULT nextval('public.lexher_training_watchlistitem_id_seq'::regclass);


--
-- Name: lexher_training_watchlistitem_courses id; Type: DEFAULT; Schema: public; Owner: -
--

ALTER TABLE ONLY public.lexher_training_watchlistitem_courses ALTER COLUMN id SET DEFAULT nextval('public.lexher_training_watchlistitem_courses_id_seq'::regclass);


--
-- Name: lexher_users_user_groups id; Type: DEFAULT; Schema: public; Owner: -
--

ALTER TABLE ONLY public.lexher_users_user_groups ALTER COLUMN id SET DEFAULT nextval('public.lexher_users_user_groups_id_seq'::regclass);


--
-- Name: lexher_users_user_user_permissions id; Type: DEFAULT; Schema: public; Owner: -
--

ALTER TABLE ONLY public.lexher_users_user_user_permissions ALTER COLUMN id SET DEFAULT nextval('public.lexher_users_user_user_permissions_id_seq'::regclass);


--
-- Name: microsoft_auth_microsoftaccount id; Type: DEFAULT; Schema: public; Owner: -
--

ALTER TABLE ONLY public.microsoft_auth_microsoftaccount ALTER COLUMN id SET DEFAULT nextval('public.microsoft_auth_microsoftaccount_id_seq'::regclass);


--
-- Name: microsoft_auth_xboxliveaccount id; Type: DEFAULT; Schema: public; Owner: -
--

ALTER TABLE ONLY public.microsoft_auth_xboxliveaccount ALTER COLUMN id SET DEFAULT nextval('public.microsoft_auth_xboxliveaccount_id_seq'::regclass);


--
-- Name: postgres_search_indexentry id; Type: DEFAULT; Schema: public; Owner: -
--

ALTER TABLE ONLY public.postgres_search_indexentry ALTER COLUMN id SET DEFAULT nextval('public.postgres_search_indexentry_id_seq'::regclass);


--
-- Name: taggit_tag id; Type: DEFAULT; Schema: public; Owner: -
--

ALTER TABLE ONLY public.taggit_tag ALTER COLUMN id SET DEFAULT nextval('public.taggit_tag_id_seq'::regclass);


--
-- Name: taggit_taggeditem id; Type: DEFAULT; Schema: public; Owner: -
--

ALTER TABLE ONLY public.taggit_taggeditem ALTER COLUMN id SET DEFAULT nextval('public.taggit_taggeditem_id_seq'::regclass);


--
-- Name: wagtailadmin_admin id; Type: DEFAULT; Schema: public; Owner: -
--

ALTER TABLE ONLY public.wagtailadmin_admin ALTER COLUMN id SET DEFAULT nextval('public.wagtailadmin_admin_id_seq'::regclass);


--
-- Name: wagtailcore_collection id; Type: DEFAULT; Schema: public; Owner: -
--

ALTER TABLE ONLY public.wagtailcore_collection ALTER COLUMN id SET DEFAULT nextval('public.wagtailcore_collection_id_seq'::regclass);


--
-- Name: wagtailcore_collectionviewrestriction_groups id; Type: DEFAULT; Schema: public; Owner: -
--

ALTER TABLE ONLY public.wagtailcore_collectionviewrestriction_groups ALTER COLUMN id SET DEFAULT nextval('public.wagtailcore_collectionviewrestriction_groups_id_seq'::regclass);


--
-- Name: wagtailcore_comment id; Type: DEFAULT; Schema: public; Owner: -
--

ALTER TABLE ONLY public.wagtailcore_comment ALTER COLUMN id SET DEFAULT nextval('public.wagtailcore_comment_id_seq'::regclass);


--
-- Name: wagtailcore_commentreply id; Type: DEFAULT; Schema: public; Owner: -
--

ALTER TABLE ONLY public.wagtailcore_commentreply ALTER COLUMN id SET DEFAULT nextval('public.wagtailcore_commentreply_id_seq'::regclass);


--
-- Name: wagtailcore_groupapprovaltask_groups id; Type: DEFAULT; Schema: public; Owner: -
--

ALTER TABLE ONLY public.wagtailcore_groupapprovaltask_groups ALTER COLUMN id SET DEFAULT nextval('public.wagtailcore_groupapprovaltask_groups_id_seq'::regclass);


--
-- Name: wagtailcore_groupcollectionpermission id; Type: DEFAULT; Schema: public; Owner: -
--

ALTER TABLE ONLY public.wagtailcore_groupcollectionpermission ALTER COLUMN id SET DEFAULT nextval('public.wagtailcore_groupcollectionpermission_id_seq'::regclass);


--
-- Name: wagtailcore_grouppagepermission id; Type: DEFAULT; Schema: public; Owner: -
--

ALTER TABLE ONLY public.wagtailcore_grouppagepermission ALTER COLUMN id SET DEFAULT nextval('public.wagtailcore_grouppagepermission_id_seq'::regclass);


--
-- Name: wagtailcore_locale id; Type: DEFAULT; Schema: public; Owner: -
--

ALTER TABLE ONLY public.wagtailcore_locale ALTER COLUMN id SET DEFAULT nextval('public.wagtailcore_locale_id_seq'::regclass);


--
-- Name: wagtailcore_page id; Type: DEFAULT; Schema: public; Owner: -
--

ALTER TABLE ONLY public.wagtailcore_page ALTER COLUMN id SET DEFAULT nextval('public.wagtailcore_page_id_seq'::regclass);


--
-- Name: wagtailcore_pagelogentry id; Type: DEFAULT; Schema: public; Owner: -
--

ALTER TABLE ONLY public.wagtailcore_pagelogentry ALTER COLUMN id SET DEFAULT nextval('public.wagtailcore_pagelogentry_id_seq'::regclass);


--
-- Name: wagtailcore_pagerevision id; Type: DEFAULT; Schema: public; Owner: -
--

ALTER TABLE ONLY public.wagtailcore_pagerevision ALTER COLUMN id SET DEFAULT nextval('public.wagtailcore_pagerevision_id_seq'::regclass);


--
-- Name: wagtailcore_pagesubscription id; Type: DEFAULT; Schema: public; Owner: -
--

ALTER TABLE ONLY public.wagtailcore_pagesubscription ALTER COLUMN id SET DEFAULT nextval('public.wagtailcore_pagesubscription_id_seq'::regclass);


--
-- Name: wagtailcore_pageviewrestriction_groups id; Type: DEFAULT; Schema: public; Owner: -
--

ALTER TABLE ONLY public.wagtailcore_pageviewrestriction_groups ALTER COLUMN id SET DEFAULT nextval('public.wagtailcore_pageviewrestriction_groups_id_seq'::regclass);


--
-- Name: wagtailcore_site id; Type: DEFAULT; Schema: public; Owner: -
--

ALTER TABLE ONLY public.wagtailcore_site ALTER COLUMN id SET DEFAULT nextval('public.wagtailcore_site_id_seq'::regclass);


--
-- Name: wagtailcore_task id; Type: DEFAULT; Schema: public; Owner: -
--

ALTER TABLE ONLY public.wagtailcore_task ALTER COLUMN id SET DEFAULT nextval('public.wagtailcore_task_id_seq'::regclass);


--
-- Name: wagtailcore_taskstate id; Type: DEFAULT; Schema: public; Owner: -
--

ALTER TABLE ONLY public.wagtailcore_taskstate ALTER COLUMN id SET DEFAULT nextval('public.wagtailcore_taskstate_id_seq'::regclass);


--
-- Name: wagtailcore_workflow id; Type: DEFAULT; Schema: public; Owner: -
--

ALTER TABLE ONLY public.wagtailcore_workflow ALTER COLUMN id SET DEFAULT nextval('public.wagtailcore_workflow_id_seq'::regclass);


--
-- Name: wagtailcore_workflowstate id; Type: DEFAULT; Schema: public; Owner: -
--

ALTER TABLE ONLY public.wagtailcore_workflowstate ALTER COLUMN id SET DEFAULT nextval('public.wagtailcore_workflowstate_id_seq'::regclass);


--
-- Name: wagtailcore_workflowtask id; Type: DEFAULT; Schema: public; Owner: -
--

ALTER TABLE ONLY public.wagtailcore_workflowtask ALTER COLUMN id SET DEFAULT nextval('public.wagtailcore_workflowtask_id_seq'::regclass);


--
-- Name: wagtaildocs_document id; Type: DEFAULT; Schema: public; Owner: -
--

ALTER TABLE ONLY public.wagtaildocs_document ALTER COLUMN id SET DEFAULT nextval('public.wagtaildocs_document_id_seq'::regclass);


--
-- Name: wagtaildocs_uploadeddocument id; Type: DEFAULT; Schema: public; Owner: -
--

ALTER TABLE ONLY public.wagtaildocs_uploadeddocument ALTER COLUMN id SET DEFAULT nextval('public.wagtaildocs_uploadeddocument_id_seq'::regclass);


--
-- Name: wagtailforms_formsubmission id; Type: DEFAULT; Schema: public; Owner: -
--

ALTER TABLE ONLY public.wagtailforms_formsubmission ALTER COLUMN id SET DEFAULT nextval('public.wagtailforms_formsubmission_id_seq'::regclass);


--
-- Name: wagtailimages_image id; Type: DEFAULT; Schema: public; Owner: -
--

ALTER TABLE ONLY public.wagtailimages_image ALTER COLUMN id SET DEFAULT nextval('public.wagtailimages_image_id_seq'::regclass);


--
-- Name: wagtailimages_rendition id; Type: DEFAULT; Schema: public; Owner: -
--

ALTER TABLE ONLY public.wagtailimages_rendition ALTER COLUMN id SET DEFAULT nextval('public.wagtailimages_rendition_id_seq'::regclass);


--
-- Name: wagtailimages_uploadedimage id; Type: DEFAULT; Schema: public; Owner: -
--

ALTER TABLE ONLY public.wagtailimages_uploadedimage ALTER COLUMN id SET DEFAULT nextval('public.wagtailimages_uploadedimage_id_seq'::regclass);


--
-- Name: wagtailmenus_flatmenu id; Type: DEFAULT; Schema: public; Owner: -
--

ALTER TABLE ONLY public.wagtailmenus_flatmenu ALTER COLUMN id SET DEFAULT nextval('public.wagtailmenus_flatmenu_id_seq'::regclass);


--
-- Name: wagtailmenus_flatmenuitem id; Type: DEFAULT; Schema: public; Owner: -
--

ALTER TABLE ONLY public.wagtailmenus_flatmenuitem ALTER COLUMN id SET DEFAULT nextval('public.wagtailmenus_flatmenuitem_id_seq'::regclass);


--
-- Name: wagtailmenus_mainmenu id; Type: DEFAULT; Schema: public; Owner: -
--

ALTER TABLE ONLY public.wagtailmenus_mainmenu ALTER COLUMN id SET DEFAULT nextval('public.wagtailmenus_mainmenu_id_seq'::regclass);


--
-- Name: wagtailmenus_mainmenuitem id; Type: DEFAULT; Schema: public; Owner: -
--

ALTER TABLE ONLY public.wagtailmenus_mainmenuitem ALTER COLUMN id SET DEFAULT nextval('public.wagtailmenus_mainmenuitem_id_seq'::regclass);


--
-- Name: wagtailredirects_redirect id; Type: DEFAULT; Schema: public; Owner: -
--

ALTER TABLE ONLY public.wagtailredirects_redirect ALTER COLUMN id SET DEFAULT nextval('public.wagtailredirects_redirect_id_seq'::regclass);


--
-- Name: wagtailsearch_editorspick id; Type: DEFAULT; Schema: public; Owner: -
--

ALTER TABLE ONLY public.wagtailsearch_editorspick ALTER COLUMN id SET DEFAULT nextval('public.wagtailsearch_editorspick_id_seq'::regclass);


--
-- Name: wagtailsearch_query id; Type: DEFAULT; Schema: public; Owner: -
--

ALTER TABLE ONLY public.wagtailsearch_query ALTER COLUMN id SET DEFAULT nextval('public.wagtailsearch_query_id_seq'::regclass);


--
-- Name: wagtailsearch_querydailyhits id; Type: DEFAULT; Schema: public; Owner: -
--

ALTER TABLE ONLY public.wagtailsearch_querydailyhits ALTER COLUMN id SET DEFAULT nextval('public.wagtailsearch_querydailyhits_id_seq'::regclass);


--
-- Name: wagtailusers_userprofile id; Type: DEFAULT; Schema: public; Owner: -
--

ALTER TABLE ONLY public.wagtailusers_userprofile ALTER COLUMN id SET DEFAULT nextval('public.wagtailusers_userprofile_id_seq'::regclass);


--
-- Data for Name: auth_group; Type: TABLE DATA; Schema: public; Owner: -
--

COPY public.auth_group (id, name) FROM stdin;
1	Moderators
2	Editors
\.


--
-- Data for Name: auth_group_permissions; Type: TABLE DATA; Schema: public; Owner: -
--

COPY public.auth_group_permissions (id, group_id, permission_id) FROM stdin;
1	1	1
2	1	2
3	1	3
7	1	4
8	2	4
9	1	5
10	1	6
11	1	7
34	2	208
60	2	215
61	2	206
62	2	207
63	2	1
64	2	2
65	2	3
66	2	5
67	2	6
68	2	7
82	2	384
83	2	385
84	2	386
85	2	387
86	2	388
87	2	389
88	2	390
89	2	391
90	2	392
91	2	393
92	2	298
93	2	299
94	2	300
95	2	301
96	2	302
97	2	303
98	2	304
99	2	305
100	2	306
101	2	307
102	2	308
103	2	309
104	2	310
105	2	311
106	2	312
107	2	313
108	2	314
109	2	315
110	2	316
111	2	317
112	2	318
113	2	319
114	2	320
115	2	321
116	2	322
117	2	323
118	2	324
119	2	325
120	2	326
121	2	327
122	2	328
123	2	329
124	2	330
125	2	331
126	2	332
127	2	333
128	2	334
129	2	335
130	2	336
131	2	337
132	2	338
133	2	339
134	2	340
135	2	341
136	2	342
137	2	343
138	2	344
139	2	345
140	2	346
141	2	347
142	2	348
143	2	349
144	2	370
145	2	371
146	2	372
147	2	373
148	2	374
149	2	375
150	2	376
151	2	377
152	2	378
153	2	379
154	2	380
155	2	381
156	2	382
157	2	383
158	1	486
159	2	486
160	1	487
161	2	487
\.


--
-- Data for Name: auth_permission; Type: TABLE DATA; Schema: public; Owner: -
--

COPY public.auth_permission (id, name, content_type_id, codename) FROM stdin;
1	Can add image	2	add_image
2	Can change image	2	change_image
3	Can delete image	2	delete_image
4	Can access Wagtail admin	4	access_admin
5	Can add document	5	add_document
6	Can change document	5	change_document
7	Can delete document	5	delete_document
8	Can add home page	3	add_homepage
9	Can change home page	3	change_homepage
10	Can delete home page	3	delete_homepage
11	Can view home page	3	view_homepage
12	Can add Content category	6	add_contentcategory
13	Can change Content category	6	change_contentcategory
14	Can delete Content category	6	delete_contentcategory
15	Can view Content category	6	view_contentcategory
16	Can add Form page	7	add_formpage
17	Can change Form page	7	change_formpage
18	Can delete Form page	7	delete_formpage
19	Can view Form page	7	view_formpage
20	Can add Form field	8	add_formfield
21	Can change Form field	8	change_formfield
22	Can delete Form field	8	delete_formfield
23	Can view Form field	8	view_formfield
24	Can add Generic page	9	add_generalpage
25	Can change Generic page	9	change_generalpage
26	Can delete Generic page	9	delete_generalpage
27	Can view Generic page	9	view_generalpage
28	Can add Menu item	10	add_menuitempage
29	Can change Menu item	10	change_menuitempage
30	Can delete Menu item	10	delete_menuitempage
31	Can view Menu item	10	view_menuitempage
32	Can add checkout page	11	add_checkoutpage
33	Can change checkout page	11	change_checkoutpage
34	Can delete checkout page	11	delete_checkoutpage
35	Can view checkout page	11	view_checkoutpage
36	Can add course category	12	add_coursecategory
37	Can change course category	12	change_coursecategory
38	Can delete course category	12	delete_coursecategory
39	Can view course category	12	view_coursecategory
40	Can add Course category page	13	add_coursecategorylistpage
41	Can change Course category page	13	change_coursecategorylistpage
42	Can delete Course category page	13	delete_coursecategorylistpage
43	Can view Course category page	13	view_coursecategorylistpage
44	Can add Course page	14	add_coursedetailpage
45	Can change Course page	14	change_coursedetailpage
46	Can delete Course page	14	delete_coursedetailpage
47	Can view Course page	14	view_coursedetailpage
48	Can add course list page	15	add_courselistpage
49	Can change course list page	15	change_courselistpage
50	Can delete course list page	15	delete_courselistpage
51	Can view course list page	15	view_courselistpage
52	Can add Course occasion	16	add_courseoccasion
53	Can change Course occasion	16	change_courseoccasion
54	Can delete Course occasion	16	delete_courseoccasion
55	Can view Course occasion	16	view_courseoccasion
56	Can add Course package	17	add_coursepackage
57	Can change Course package	17	change_coursepackage
58	Can delete Course package	17	delete_coursepackage
59	Can view Course package	17	view_coursepackage
60	Can add Course participant	18	add_courseparticipant
61	Can change Course participant	18	change_courseparticipant
62	Can delete Course participant	18	delete_courseparticipant
63	Can view Course participant	18	view_courseparticipant
64	Can add Invoice	19	add_invoice
65	Can change Invoice	19	change_invoice
66	Can delete Invoice	19	delete_invoice
67	Can view Invoice	19	view_invoice
68	Can add Date and times	20	add_occasiondatesandtimes
69	Can change Date and times	20	change_occasiondatesandtimes
70	Can delete Date and times	20	delete_occasiondatesandtimes
71	Can view Date and times	20	view_occasiondatesandtimes
72	Can add Order	21	add_order
73	Can change Order	21	change_order
74	Can delete Order	21	delete_order
75	Can view Order	21	view_order
76	Can add Order row	22	add_orderrow
77	Can change Order row	22	change_orderrow
78	Can delete Order row	22	delete_orderrow
79	Can view Order row	22	view_orderrow
80	Can add course package member	23	add_coursepackagemember
81	Can change course package member	23	change_coursepackagemember
82	Can delete course package member	23	delete_coursepackagemember
83	Can view course package member	23	view_coursepackagemember
84	Can add course package category	24	add_coursepackagecategory
85	Can change course package category	24	change_coursepackagecategory
86	Can delete course package category	24	delete_coursepackagecategory
87	Can view course package category	24	view_coursepackagecategory
88	Can add user	25	add_user
89	Can change user	25	change_user
90	Can delete user	25	delete_user
91	Can view user	25	view_user
92	Can add gallery index page	26	add_galleryindexpage
93	Can change gallery index page	26	change_galleryindexpage
94	Can delete gallery index page	26	delete_galleryindexpage
95	Can view gallery index page	26	view_galleryindexpage
96	Can add Gallery page	27	add_gallerypage
97	Can change Gallery page	27	change_gallerypage
98	Can delete Gallery page	27	delete_gallerypage
99	Can view Gallery page	27	view_gallerypage
100	Can add log entry	28	add_logentry
101	Can change log entry	28	change_logentry
102	Can delete log entry	28	delete_logentry
103	Can view log entry	28	view_logentry
104	Can add permission	29	add_permission
105	Can change permission	29	change_permission
106	Can delete permission	29	delete_permission
107	Can view permission	29	view_permission
108	Can add group	30	add_group
109	Can change group	30	change_group
110	Can delete group	30	delete_group
111	Can view group	30	view_group
112	Can add content type	31	add_contenttype
113	Can change content type	31	change_contenttype
114	Can delete content type	31	delete_contenttype
115	Can view content type	31	view_contenttype
116	Can add session	32	add_session
117	Can change session	32	change_session
118	Can delete session	32	delete_session
119	Can view session	32	view_session
120	Can add site	33	add_site
121	Can change site	33	change_site
122	Can delete site	33	delete_site
123	Can view site	33	view_site
124	Can add form submission	34	add_formsubmission
125	Can change form submission	34	change_formsubmission
126	Can delete form submission	34	delete_formsubmission
127	Can view form submission	34	view_formsubmission
128	Can add redirect	35	add_redirect
129	Can change redirect	35	change_redirect
130	Can delete redirect	35	delete_redirect
131	Can view redirect	35	view_redirect
132	Can add embed	36	add_embed
133	Can change embed	36	change_embed
134	Can delete embed	36	delete_embed
135	Can view embed	36	view_embed
136	Can add user profile	37	add_userprofile
137	Can change user profile	37	change_userprofile
138	Can delete user profile	37	delete_userprofile
139	Can view user profile	37	view_userprofile
140	Can view document	5	view_document
141	Can view image	2	view_image
142	Can add rendition	38	add_rendition
143	Can change rendition	38	change_rendition
144	Can delete rendition	38	delete_rendition
145	Can view rendition	38	view_rendition
146	Can add query	39	add_query
147	Can change query	39	change_query
148	Can delete query	39	delete_query
149	Can view query	39	view_query
150	Can add Query Daily Hits	40	add_querydailyhits
151	Can change Query Daily Hits	40	change_querydailyhits
152	Can delete Query Daily Hits	40	delete_querydailyhits
153	Can view Query Daily Hits	40	view_querydailyhits
154	Can add page	1	add_page
155	Can change page	1	change_page
156	Can delete page	1	delete_page
157	Can view page	1	view_page
158	Can add group page permission	41	add_grouppagepermission
159	Can change group page permission	41	change_grouppagepermission
160	Can delete group page permission	41	delete_grouppagepermission
161	Can view group page permission	41	view_grouppagepermission
162	Can add page revision	42	add_pagerevision
163	Can change page revision	42	change_pagerevision
164	Can delete page revision	42	delete_pagerevision
165	Can view page revision	42	view_pagerevision
166	Can add page view restriction	43	add_pageviewrestriction
167	Can change page view restriction	43	change_pageviewrestriction
168	Can delete page view restriction	43	delete_pageviewrestriction
169	Can view page view restriction	43	view_pageviewrestriction
170	Can add site	44	add_site
171	Can change site	44	change_site
172	Can delete site	44	delete_site
173	Can view site	44	view_site
174	Can add collection	45	add_collection
175	Can change collection	45	change_collection
176	Can delete collection	45	delete_collection
177	Can view collection	45	view_collection
178	Can add group collection permission	46	add_groupcollectionpermission
179	Can change group collection permission	46	change_groupcollectionpermission
180	Can delete group collection permission	46	delete_groupcollectionpermission
181	Can view group collection permission	46	view_groupcollectionpermission
182	Can add collection view restriction	47	add_collectionviewrestriction
183	Can change collection view restriction	47	change_collectionviewrestriction
184	Can delete collection view restriction	47	delete_collectionviewrestriction
185	Can view collection view restriction	47	view_collectionviewrestriction
186	Can add Tag	48	add_tag
187	Can change Tag	48	change_tag
188	Can delete Tag	48	delete_tag
189	Can view Tag	48	view_tag
190	Can add Tagged Item	49	add_taggeditem
191	Can change Tagged Item	49	change_taggeditem
192	Can delete Tagged Item	49	delete_taggeditem
193	Can view Tagged Item	49	view_taggeditem
194	Can add index entry	50	add_indexentry
195	Can change index entry	50	change_indexentry
196	Can delete index entry	50	delete_indexentry
197	Can view index entry	50	view_indexentry
198	Can add microsoft account	51	add_microsoftaccount
199	Can change microsoft account	51	change_microsoftaccount
200	Can delete microsoft account	51	delete_microsoftaccount
201	Can view microsoft account	51	view_microsoftaccount
202	Can add xbox live account	52	add_xboxliveaccount
203	Can change xbox live account	52	change_xboxliveaccount
204	Can delete xbox live account	52	delete_xboxliveaccount
205	Can view xbox live account	52	view_xboxliveaccount
206	Can add flat menu	53	add_flatmenu
207	Can change flat menu	53	change_flatmenu
208	Can delete flat menu	53	delete_flatmenu
209	Can view flat menu	53	view_flatmenu
210	Can add menu item	54	add_flatmenuitem
211	Can change menu item	54	change_flatmenuitem
212	Can delete menu item	54	delete_flatmenuitem
213	Can view menu item	54	view_flatmenuitem
214	Can add main menu	55	add_mainmenu
215	Can change main menu	55	change_mainmenu
216	Can delete main menu	55	delete_mainmenu
217	Can view main menu	55	view_mainmenu
218	Can add menu item	56	add_mainmenuitem
219	Can change menu item	56	change_mainmenuitem
220	Can delete menu item	56	delete_mainmenuitem
221	Can view menu item	56	view_mainmenuitem
222	Can add Menu link	57	add_linkpage
223	Can change Menu link	57	change_linkpage
224	Can delete Menu link	57	delete_linkpage
225	Can view Menu link	57	view_linkpage
226	Can add Course package list page	58	add_coursepackagelistpage
227	Can change Course package list page	58	change_coursepackagelistpage
228	Can delete Course package list page	58	delete_coursepackagelistpage
229	Can view Course package list page	58	view_coursepackagelistpage
230	Can add Contact	59	add_contact
231	Can change Contact	59	change_contact
232	Can delete Contact	59	delete_contact
233	Can view Contact	59	view_contact
234	Can add Contact page	60	add_contactpage
235	Can change Contact page	60	change_contactpage
236	Can delete Contact page	60	delete_contactpage
237	Can view Contact page	60	view_contactpage
238	Can add Contact page listed contact	61	add_contactpagecontact
239	Can change Contact page listed contact	61	change_contactpagecontact
240	Can delete Contact page listed contact	61	delete_contactpagecontact
241	Can view Contact page listed contact	61	view_contactpagecontact
242	Can add Education track page	62	add_edutrackpage
243	Can change Education track page	62	change_edutrackpage
244	Can delete Education track page	62	delete_edutrackpage
245	Can view Education track page	62	view_edutrackpage
246	Can add uploaded image	63	add_uploadedimage
247	Can change uploaded image	63	change_uploadedimage
248	Can delete uploaded image	63	delete_uploadedimage
249	Can view uploaded image	63	view_uploadedimage
250	Can add Job ad page	64	add_jobadpage
251	Can change Job ad page	64	change_jobadpage
252	Can delete Job ad page	64	delete_jobadpage
253	Can view Job ad page	64	view_jobadpage
254	Can add crontab	65	add_crontabschedule
255	Can change crontab	65	change_crontabschedule
256	Can delete crontab	65	delete_crontabschedule
257	Can view crontab	65	view_crontabschedule
258	Can add interval	66	add_intervalschedule
259	Can change interval	66	change_intervalschedule
260	Can delete interval	66	delete_intervalschedule
261	Can view interval	66	view_intervalschedule
262	Can add periodic task	67	add_periodictask
263	Can change periodic task	67	change_periodictask
264	Can delete periodic task	67	delete_periodictask
265	Can view periodic task	67	view_periodictask
266	Can add periodic tasks	68	add_periodictasks
267	Can change periodic tasks	68	change_periodictasks
268	Can delete periodic tasks	68	delete_periodictasks
269	Can view periodic tasks	68	view_periodictasks
270	Can add solar event	69	add_solarschedule
271	Can change solar event	69	change_solarschedule
272	Can delete solar event	69	delete_solarschedule
273	Can view solar event	69	view_solarschedule
274	Can add clocked	70	add_clockedschedule
275	Can change clocked	70	change_clockedschedule
276	Can delete clocked	70	delete_clockedschedule
277	Can view clocked	70	view_clockedschedule
278	Can add Sales contact	71	add_salescontact
279	Can change Sales contact	71	change_salescontact
280	Can delete Sales contact	71	delete_salescontact
281	Can view Sales contact	71	view_salescontact
282	Can add Competence level	72	add_competencelevel
283	Can change Competence level	72	change_competencelevel
284	Can delete Competence level	72	delete_competencelevel
285	Can view Competence level	72	view_competencelevel
286	Can add edu track course member	73	add_edutrackcoursemember
287	Can change edu track course member	73	change_edutrackcoursemember
288	Can delete edu track course member	73	delete_edutrackcoursemember
289	Can view edu track course member	73	view_edutrackcoursemember
290	Can add Email message	74	add_emailmessage
291	Can change Email message	74	change_emailmessage
292	Can delete Email message	74	delete_emailmessage
293	Can view Email message	74	view_emailmessage
294	Can add RHLS Page	13	add_redhatlearningsubscriptionpage
295	Can change RHLS Page	13	change_redhatlearningsubscriptionpage
296	Can delete RHLS Page	13	delete_redhatlearningsubscriptionpage
297	Can view RHLS Page	13	view_redhatlearningsubscriptionpage
298	Can add calendar page	80	add_calendarpage
299	Can change calendar page	80	change_calendarpage
300	Can delete calendar page	80	delete_calendarpage
301	Can view calendar page	80	view_calendarpage
302	Can add cancellation	81	add_cancellationpage
303	Can change cancellation	81	change_cancellationpage
304	Can delete cancellation	81	delete_cancellationpage
305	Can view cancellation	81	view_cancellationpage
306	Can add event category	82	add_eventcategory
307	Can change event category	82	change_eventcategory
308	Can delete event category	82	delete_eventcategory
309	Can view event category	82	view_eventcategory
310	Can add extra event information	83	add_extrainfopage
311	Can change extra event information	83	change_extrainfopage
312	Can delete extra event information	83	delete_extrainfopage
313	Can view extra event information	83	view_extrainfopage
314	Can add group page	84	add_grouppage
315	Can change group page	84	change_grouppage
316	Can delete group page	84	delete_grouppage
317	Can view group page	84	view_grouppage
318	Can add multiday event page	85	add_multidayeventpage
319	Can change multiday event page	85	change_multidayeventpage
320	Can delete multiday event page	85	delete_multidayeventpage
321	Can view multiday event page	85	view_multidayeventpage
322	Can add recurring event page	86	add_recurringeventpage
323	Can change recurring event page	86	change_recurringeventpage
324	Can delete recurring event page	86	delete_recurringeventpage
325	Can view recurring event page	86	view_recurringeventpage
326	Can add event page	87	add_simpleeventpage
327	Can change event page	87	change_simpleeventpage
328	Can delete event page	87	delete_simpleeventpage
329	Can view event page	87	view_simpleeventpage
330	Can add postponement	88	add_postponementpage
331	Can change postponement	88	change_postponementpage
332	Can delete postponement	88	delete_postponementpage
333	Can view postponement	88	view_postponementpage
334	Can add general calendar page	89	add_generalcalendarpage
335	Can change general calendar page	89	change_generalcalendarpage
336	Can delete general calendar page	89	delete_generalcalendarpage
337	Can view general calendar page	89	view_generalcalendarpage
338	Can add specific calendar page	90	add_specificcalendarpage
339	Can change specific calendar page	90	change_specificcalendarpage
340	Can delete specific calendar page	90	delete_specificcalendarpage
341	Can view specific calendar page	90	view_specificcalendarpage
342	Can add postponement	91	add_reschedulemultidayeventpage
343	Can change postponement	91	change_reschedulemultidayeventpage
344	Can delete postponement	91	delete_reschedulemultidayeventpage
345	Can view postponement	91	view_reschedulemultidayeventpage
346	Can add multiday recurring event page	92	add_multidayrecurringeventpage
347	Can change multiday recurring event page	92	change_multidayrecurringeventpage
348	Can delete multiday recurring event page	92	delete_multidayrecurringeventpage
349	Can view multiday recurring event page	92	view_multidayrecurringeventpage
350	Can add Employee	93	add_employee
351	Can change Employee	93	change_employee
352	Can delete Employee	93	delete_employee
353	Can view Employee	93	view_employee
354	Can add Team page	94	add_teampage
355	Can change Team page	94	change_teampage
356	Can delete Team page	94	delete_teampage
357	Can view Team page	94	view_teampage
358	Can add Team member	95	add_teammember
359	Can change Team member	95	change_teammember
360	Can delete Team member	95	delete_teammember
361	Can view Team member	95	view_teammember
362	Can add info page	96	add_infopage
363	Can change info page	96	change_infopage
364	Can delete info page	96	delete_infopage
365	Can view info page	96	view_infopage
366	Can add Info section	97	add_infosection
367	Can change Info section	97	change_infosection
368	Can delete Info section	97	delete_infosection
369	Can view Info section	97	view_infosection
370	Can add Blog Category	98	add_blogcategory
371	Can change Blog Category	98	change_blogcategory
372	Can delete Blog Category	98	delete_blogcategory
373	Can view Blog Category	98	view_blogcategory
374	Can add blog category blog page	99	add_blogcategoryblogpage
375	Can change blog category blog page	99	change_blogcategoryblogpage
376	Can delete blog category blog page	99	delete_blogcategoryblogpage
377	Can view blog category blog page	99	view_blogcategoryblogpage
378	Can add Blog index	100	add_blogindexpage
379	Can change Blog index	100	change_blogindexpage
380	Can delete Blog index	100	delete_blogindexpage
381	Can view Blog index	100	view_blogindexpage
382	Can add Blog page	101	add_blogpage
383	Can change Blog page	101	change_blogpage
384	Can delete Blog page	101	delete_blogpage
385	Can view Blog page	101	view_blogpage
386	Can add blog page tag	102	add_blogpagetag
387	Can change blog page tag	102	change_blogpagetag
388	Can delete blog page tag	102	delete_blogpagetag
389	Can view blog page tag	102	view_blogpagetag
390	Can add Blog tag	103	add_blogtag
391	Can change Blog tag	103	change_blogtag
392	Can delete Blog tag	103	delete_blogtag
393	Can view Blog tag	103	view_blogtag
394	Can add Bundle	104	add_bundle
395	Can change Bundle	104	change_bundle
396	Can delete Bundle	104	delete_bundle
397	Can view Bundle	104	view_bundle
398	Can add bundle course	105	add_bundlecourse
399	Can change bundle course	105	change_bundlecourse
400	Can delete bundle course	105	delete_bundlecourse
401	Can view bundle course	105	view_bundlecourse
402	Can add Bundle list page	106	add_bundlelistpage
403	Can change Bundle list page	106	change_bundlelistpage
404	Can delete Bundle list page	106	delete_bundlelistpage
405	Can view Bundle list page	106	view_bundlelistpage
406	Can add closed for	107	add_closedfor
407	Can change closed for	107	change_closedfor
408	Can delete closed for	107	delete_closedfor
409	Can view closed for	107	view_closedfor
410	Can add extended cancellation	108	add_extcancellationpage
411	Can change extended cancellation	108	change_extcancellationpage
412	Can delete extended cancellation	108	delete_extcancellationpage
413	Can view extended cancellation	108	view_extcancellationpage
414	Can add closed for holidays	109	add_closedforholidayspage
415	Can change closed for holidays	109	change_closedforholidayspage
416	Can delete closed for holidays	109	delete_closedforholidayspage
417	Can view closed for holidays	109	view_closedforholidayspage
418	Can add Lexher Academy page	110	add_lexheracademyapplicationpage
419	Can change Lexher Academy page	110	change_lexheracademyapplicationpage
420	Can delete Lexher Academy page	110	delete_lexheracademyapplicationpage
421	Can view Lexher Academy page	110	view_lexheracademyapplicationpage
422	Can add document	112	add_lexherdocument
423	Can change document	112	change_lexherdocument
424	Can delete document	112	delete_lexherdocument
425	Can view document	112	view_lexherdocument
426	Can add Knowledge base page	113	add_knowledgebasepage
427	Can change Knowledge base page	113	change_knowledgebasepage
428	Can delete Knowledge base page	113	delete_knowledgebasepage
429	Can view Knowledge base page	113	view_knowledgebasepage
430	Can add task	114	add_task
431	Can change task	114	change_task
432	Can delete task	114	delete_task
433	Can view task	114	view_task
434	Can add Task state	115	add_taskstate
435	Can change Task state	115	change_taskstate
436	Can delete Task state	115	delete_taskstate
437	Can view Task state	115	view_taskstate
438	Can add workflow	116	add_workflow
439	Can change workflow	116	change_workflow
440	Can delete workflow	116	delete_workflow
441	Can view workflow	116	view_workflow
442	Can add Group approval task	111	add_groupapprovaltask
443	Can change Group approval task	111	change_groupapprovaltask
444	Can delete Group approval task	111	delete_groupapprovaltask
445	Can view Group approval task	111	view_groupapprovaltask
446	Can add Workflow state	117	add_workflowstate
447	Can change Workflow state	117	change_workflowstate
448	Can delete Workflow state	117	delete_workflowstate
449	Can view Workflow state	117	view_workflowstate
450	Can add workflow page	118	add_workflowpage
451	Can change workflow page	118	change_workflowpage
452	Can delete workflow page	118	delete_workflowpage
453	Can view workflow page	118	view_workflowpage
454	Can add workflow task order	119	add_workflowtask
455	Can change workflow task order	119	change_workflowtask
456	Can delete workflow task order	119	delete_workflowtask
457	Can view workflow task order	119	view_workflowtask
458	Can add page log entry	120	add_pagelogentry
459	Can change page log entry	120	change_pagelogentry
460	Can delete page log entry	120	delete_pagelogentry
461	Can view page log entry	120	view_pagelogentry
462	Can add Campaign page	121	add_campaignpage
463	Can change Campaign page	121	change_campaignpage
464	Can delete Campaign page	121	delete_campaignpage
465	Can view Campaign page	121	view_campaignpage
466	Can add campaign course	122	add_campaigncourse
467	Can change campaign course	122	change_campaigncourse
468	Can delete campaign course	122	delete_campaigncourse
469	Can view campaign course	122	view_campaigncourse
470	Can add Watch list item	123	add_watchlistitem
471	Can change Watch list item	123	change_watchlistitem
472	Can delete Watch list item	123	delete_watchlistitem
473	Can view Watch list item	123	view_watchlistitem
474	Can add locale	124	add_locale
475	Can change locale	124	change_locale
476	Can delete locale	124	delete_locale
477	Can view locale	124	view_locale
478	Can add Home page button	125	add_homepagebutton
479	Can change Home page button	125	change_homepagebutton
480	Can delete Home page button	125	delete_homepagebutton
481	Can view Home page button	125	view_homepagebutton
482	Can add Purchase Order	126	add_purchaseorder
483	Can change Purchase Order	126	change_purchaseorder
484	Can delete Purchase Order	126	delete_purchaseorder
485	Can view Purchase Order	126	view_purchaseorder
486	Can choose document	5	choose_document
487	Can choose image	2	choose_image
488	Can add uploaded document	127	add_uploadeddocument
489	Can change uploaded document	127	change_uploadeddocument
490	Can delete uploaded document	127	delete_uploadeddocument
491	Can view uploaded document	127	view_uploadeddocument
492	Can add comment	128	add_comment
493	Can change comment	128	change_comment
494	Can delete comment	128	delete_comment
495	Can view comment	128	view_comment
496	Can add comment reply	129	add_commentreply
497	Can change comment reply	129	change_commentreply
498	Can delete comment reply	129	delete_commentreply
499	Can view comment reply	129	view_commentreply
500	Can add page subscription	130	add_pagesubscription
501	Can change page subscription	130	change_pagesubscription
502	Can delete page subscription	130	delete_pagesubscription
503	Can view page subscription	130	view_pagesubscription
504	Can add blocks page	131	add_blockspage
505	Can change blocks page	131	change_blockspage
506	Can delete blocks page	131	delete_blockspage
507	Can view blocks page	131	view_blockspage
508	Can add Content	132	add_contentsettings
509	Can change Content	132	change_contentsettings
510	Can delete Content	132	delete_contentsettings
511	Can view Content	132	view_contentsettings
512	Can add Red Hat import status	133	add_redhatimportstatus
513	Can change Red Hat import status	133	change_redhatimportstatus
514	Can delete Red Hat import status	133	delete_redhatimportstatus
515	Can view Red Hat import status	133	view_redhatimportstatus
\.


--
-- Data for Name: blog_blogcategory; Type: TABLE DATA; Schema: public; Owner: -
--

COPY public.blog_blogcategory (id, name, slug, description, parent_id) FROM stdin;
1	Föreläsningar	forelasningar		\N
2	Nyhetsbrev	nyhetsbrev		\N
\.


--
-- Data for Name: blog_blogcategoryblogpage; Type: TABLE DATA; Schema: public; Owner: -
--

COPY public.blog_blogcategoryblogpage (id, category_id, page_id) FROM stdin;
1	2	352
2	2	354
3	2	417
6	2	415
5	2	427
4	2	416
7	2	434
8	2	435
9	2	436
10	2	437
11	2	438
12	2	440
13	2	442
14	2	444
15	2	446
16	2	449
17	2	450
20	2	453
21	2	454
22	2	455
23	2	461
25	2	467
24	2	462
\.


--
-- Data for Name: blog_blogindexpage; Type: TABLE DATA; Schema: public; Owner: -
--

COPY public.blog_blogindexpage (page_ptr_id) FROM stdin;
192
\.


--
-- Data for Name: blog_blogpage; Type: TABLE DATA; Schema: public; Owner: -
--

COPY public.blog_blogpage (page_ptr_id, body, header_image_id, date, author_id) FROM stdin;
462	<p><a id="61" linktype="document">Newsletter week 24</a><br/></p><p></p><p></p>	\N	2021-06-21	7
352	<p>Lexher annonserar - och rekryterar! Nu syns vi på olika rekryterings- och utbildningssajter med annonser för våra fantastiska Red Hat-utbildningar och Lexher Academy samt med jobbannonser för att rekrytera fler konsulter!</p><p>Våra sidor på instagram och LinkedIn har nu kompletterats med en facebook-sida - gå in och titta, gilla och dela. Säg gärna till om det är något ni tycker vi ska lägga upp.</p><p></p><p></p><embed alt="Red Hat | Lexher" embedtype="image" format="left" id="43"/><p></p>	131	2020-07-13	7
354	<p>Lexher Academy finns även att hitta hos Arbetsförmedlingen:  <a href="https://arbetsformedlingen.se/platsbanken/annonser/24114100">https://arbetsformedlingen.se/platsbanken/annonser/24114100</a> </p><p></p>	\N	2020-07-15	7
436	<p><a id="40" linktype="document">Newsletter week 7, 2021</a></p>	\N	2021-02-19	7
437	<p><a id="41" linktype="document">Newsletter week 8, 2021</a></p>	\N	2021-02-26	13
438	<p><a id="42" linktype="document">Newsletter week 10, 2021</a></p>	\N	2021-03-12	7
417	<p>Nu är Lexher en av bara totalt 7 st Red Hat Premier Business Partner i Sverige! Ytterligare ett stort bevis på den kunskap och kompetens vi har inom Lexher och genom denna status har vi också möjlighet att återförsälja Red Hats programvara.</p><p>Bra jobbat alla!</p><p></p><p></p><p></p><p></p><p></p><p></p>	204	2021-01-18	7
440	<p><a id="43" linktype="document">Newsletter week 11, 2021</a></p>	\N	2021-03-22	7
416	<p><a id="31" linktype="document">Nyhetsbrev december 2020 - PRD</a></p>	\N	2020-12-31	7
434	<p><a id="38" linktype="document">Newsletter January 2021</a></p>	\N	2021-01-29	7
435	<p><a id="39" linktype="document">Newsletter week 6, 2021</a></p>	\N	2021-02-12	7
453	<p></p><h3><b>Welcome to our summer activity!</b><br/></h3><embed alt="Boule Tanto" embedtype="image" format="right" id="230"/><p></p><p></p><p>This year we have booked an outside activity at Boulebar Tanto.<br/>We meet up at 17.00 outside the place.<br/></p><p>We play boule with instructor between 17.15 – 18.40 and then eat dinner between 18.45 – 20.00.<br/></p><p>Boulebar has adapted to the FHM restrictions and we sit 4 persons per dining table.<br/>Same goes with good distance and awareness when playing boule.<br/>There will be both veg and non veg options.<br/></p><p>Address:</p><p>Boulebar Tanto</p><p>Tantogatan 85</p><p>118 42 Stockholm<br/></p><p></p><p></p><p></p><p></p>	\N	2021-05-20	7
442	<p><a id="46" linktype="document">Newsletter week 13</a></p>	\N	2021-04-01	7
444	<p><a id="48" linktype="document">Newsletter week 15</a></p>	\N	2021-04-13	7
446	<p><a id="50" linktype="document">Newsletter week 16</a></p>	\N	2021-04-23	7
449	<p><a id="53" linktype="document">Newsletter week 17</a></p>	\N	2021-04-30	7
450	<p><a id="54" linktype="document">Newsletter week 18</a></p>	\N	2021-05-07	7
454	<p><a id="58" linktype="document">Newsletter week 20</a></p>	\N	2021-05-21	7
455	<p></p><embed alt="Sol" embedtype="image" format="right" id="231"/><p><a id="59" linktype="document">Newsletter week 21</a></p>	\N	2021-05-28	7
467	<p><a id="63" linktype="document">Newsletter week 26</a></p><p></p><embed alt="Bild nyhetsbrev" embedtype="image" format="right" id="265"/><p></p>	\N	2021-07-02	7
483	<p data-block-key="9gpo4"><b>  We have completed the migration of Lexher email to Microsoft 365</b></p><ol><li data-block-key="1f96l">Open the webmail <a href="http://outlook.office.com/mail/">outlook.office.com/mail/</a> and login using your normal @lexher.se adress. The password for this will be the same password you had for @lexherab.onmicrosoft.com account. If you dont have it, Khalex can reset it for you.</li><li data-block-key="c8n3j">If you want to change in any local client (for example Outlook or Mac Email). You need to remove the old account and add a new one with the credentials above.</li><li data-block-key="6a7qp">If none of the above works, send Khalex a message on Slack.</li></ol>	294	2021-10-08	\N
375	<p></p><p>Vi kör igång med Coffee online nu på fredagsmorgnar igen för dem som vill och kan i 10 min kl 8.30 för en kort morgonfika tillsammans online och en trevlig avslutning på veckan.<br/> Vi kör via Teams denna omgång och alla har en inbjudan i sin kalender med länk att ansluta via.<br/> Vi ses!:-)</p>	140	2020-08-28	\N
426	<p><a href="https://intranet.lexher.se/galleri/certifieringar-firas-med-t%C3%A5rta/">Certifieringar - firas med tårta! | Lexher</a></p>	\N	2021-01-18	\N
415	<p>Stackrox är en ledare och innovatör inom container- och Kubernetes-inbyggd säkerhet.<br/> <a href="https://it-kanalen.se/red-hat-koper-upp-framgangssagan-stackrox-oppnar-upp/">https://it-kanalen.se/red-hat-koper-upp-framgangssagan-stackrox-oppnar-upp/</a></p>	201	2021-01-15	\N
427	<p><a id="33" linktype="document">HR Newsletter November 2020</a></p>	\N	2020-11-30	\N
461	<p><a id="60" linktype="document">Newsletter week 23</a></p>	\N	2021-06-10	\N
\.


--
-- Data for Name: blog_blogpagetag; Type: TABLE DATA; Schema: public; Owner: -
--

COPY public.blog_blogpagetag (id, content_object_id, tag_id) FROM stdin;
6	434	10
7	435	5
8	436	10
9	437	10
10	438	10
11	440	5
18	442	10
19	442	5
22	444	10
23	444	5
26	446	10
27	446	5
30	449	10
31	449	5
32	450	10
33	450	5
34	454	10
35	454	5
36	455	10
37	455	5
38	467	10
39	467	5
63	483	16
64	483	17
65	483	18
\.


--
-- Data for Name: content_blockspage; Type: TABLE DATA; Schema: public; Owner: -
--

COPY public.content_blockspage (page_ptr_id, body) FROM stdin;
\.


--
-- Data for Name: django_admin_log; Type: TABLE DATA; Schema: public; Owner: -
--

COPY public.django_admin_log (id, action_time, object_id, object_repr, action_flag, change_message, content_type_id, user_id) FROM stdin;
24	2020-06-05 11:00:48.87547+00	87	Advanced Automation: Ansible Best Practices - Kampanj beställ senast 30/6 (DO447) - Videolänk: 2020-06-08 09:00	3		16	7
25	2020-06-05 11:01:26.10211+00	150	Red Hat System Administration I - Kampanj beställ senast 30/6 (RH124) - Videolänk: 2020-06-08 07:00	3		16	7
26	2020-06-05 11:02:02.111338+00	149	Red Hat System Administration I - Kampanj beställ senast 30/6 (RH124) - Videolänk: 2020-05-11 07:00	3		16	7
27	2020-06-05 11:02:52.703993+00	165	RHCSA Rapid Track Course - Kampanj beställ senast 30/6 (RH199) - Videolänk: 2020-06-08 09:00	3		16	7
30	2020-08-13 06:55:45.252052+00	555	Red Hat OpenStack Administration II: Infrastructure Configuration for Cloud Administrators (CL210) - Klassrum	2	[{"changed": {"fields": ["Format", "Status", "Schedule"]}}]	16	7
31	2020-08-13 06:56:08.227417+00	555	Red Hat OpenStack Administration II: Infrastructure Configuration for Cloud Administrators (CL210) - Klassrum	2	[]	16	7
32	2020-09-29 14:22:47.560437+00	29	Jan Olsson	2	[{"changed": {"fields": ["Phone number"]}}]	18	7
35	2020-11-17 15:49:39.318624+00	368	Implementing with Red Hat JBoss BRMS (JB465) - Videolänk: 2021-03-15 11:00	3		16	7
36	2020-11-17 15:49:39.322767+00	178	Implementing with Red Hat JBoss BRMS (JB465) - E-lärande	3		16	7
37	2020-11-17 15:49:39.323709+00	99	Implementing with Red Hat JBoss BRMS (JB465) - Videolänk: 2020-12-14 11:00	3		16	7
39	2021-02-10 15:28:21.952699+00	38	Patrick Pettersson	2	[{"changed": {"fields": ["E-mail", "Red Hat ID"]}}]	18	7
40	2021-02-10 15:28:45.105658+00	39	Edvard Lindgren	2	[{"changed": {"fields": ["E-mail", "Red Hat ID"]}}]	18	7
44	2022-01-19 12:54:00.60553+00	961	Red Hat System Administration I (RH124) - Klassrum	2	[{"changed": {"fields": ["Status", "Schedule"]}}]	16	7
45	2022-01-19 12:56:02.798617+00	961	Red Hat System Administration I (RH124) - Klassrum	2	[{"changed": {"fields": ["Status"]}}]	16	7
46	2022-02-17 13:09:18.165438+00	1265	RHLS Premium (LS520) - Abonnemang	1	[{"added": {}}]	16	7
47	2022-07-01 08:16:47.52793+00	1186	Red Hat OpenShift Development II: Containerizing Applications (DO288) - Videolänk	2	[{"changed": {"fields": ["Format", "Schedule"]}}]	16	7
48	2022-08-17 09:55:31.635322+00	1360	Red Hat System Administration I (RH124) - Videolänk: 2022-09-12 08:00	3		16	7
49	2022-08-18 09:06:36.133195+00	1309	Red Hat OpenStack Administration I: Core Operations for Domain Operators (CL110) - Videolänk: 2022-09-19 08:00	3		16	7
50	2022-08-18 09:13:26.09472+00	1282	Cloud Storage with Red Hat Ceph Storage (CL260) - Videolänk: 2022-09-05 08:00	3		16	7
51	2022-08-18 09:57:42.413863+00	1294	Red Hat OpenShift I: Containers & Kubernetes (DO180) - Videolänk: 2022-09-19 08:00	3		16	7
52	2022-08-18 10:03:21.766845+00	1271	Red Hat OpenShift Administration II: Operating a Production Kubernetes Cluster (DO280) - Videolänk: 2022-09-26 08:00	3		16	7
53	2022-08-18 10:04:56.583544+00	1303	Containers, Kubernetes, and Red Hat OpenShift Administration II (DO285) - Videolänk: 2022-09-05 08:00	3		16	7
54	2022-08-18 10:06:50.13087+00	1413	Red Hat OpenShift Development II: Containerizing Applications (DO288) - Videolänk: 2022-08-29 08:00	3		16	7
55	2022-08-18 10:09:30.104469+00	1371	Containers, Kubernetes, and Red Hat OpenShift Development II (DO295) - Videolänk: 2022-09-26 08:00	3		16	7
56	2022-08-18 10:13:37.070854+00	1432	Microsoft Windows Automation with Red Hat Ansible (DO417) - Videolänk: 2022-09-12 08:00	3		16	7
57	2022-08-18 10:15:05.650912+00	1365	Red Hat Ansible for Network Automation (DO457) - Videolänk: 2022-08-22 08:00	3		16	7
58	2022-08-18 10:18:17.95741+00	1319	Red Hat System Administration II (RH134) - Videolänk: 2022-08-22 08:00	3		16	7
59	2022-08-18 10:19:11.433739+00	1320	Red Hat System Administration II (RH134) - Videolänk: 2022-09-19 08:00	3		16	7
60	2022-08-18 10:20:31.9524+00	1331	RHCSA Rapid Track Course (RH199) - Videolänk: 2022-08-29 08:00	3		16	7
61	2022-08-18 10:20:31.966509+00	1332	RHCSA Rapid Track Course (RH199) - Videolänk: 2022-09-26 08:00	3		16	7
62	2022-08-18 10:22:01.399729+00	1343	Red Hat Enterprise Linux Automation with Ansible (RH294) - Videolänk: 2022-09-05 08:00	3		16	7
63	2022-08-18 10:28:13.313115+00	1389	Red Hat Satellite 6 Administration (RH403) - Videolänk: 2022-08-29 08:00	3		16	7
64	2023-03-20 12:04:21.250177+00	38	Caterina Kullman	2	[{"changed": {"fields": ["User permissions"]}}]	25	7
65	2023-03-20 12:05:53.968502+00	38	Caterina Kullman	2	[{"changed": {"fields": ["Email address"]}}]	25	7
66	2023-03-20 16:02:53.364186+00	38	Caterina Kullman	2	[{"changed": {"fields": ["Staff status"]}}]	25	67
\.


--
-- Data for Name: django_celery_beat_clockedschedule; Type: TABLE DATA; Schema: public; Owner: -
--

COPY public.django_celery_beat_clockedschedule (id, clocked_time) FROM stdin;
\.


--
-- Data for Name: django_celery_beat_crontabschedule; Type: TABLE DATA; Schema: public; Owner: -
--

COPY public.django_celery_beat_crontabschedule (id, minute, hour, day_of_week, day_of_month, month_of_year, timezone) FROM stdin;
3	0	*	*	*	*	Europe/Stockholm
4	0	3	*	*	*	Europe/Stockholm
2	0	5	*	*	*	Europe/Stockholm
1	0	4	*	*	*	Europe/Stockholm
5	0	4	*	*	*	UTC
\.


--
-- Data for Name: django_celery_beat_intervalschedule; Type: TABLE DATA; Schema: public; Owner: -
--

COPY public.django_celery_beat_intervalschedule (id, every, period) FROM stdin;
\.


--
-- Data for Name: django_celery_beat_periodictask; Type: TABLE DATA; Schema: public; Owner: -
--

COPY public.django_celery_beat_periodictask (id, name, task, args, kwargs, queue, exchange, routing_key, expires, enabled, last_run_at, total_run_count, date_changed, description, crontab_id, interval_id, solar_id, one_off, start_time, priority, headers, clocked_id, expire_seconds) FROM stdin;
4	Uppdatera hela sökindexet	lexher.home.tasks.update_index	[]	{}	\N	\N	\N	\N	t	2021-08-30 01:00:00.016206+00	467	2021-08-30 01:01:55.286798+00		4	\N	\N	f	\N	\N	{}	\N	\N
2	Kursskrapning	lexher.training.tasks.scrape_courses	[]	{}	\N	\N	\N	\N	t	2021-08-30 03:00:00.028773+00	467	2021-08-30 03:02:15.321749+00		2	\N	\N	f	\N	\N	{}	\N	\N
1	celery.backend_cleanup	celery.backend_cleanup	[]	{}	\N	\N	\N	\N	t	2021-08-30 04:00:00.037496+00	468	2021-08-30 11:08:05.63371+00		5	\N	\N	f	\N	\N	{}	\N	43200
5	Remove old carts	lexher.training.tasks.remove_abandoned_carts	[]	{}	\N	\N	\N	\N	t	2021-08-30 11:00:00.012315+00	11007	2021-08-30 11:00:35.101214+00		3	\N	\N	f	\N	\N	{}	\N	\N
3	Publcera schemalagda sidor	lexher.home.tasks.publish_scheduled_pages	[]	{}	\N	\N	\N	\N	t	2021-08-30 11:00:00.002921+00	11196	2021-08-30 11:00:35.113072+00		3	\N	\N	f	\N	\N	{}	\N	\N
\.


--
-- Data for Name: django_celery_beat_periodictasks; Type: TABLE DATA; Schema: public; Owner: -
--

COPY public.django_celery_beat_periodictasks (ident, last_update) FROM stdin;
1	2021-08-30 11:08:05.632151+00
\.


--
-- Data for Name: django_celery_beat_solarschedule; Type: TABLE DATA; Schema: public; Owner: -
--

COPY public.django_celery_beat_solarschedule (id, event, latitude, longitude) FROM stdin;
\.


--
-- Data for Name: django_content_type; Type: TABLE DATA; Schema: public; Owner: -
--

COPY public.django_content_type (id, app_label, model) FROM stdin;
1	wagtailcore	page
2	wagtailimages	image
3	lexher_home	homepage
4	wagtailadmin	admin
5	wagtaildocs	document
6	lexher_home	contentcategory
7	lexher_home	formpage
8	lexher_home	formfield
9	lexher_home	generalpage
10	lexher_home	menuitempage
11	lexher_training	checkoutpage
12	lexher_training	coursecategory
14	lexher_training	coursedetailpage
15	lexher_training	courselistpage
16	lexher_training	courseoccasion
17	lexher_training	coursepackage
18	lexher_training	courseparticipant
19	lexher_training	invoice
20	lexher_training	occasiondatesandtimes
21	lexher_training	order
22	lexher_training	orderrow
23	lexher_training	coursepackagemember
24	lexher_training	coursepackagecategory
25	lexher_users	user
26	lexher_gallery	galleryindexpage
27	lexher_gallery	gallerypage
28	admin	logentry
29	auth	permission
30	auth	group
31	contenttypes	contenttype
32	sessions	session
33	sites	site
34	wagtailforms	formsubmission
35	wagtailredirects	redirect
36	wagtailembeds	embed
37	wagtailusers	userprofile
38	wagtailimages	rendition
39	wagtailsearch	query
40	wagtailsearch	querydailyhits
41	wagtailcore	grouppagepermission
42	wagtailcore	pagerevision
43	wagtailcore	pageviewrestriction
44	wagtailcore	site
45	wagtailcore	collection
46	wagtailcore	groupcollectionpermission
47	wagtailcore	collectionviewrestriction
48	taggit	tag
49	taggit	taggeditem
50	postgres_search	indexentry
51	microsoft_auth	microsoftaccount
52	microsoft_auth	xboxliveaccount
53	wagtailmenus	flatmenu
54	wagtailmenus	flatmenuitem
55	wagtailmenus	mainmenu
56	wagtailmenus	mainmenuitem
57	lexher_home	linkpage
58	lexher_training	coursepackagelistpage
59	lexher_home	contact
60	lexher_home	contactpage
61	lexher_home	contactpagecontact
62	lexher_training	edutrackpage
63	wagtailimages	uploadedimage
64	lexher_consultants	jobadpage
65	django_celery_beat	crontabschedule
66	django_celery_beat	intervalschedule
67	django_celery_beat	periodictask
68	django_celery_beat	periodictasks
69	django_celery_beat	solarschedule
70	django_celery_beat	clockedschedule
71	lexher_consultants	salescontact
13	lexher_training	redhatlearningsubscriptionpage
72	lexher_training	competencelevel
73	lexher_training	edutrackcoursemember
74	lexher_training	emailmessage
80	joyous	calendarpage
81	joyous	cancellationpage
82	joyous	eventcategory
83	joyous	extrainfopage
84	joyous	grouppage
85	joyous	multidayeventpage
86	joyous	recurringeventpage
87	joyous	simpleeventpage
88	joyous	postponementpage
89	joyous	generalcalendarpage
90	joyous	specificcalendarpage
91	joyous	reschedulemultidayeventpage
92	joyous	multidayrecurringeventpage
93	lexher_employees	employee
94	lexher_employees	teampage
95	lexher_employees	teammember
96	lexher_intranet	infopage
97	lexher_intranet	infosection
98	blog	blogcategory
99	blog	blogcategoryblogpage
100	blog	blogindexpage
101	blog	blogpage
102	blog	blogpagetag
103	blog	blogtag
104	lexher_training	bundle
105	lexher_training	bundlecourse
106	lexher_training	bundlelistpage
107	joyous	closedfor
108	joyous	extcancellationpage
109	joyous	closedforholidayspage
110	lexher_consultants	lexheracademyapplicationpage
111	wagtailcore	groupapprovaltask
112	lexher_intranet	lexherdocument
113	lexher_intranet	knowledgebasepage
114	wagtailcore	task
115	wagtailcore	taskstate
116	wagtailcore	workflow
117	wagtailcore	workflowstate
118	wagtailcore	workflowpage
119	wagtailcore	workflowtask
120	wagtailcore	pagelogentry
121	lexher_training	campaignpage
122	lexher_training	campaigncourse
123	lexher_training	watchlistitem
124	wagtailcore	locale
125	lexher_home	homepagebutton
126	lexher_training	purchaseorder
127	wagtaildocs	uploadeddocument
128	wagtailcore	comment
129	wagtailcore	commentreply
130	wagtailcore	pagesubscription
131	content	blockspage
132	lexher_home	contentsettings
133	lexher_training	redhatimportstatus
\.


--
-- Data for Name: django_migrations; Type: TABLE DATA; Schema: public; Owner: -
--

COPY public.django_migrations (id, app, name, applied) FROM stdin;
1	contenttypes	0001_initial	2020-04-14 15:08:34.438524+00
2	contenttypes	0002_remove_content_type_name	2020-04-14 15:08:34.458467+00
3	auth	0001_initial	2020-04-14 15:08:34.476124+00
4	auth	0002_alter_permission_name_max_length	2020-04-14 15:08:34.505277+00
5	auth	0003_alter_user_email_max_length	2020-04-14 15:08:34.517094+00
6	auth	0004_alter_user_username_opts	2020-04-14 15:08:34.525237+00
7	auth	0005_alter_user_last_login_null	2020-04-14 15:08:34.532219+00
8	auth	0006_require_contenttypes_0002	2020-04-14 15:08:34.533899+00
9	auth	0007_alter_validators_add_error_messages	2020-04-14 15:08:34.53995+00
10	auth	0008_alter_user_username_max_length	2020-04-14 15:08:34.54582+00
11	auth	0009_alter_user_last_name_max_length	2020-04-14 15:08:34.551424+00
12	auth	0010_alter_group_name_max_length	2020-04-14 15:08:34.557592+00
13	auth	0011_update_proxy_permissions	2020-04-14 15:08:34.563599+00
14	lexher_users	0001_initial	2020-04-14 15:08:34.577474+00
15	admin	0001_initial	2020-04-14 15:08:34.597169+00
16	admin	0002_logentry_remove_auto_add	2020-04-14 15:08:34.609351+00
17	admin	0003_logentry_add_action_flag_choices	2020-04-14 15:08:34.617147+00
18	wagtailcore	0001_initial	2020-04-14 15:08:34.789986+00
19	wagtailcore	0002_initial_data	2020-04-14 15:08:34.791052+00
20	wagtailcore	0003_add_uniqueness_constraint_on_group_page_permission	2020-04-14 15:08:34.792173+00
21	wagtailcore	0004_page_locked	2020-04-14 15:08:34.794082+00
22	wagtailcore	0005_add_page_lock_permission_to_moderators	2020-04-14 15:08:34.795133+00
23	wagtailcore	0006_add_lock_page_permission	2020-04-14 15:08:34.79646+00
24	wagtailcore	0007_page_latest_revision_created_at	2020-04-14 15:08:34.797368+00
25	wagtailcore	0008_populate_latest_revision_created_at	2020-04-14 15:08:34.798545+00
26	wagtailcore	0009_remove_auto_now_add_from_pagerevision_created_at	2020-04-14 15:08:34.799478+00
27	wagtailcore	0010_change_page_owner_to_null_on_delete	2020-04-14 15:08:34.800423+00
28	wagtailcore	0011_page_first_published_at	2020-04-14 15:08:34.803664+00
29	wagtailcore	0012_extend_page_slug_field	2020-04-14 15:08:34.80703+00
30	wagtailcore	0013_update_golive_expire_help_text	2020-04-14 15:08:34.808094+00
31	wagtailcore	0014_add_verbose_name	2020-04-14 15:08:34.809158+00
32	wagtailcore	0015_add_more_verbose_names	2020-04-14 15:08:34.81037+00
33	wagtailcore	0016_change_page_url_path_to_text_field	2020-04-14 15:08:34.8114+00
34	wagtailcore	0017_change_edit_page_permission_description	2020-04-14 15:08:34.850546+00
35	wagtailcore	0018_pagerevision_submitted_for_moderation_index	2020-04-14 15:08:34.868609+00
36	wagtailcore	0019_verbose_names_cleanup	2020-04-14 15:08:34.932895+00
37	wagtailcore	0020_add_index_on_page_first_published_at	2020-04-14 15:08:34.952634+00
38	wagtailcore	0021_capitalizeverbose	2020-04-14 15:08:35.464645+00
39	wagtailcore	0022_add_site_name	2020-04-14 15:08:35.485995+00
40	wagtailcore	0023_alter_page_revision_on_delete_behaviour	2020-04-14 15:08:35.511663+00
41	wagtailcore	0024_collection	2020-04-14 15:08:35.521462+00
42	wagtailcore	0025_collection_initial_data	2020-04-14 15:08:35.536244+00
43	wagtailcore	0026_group_collection_permission	2020-04-14 15:08:35.55919+00
44	wagtailcore	0027_fix_collection_path_collation	2020-04-14 15:08:35.581341+00
45	wagtailcore	0024_alter_page_content_type_on_delete_behaviour	2020-04-14 15:08:35.602187+00
46	wagtailcore	0028_merge	2020-04-14 15:08:35.604879+00
47	wagtailcore	0029_unicode_slugfield_dj19	2020-04-14 15:08:35.623047+00
48	wagtailcore	0030_index_on_pagerevision_created_at	2020-04-14 15:08:35.634692+00
49	wagtailcore	0031_add_page_view_restriction_types	2020-04-14 15:08:35.671226+00
50	wagtailcore	0032_add_bulk_delete_page_permission	2020-04-14 15:08:35.687032+00
51	wagtailcore	0033_remove_golive_expiry_help_text	2020-04-14 15:08:35.709234+00
52	wagtailcore	0034_page_live_revision	2020-04-14 15:08:35.721903+00
53	wagtailcore	0035_page_last_published_at	2020-04-14 15:08:35.73567+00
54	wagtailcore	0036_populate_page_last_published_at	2020-04-14 15:08:35.750613+00
55	wagtailcore	0037_set_page_owner_editable	2020-04-14 15:08:35.767456+00
56	wagtailcore	0038_make_first_published_at_editable	2020-04-14 15:08:35.781363+00
57	wagtailcore	0039_collectionviewrestriction	2020-04-14 15:08:35.82059+00
58	wagtailcore	0040_page_draft_title	2020-04-14 15:08:35.861954+00
59	wagtailcore	0041_group_collection_permissions_verbose_name_plural	2020-04-14 15:08:35.87578+00
60	wagtailcore	0042_index_on_pagerevision_approved_go_live_at	2020-04-14 15:08:35.888118+00
61	wagtailcore	0043_lock_fields	2020-04-14 15:08:35.912475+00
62	wagtailcore	0044_add_unlock_grouppagepermission	2020-04-14 15:08:35.925093+00
63	wagtailcore	0045_assign_unlock_grouppagepermission	2020-04-14 15:08:35.944316+00
64	lexher_gallery	0001_initial	2020-04-14 15:08:35.976645+00
65	lexher_gallery	0002_document_block	2020-04-14 15:08:35.99378+00
66	taggit	0001_initial	2020-04-14 15:08:36.017067+00
67	wagtailimages	0001_initial	2020-04-14 15:08:36.240625+00
68	wagtailimages	0002_initial_data	2020-04-14 15:08:36.241943+00
69	wagtailimages	0003_fix_focal_point_fields	2020-04-14 15:08:36.242939+00
70	wagtailimages	0004_make_focal_point_key_not_nullable	2020-04-14 15:08:36.243897+00
71	wagtailimages	0005_make_filter_spec_unique	2020-04-14 15:08:36.24484+00
72	wagtailimages	0006_add_verbose_names	2020-04-14 15:08:36.245803+00
73	wagtailimages	0007_image_file_size	2020-04-14 15:08:36.24675+00
74	wagtailimages	0008_image_created_at_index	2020-04-14 15:08:36.247718+00
75	wagtailimages	0009_capitalizeverbose	2020-04-14 15:08:36.248682+00
76	wagtailimages	0010_change_on_delete_behaviour	2020-04-14 15:08:36.249629+00
77	wagtailimages	0011_image_collection	2020-04-14 15:08:36.250592+00
78	wagtailimages	0012_copy_image_permissions_to_collections	2020-04-14 15:08:36.251556+00
79	wagtailimages	0013_make_rendition_upload_callable	2020-04-14 15:08:36.252502+00
80	wagtailimages	0014_add_filter_spec_field	2020-04-14 15:08:36.253449+00
81	wagtailimages	0015_fill_filter_spec_field	2020-04-14 15:08:36.254495+00
82	wagtailimages	0016_deprecate_rendition_filter_relation	2020-04-14 15:08:36.255442+00
83	wagtailimages	0017_reduce_focal_point_key_max_length	2020-04-14 15:08:36.256403+00
84	wagtailimages	0018_remove_rendition_filter	2020-04-14 15:08:36.257342+00
85	wagtailimages	0019_delete_filter	2020-04-14 15:08:36.258309+00
86	wagtailimages	0020_add-verbose-name	2020-04-14 15:08:36.259237+00
87	wagtailimages	0021_image_file_hash	2020-04-14 15:08:36.26018+00
88	lexher_home	0001_initial	2020-04-14 15:08:36.327922+00
89	lexher_home	0002_homepage	2020-04-14 15:08:36.378137+00
90	lexher_home	0003_formfield_formpage	2020-04-14 15:08:36.42539+00
91	lexher_home	0004_generalpage	2020-04-14 15:08:36.454351+00
92	lexher_home	0005_home_updates	2020-04-14 15:08:36.579409+00
93	lexher_home	0006_menu_item	2020-04-14 15:08:36.635872+00
94	lexher_home	0007_list_blocks	2020-04-14 15:08:36.675114+00
95	lexher_home	0008_label_updates	2020-04-14 15:08:36.851756+00
96	lexher_home	0009_page_push_block	2020-04-14 15:08:36.967553+00
97	lexher_home	0010_big_update	2020-04-14 15:08:37.081308+00
98	lexher_training	0001_initial	2020-04-14 15:08:37.411873+00
99	lexher_training	0002_course_package	2020-04-14 15:08:37.537808+00
100	lexher_training	0003_move_spots_to_occasion	2020-04-14 15:08:37.686855+00
101	lexher_training	0004_objectives_and_audience	2020-04-14 15:08:37.736136+00
102	lexher_training	0005_courseoccasion_redhat_offering_id	2020-04-14 15:08:37.758115+00
103	lexher_training	0006_course_page_updates	2020-04-14 15:08:37.816235+00
104	lexher_training	0007_course_list_body	2020-04-14 15:08:37.84208+00
105	lexher_training	0008_label_updates	2020-04-14 15:08:38.265239+00
106	lexher_training	0009_page_push_block	2020-04-14 15:08:38.282109+00
107	lexher_training	0010_big_update	2020-04-14 15:08:38.460516+00
108	microsoft_auth	0001_initial	2020-04-14 15:08:38.520288+00
109	microsoft_auth	0002_fix_microsoft_id_length	2020-04-14 15:08:38.536462+00
110	microsoft_auth	0003_microsoft_id_openid	2020-04-14 15:08:38.549321+00
111	postgres_search	0001_initial	2020-04-14 15:08:38.578514+00
112	postgres_search	0002_add_autocomplete	2020-04-14 15:08:38.637016+00
113	sessions	0001_initial	2020-04-14 15:08:38.64478+00
114	sites	0001_initial	2020-04-14 15:08:38.652016+00
115	sites	0002_alter_domain_unique	2020-04-14 15:08:38.658337+00
116	taggit	0002_auto_20150616_2121	2020-04-14 15:08:38.668978+00
117	taggit	0003_taggeditem_add_unique_index	2020-04-14 15:08:38.680088+00
118	wagtailadmin	0001_create_admin_access_permissions	2020-04-14 15:08:38.725635+00
119	wagtaildocs	0001_initial	2020-04-14 15:08:38.749388+00
120	wagtaildocs	0002_initial_data	2020-04-14 15:08:38.798704+00
121	wagtaildocs	0003_add_verbose_names	2020-04-14 15:08:38.850118+00
122	wagtaildocs	0004_capitalizeverbose	2020-04-14 15:08:38.944988+00
123	wagtaildocs	0005_document_collection	2020-04-14 15:08:38.970803+00
124	wagtaildocs	0006_copy_document_permissions_to_collections	2020-04-14 15:08:39.019282+00
125	wagtaildocs	0005_alter_uploaded_by_user_on_delete_action	2020-04-14 15:08:39.043102+00
126	wagtaildocs	0007_merge	2020-04-14 15:08:39.044919+00
127	wagtaildocs	0008_document_file_size	2020-04-14 15:08:39.063736+00
128	wagtaildocs	0009_document_verbose_name_plural	2020-04-14 15:08:39.080123+00
129	wagtaildocs	0010_document_file_hash	2020-04-14 15:08:39.098807+00
130	wagtailembeds	0001_initial	2020-04-14 15:08:39.112373+00
131	wagtailembeds	0002_add_verbose_names	2020-04-14 15:08:39.117379+00
132	wagtailembeds	0003_capitalizeverbose	2020-04-14 15:08:39.122293+00
133	wagtailembeds	0004_embed_verbose_name_plural	2020-04-14 15:08:39.126862+00
134	wagtailembeds	0005_specify_thumbnail_url_max_length	2020-04-14 15:08:39.13233+00
135	wagtailforms	0001_initial	2020-04-14 15:08:39.153541+00
136	wagtailforms	0002_add_verbose_names	2020-04-14 15:08:39.174661+00
137	wagtailforms	0003_capitalizeverbose	2020-04-14 15:08:39.297462+00
138	wagtailforms	0004_add_verbose_name_plural	2020-04-14 15:08:39.307565+00
139	wagtailmenus	0001_initial	2020-04-14 15:08:39.444016+00
140	wagtailmenus	0002_auto_20160129_0901	2020-04-14 15:08:39.481736+00
141	wagtailmenus	0003_auto_20160129_2339	2020-04-14 15:08:39.604731+00
142	wagtailmenus	0004_auto_20160130_0024	2020-04-14 15:08:39.657975+00
143	wagtailmenus	0005_auto_20160130_2209	2020-04-14 15:08:39.734885+00
144	wagtailmenus	0006_auto_20160131_1347	2020-04-14 15:08:39.778115+00
145	wagtailmenus	0007_auto_20160131_2000	2020-04-14 15:08:39.859133+00
146	wagtailmenus	0008_auto_20160131_2327	2020-04-14 15:08:39.971232+00
147	wagtailmenus	0009_auto_20160201_0859	2020-04-14 15:08:39.985677+00
148	wagtailmenus	0010_auto_20160201_1558	2020-04-14 15:08:40.008531+00
149	wagtailmenus	0011_auto_20160415_1519	2020-04-14 15:08:40.035148+00
150	wagtailmenus	0012_auto_20160419_0039	2020-04-14 15:08:40.305514+00
151	wagtailmenus	0013_auto_20160423_1124	2020-04-14 15:08:40.336876+00
152	wagtailmenus	0014_auto_20160423_1339	2020-04-14 15:08:40.36518+00
153	wagtailmenus	0015_auto_20160423_1348	2020-04-14 15:08:40.391605+00
154	wagtailmenus	0016_auto_20160930_0645	2020-04-14 15:08:40.427827+00
155	wagtailmenus	0017_auto_20161013_1658	2020-04-14 15:08:40.493711+00
156	wagtailmenus	0018_auto_20161204_2043	2020-04-14 15:08:40.515152+00
157	wagtailmenus	0019_auto_20161204_2143	2020-04-14 15:08:40.529261+00
158	wagtailmenus	0020_auto_20161210_0004	2020-04-14 15:08:40.624392+00
159	wagtailmenus	0021_auto_20170106_2352	2020-04-14 15:08:40.652223+00
160	wagtailmenus	0022_auto_20170913_2125	2020-04-14 15:08:40.679032+00
161	wagtailmenus	0023_remove_use_specific	2020-04-14 15:08:40.695501+00
162	wagtailredirects	0001_initial	2020-04-14 15:08:40.721045+00
163	wagtailredirects	0002_add_verbose_names	2020-04-14 15:08:40.761029+00
164	wagtailredirects	0003_make_site_field_editable	2020-04-14 15:08:40.786285+00
165	wagtailredirects	0004_set_unique_on_path_and_site	2020-04-14 15:08:40.815228+00
166	wagtailredirects	0005_capitalizeverbose	2020-04-14 15:08:41.012972+00
167	wagtailredirects	0006_redirect_increase_max_length	2020-04-14 15:08:41.027506+00
168	wagtailsearch	0001_initial	2020-04-14 15:08:41.100399+00
169	wagtailsearch	0002_add_verbose_names	2020-04-14 15:08:41.1586+00
170	wagtailsearch	0003_remove_editors_pick	2020-04-14 15:08:41.183849+00
171	wagtailsearch	0004_querydailyhits_verbose_name_plural	2020-04-14 15:08:41.19+00
172	wagtailusers	0001_initial	2020-04-14 15:08:41.21335+00
173	wagtailusers	0002_add_verbose_name_on_userprofile	2020-04-14 15:08:41.251195+00
174	wagtailusers	0003_add_verbose_names	2020-04-14 15:08:41.263713+00
175	wagtailusers	0004_capitalizeverbose	2020-04-14 15:08:41.310139+00
176	wagtailusers	0005_make_related_name_wagtail_specific	2020-04-14 15:08:41.331662+00
177	wagtailusers	0006_userprofile_prefered_language	2020-04-14 15:08:41.348006+00
178	wagtailusers	0007_userprofile_current_time_zone	2020-04-14 15:08:41.362519+00
179	wagtailusers	0008_userprofile_avatar	2020-04-14 15:08:41.377109+00
180	wagtailusers	0009_userprofile_verbose_name_plural	2020-04-14 15:08:41.389066+00
181	wagtailimages	0001_squashed_0021	2020-04-14 15:08:41.392937+00
182	wagtailcore	0001_squashed_0016_change_page_url_path_to_text_field	2020-04-14 15:08:41.394123+00
183	lexher_training	0011_labels	2020-04-14 19:02:39.084056+00
184	lexher_home	0011_block_updates	2020-04-17 08:33:30.67487+00
185	lexher_training	0012_block_updates	2020-04-17 08:33:30.742569+00
186	lexher_home	0012_alternative_header	2020-04-17 13:42:10.116011+00
187	lexher_training	0013_alternative_header	2020-04-17 13:42:10.324253+00
188	lexher_training	0014_color_theme	2020-04-17 15:33:27.301785+00
189	lexher_home	0013_remove_feature_list	2020-04-20 11:45:39.254478+00
190	lexher_training	0015_remove_feature_list	2020-04-20 11:45:39.321246+00
191	lexher_training	0016_alter_occasion_blank	2020-04-20 15:04:11.008312+00
192	lexher_training	0017_checkoutpage_success_page	2020-04-21 10:17:03.58312+00
193	lexher_home	0014_linkpage	2020-04-21 10:25:52.276949+00
194	lexher_training	0018_coursepackagelistpage	2020-04-22 15:50:33.379852+00
195	lexher_training	0019_occasion_delivery_methods	2020-04-23 20:03:18.902771+00
196	lexher_training	0020_labels	2020-04-23 20:07:16.642171+00
197	lexher_training	0021_labels	2020-04-24 07:54:36.889293+00
198	lexher_home	0015_contacts	2020-04-28 13:55:17.544598+00
199	lexher_training	0022_edu_track_page	2020-04-28 13:55:18.053446+00
200	lexher_training	0023_contacts	2020-04-28 13:55:18.140701+00
201	lexher_home	0016_block_updates	2020-04-29 07:20:20.481856+00
202	lexher_training	0024_block_updates	2020-04-29 07:20:20.585901+00
203	lexher_home	0017_more_block_updates	2020-04-30 08:04:17.955786+00
204	lexher_training	0025_more_block_updates	2020-04-30 08:04:18.067341+00
205	lexher_home	0018_order_no_and_split_invoice	2020-05-05 11:32:46.984575+00
206	lexher_training	0026_rename_course_level	2020-05-05 11:32:47.048624+00
207	lexher_training	0027_rename_row_code_sku	2020-05-05 11:32:47.090843+00
208	lexher_training	0028_occasion_schedule_array_field	2020-05-05 11:32:47.278268+00
209	lexher_training	0029_remove_courseoccasion_spots	2020-05-05 11:32:47.313381+00
210	lexher_training	0030_order_no_and_split_invoice	2020-05-05 11:32:47.54057+00
211	lexher_training	0031_invoice_invoice_no	2020-05-05 11:32:47.556679+00
212	lexher_training	0032_edutrackpage_more_info	2020-05-05 11:32:47.594815+00
213	lexher_training	0033_objectives_audience_blank	2020-05-05 12:16:28.142013+00
214	lexher_home	0019_contact_page_redo	2020-05-08 10:16:43.747797+00
215	lexher_home	0020_no_contacts_block	2020-05-08 10:35:43.207428+00
216	lexher_training	0034_no_contacts_block	2020-05-08 10:35:43.469058+00
217	lexher_home	0021_new_block	2020-05-10 14:21:31.757732+00
218	lexher_home	0022_alter_contact_address_field	2020-05-10 14:21:31.791344+00
219	lexher_training	0035_new_block	2020-05-10 14:21:31.988143+00
220	lexher_training	0036_red_hat_id_null	2020-05-11 14:49:28.679815+00
221	lexher_training	0037_toc_page_link	2020-05-11 15:00:41.966462+00
222	lexher_gallery	0003_on_delete_setting	2020-05-13 09:40:50.22794+00
223	wagtailimages	0022_uploadedimage	2020-05-13 10:33:43.392689+00
224	django_celery_beat	0001_initial	2020-05-15 11:36:33.406918+00
225	django_celery_beat	0002_auto_20161118_0346	2020-05-15 11:36:33.439209+00
226	django_celery_beat	0003_auto_20161209_0049	2020-05-15 11:36:33.463418+00
227	django_celery_beat	0004_auto_20170221_0000	2020-05-15 11:36:33.471337+00
228	django_celery_beat	0005_add_solarschedule_events_choices	2020-05-15 11:36:33.479905+00
229	django_celery_beat	0006_auto_20180322_0932	2020-05-15 11:36:33.518809+00
230	django_celery_beat	0007_auto_20180521_0826	2020-05-15 11:36:33.541325+00
231	django_celery_beat	0008_auto_20180914_1922	2020-05-15 11:36:33.581031+00
232	django_celery_beat	0006_auto_20180210_1226	2020-05-15 11:36:33.608548+00
233	django_celery_beat	0006_periodictask_priority	2020-05-15 11:36:33.618591+00
234	django_celery_beat	0009_periodictask_headers	2020-05-15 11:36:33.639402+00
235	django_celery_beat	0010_auto_20190429_0326	2020-05-15 11:36:33.907452+00
236	django_celery_beat	0011_auto_20190508_0153	2020-05-15 11:36:33.93786+00
237	django_celery_beat	0012_periodictask_expire_seconds	2020-05-15 11:36:33.950715+00
238	lexher_consultants	0001_initial	2020-05-15 11:36:34.007527+00
239	lexher_consultants	0002_form_header_intro	2020-05-15 11:36:34.13666+00
240	lexher_consultants	0003_course_table_block	2020-05-15 11:36:34.287604+00
241	lexher_home	0023_form_header_intro	2020-05-15 11:36:34.457511+00
242	lexher_home	0024_course_table_block	2020-05-15 11:36:34.575062+00
243	lexher_training	0038_form_header_intro	2020-05-15 11:36:34.686954+00
244	lexher_training	0039_course_table_block	2020-05-15 11:36:34.818459+00
245	lexher_training	0040_index_changes	2020-05-16 10:14:42.130571+00
246	lexher_consultants	0004_sales_contact_snippet_and_block	2020-05-16 12:31:53.999897+00
247	lexher_home	0025_sales_contact_snippet_and_block	2020-05-16 12:31:54.109314+00
248	lexher_training	0041_sales_contact_snippet_and_block	2020-05-16 12:31:54.221216+00
249	lexher_consultants	0005_image_method	2020-05-17 09:49:55.130632+00
250	lexher_home	0026_image_method	2020-05-17 09:49:55.233902+00
251	lexher_training	0042_image_method	2020-05-17 09:49:55.34054+00
252	lexher_consultants	0006_email_page_type	2020-05-26 08:28:14.283146+00
253	lexher_home	0027_email_page_type	2020-05-26 08:28:14.398909+00
254	lexher_training	0043_track_member	2020-05-26 08:28:14.616254+00
255	lexher_training	0044_email_page_type	2020-05-26 08:28:14.798012+00
256	lexher_training	0045_rhls_page	2020-05-26 08:28:15.135865+00
257	lexher_training	0046_delete_email_page_type	2020-05-27 15:07:02.135403+00
258	lexher_training	0047_emailmessage	2020-05-27 15:07:02.166584+00
259	lexher_training	0048_delete_redhatlearningsubscriptionpage	2020-05-29 07:58:53.222365+00
260	lexher_home	0028_remove_subclassed_form_field_type	2020-06-02 10:59:06.666265+00
261	joyous	0001_initial	2020-06-16 15:12:41.415813+00
262	joyous	0002_auto_20180228_1449	2020-06-16 15:12:41.52471+00
263	joyous	0003_extrainfopage_extra_title	2020-06-16 15:12:41.565979+00
264	joyous	0004_auto_20180425_2355	2020-06-16 15:12:41.686443+00
265	joyous	0005_auto_20180522_1158	2020-06-16 15:12:42.186502+00
266	joyous	0006_generalcalendarpage_specificcalendarpage	2020-06-16 15:12:42.197866+00
267	joyous	0007_add_uid	2020-06-16 15:12:42.321784+00
268	joyous	0008_populate_uid	2020-06-16 15:12:42.737589+00
269	joyous	0009_alter_uid_notnull	2020-06-16 15:12:42.843164+00
270	joyous	0010_auto_20180920_1210	2020-06-16 15:12:42.896179+00
271	joyous	0011_auto_20180921_0700	2020-06-16 15:12:42.937164+00
272	joyous	0012_auto_20181231_1827	2020-06-16 15:12:43.003778+00
273	joyous	0013_auto_20190221_1152	2020-06-16 15:12:45.175673+00
274	joyous	0014_auto_20190328_0652	2020-06-16 15:12:45.293762+00
275	joyous	0015_auto_20190409_0645	2020-06-16 15:12:45.40893+00
276	blog	0001_initial	2020-06-16 15:13:36.273006+00
277	blog	0002_auto_20150226_2305	2020-06-16 15:13:36.280087+00
278	blog	0003_auto_20150323_2116	2020-06-16 15:13:36.285499+00
279	blog	0004_auto_20150427_2047	2020-06-16 15:13:36.287258+00
280	blog	0005_auto_20151019_1121	2020-06-16 15:13:36.288456+00
281	blog	0006_auto_20180206_2239	2020-06-16 15:13:36.289608+00
282	blog	0002_auto_20190605_1104	2020-06-16 15:13:36.357687+00
283	blog	0003_auto_20200105_1611	2020-06-16 15:13:36.405923+00
284	blog	0004_mark_more_strings_for_translation	2020-06-16 15:13:36.453338+00
285	lexher_consultants	0007_auto_20200615_2027	2020-06-16 15:13:36.506892+00
286	lexher_consultants	0008_auto_20200615_2229	2020-06-16 15:13:36.56526+00
287	lexher_consultants	0009_fix_document_list_block	2020-06-16 15:13:36.617294+00
288	lexher_employees	0001_initial	2020-06-16 15:13:36.738131+00
289	lexher_employees	0002_auto_20200615_2229	2020-06-16 15:13:36.80503+00
290	lexher_gallery	0004_index_page_updates	2020-06-16 15:13:37.057863+00
291	lexher_home	0029_auto_20200615_2027	2020-06-16 15:13:37.177211+00
292	lexher_home	0030_auto_20200615_2229	2020-06-16 15:13:37.326753+00
293	lexher_home	0031_fix_document_list_block	2020-06-16 15:13:37.471034+00
294	lexher_intranet	0001_initial	2020-06-16 15:13:37.548344+00
295	lexher_training	0049_auto_20200615_2027	2020-06-16 15:13:37.609228+00
296	lexher_training	0050_auto_20200615_2229	2020-06-16 15:13:37.67467+00
297	lexher_training	0051_fix_document_list_block	2020-06-16 15:13:37.753603+00
298	blog	0001_squashed_0006_auto_20180206_2239	2020-06-16 15:13:37.759898+00
299	lexher_employees	0003_employee_ordering	2020-06-16 20:21:41.916762+00
300	lexher_consultants	0010_delete_salescontact	2020-06-17 06:33:55.707124+00
301	lexher_consultants	0011_gallery_block	2020-06-25 14:03:57.542955+00
302	lexher_home	0032_gallery_block	2020-06-25 14:03:57.736392+00
303	lexher_training	0052_bundle	2020-06-25 14:03:58.206913+00
304	lexher_training	0053_kiosk_type	2020-06-25 14:03:58.328147+00
305	lexher_training	0054_gallery_block	2020-06-25 14:03:58.400108+00
306	lexher_training	0055_auto_20200625_1610	2020-06-25 14:11:03.628929+00
307	lexher_training	0056_bundlelistpage	2020-06-26 07:37:32.348281+00
308	lexher_training	0057_auto_20200626_1731	2020-06-26 15:34:37.894196+00
309	joyous	0016_closedfor_closedforholidayspage	2020-08-04 09:17:20.095025+00
310	joyous	0017_extcancellationpage	2020-08-04 09:17:20.224303+00
311	lexher_training	0058_redhat_offering_id_label	2020-08-24 14:51:09.947302+00
312	lexher_consultants	0012_jobadpage_pipeline	2020-08-28 07:36:54.120459+00
313	lexher_consultants	0013_lexheracademyapplicationpage	2020-08-29 13:32:24.343147+00
314	lexher_training	0059_occasions_timestamped	2020-09-22 15:20:57.893701+00
315	lexher_home	0033_formfield_clean_name	2020-09-26 14:38:00.72602+00
316	lexher_intranet	0002_knowledge_base	2020-09-26 14:38:01.052143+00
317	lexher_intranet	0003_migrate_documents	2020-09-26 14:38:01.204932+00
318	postgres_search	0003_title	2020-09-26 14:38:01.365688+00
319	wagtailcore	0046_site_name_remove_null	2020-09-26 14:38:01.399767+00
320	wagtailcore	0047_add_workflow_models	2020-09-26 14:38:02.156218+00
321	wagtailcore	0048_add_default_workflows	2020-09-26 14:38:02.671966+00
322	wagtailcore	0049_taskstate_finished_by	2020-09-26 14:38:02.741271+00
323	wagtailcore	0050_workflow_rejected_to_needs_changes	2020-09-26 14:38:02.901545+00
324	wagtailcore	0051_taskstate_comment	2020-09-26 14:38:02.938924+00
325	wagtailcore	0052_pagelogentry	2020-09-26 14:38:02.991818+00
326	lexher_training	0060_rh_id_not_unique	2020-09-29 15:08:16.077524+00
327	lexher_training	0061_coursedetailpage_category_set	2020-10-01 13:23:35.419083+00
328	lexher_training	0058_campaign_model	2020-10-19 12:09:12.984238+00
329	lexher_training	0059_campaign_for_courses	2020-10-19 12:09:13.31404+00
330	lexher_training	0060_merge_20200922_1120	2020-10-19 12:09:13.330647+00
331	lexher_training	0061_campaign_as_page	2020-10-19 12:09:13.501924+00
332	lexher_training	0062_delivery_methods_function	2020-10-19 12:09:13.560907+00
333	lexher_training	0063_campaign_course_m2m	2020-10-19 12:09:13.823791+00
334	lexher_training	0058_watchlistitem	2020-10-19 12:09:13.94739+00
335	lexher_training	0060_merge_20200922_1700	2020-10-19 12:09:13.966847+00
336	lexher_training	0064_merge_20200922_1730	2020-10-19 12:09:13.9692+00
337	lexher_training	0065_labels	2020-10-19 12:09:14.173352+00
338	lexher_training	0066_merge_20201019_1034	2020-10-19 12:09:14.176617+00
339	django_celery_beat	0013_auto_20200609_0727	2020-10-23 08:34:12.300229+00
340	django_celery_beat	0014_remove_clockedschedule_enabled	2020-10-23 08:34:12.331446+00
341	lexher_training	0067_invoice_invoice_address	2020-10-26 14:17:21.546886+00
342	lexher_training	0068_scraping_user	2020-10-28 09:23:33.263929+00
343	lexher_training	0069_alter_bundle_description	2020-11-12 12:09:38.328645+00
344	wagtailcore	0053_locale_model	2020-11-18 13:41:55.503753+00
345	wagtailcore	0054_initial_locale	2020-11-18 13:41:55.513715+00
346	wagtailcore	0055_page_locale_fields	2020-11-18 13:41:55.86882+00
347	wagtailcore	0056_page_locale_fields_populate	2020-11-18 13:41:56.216111+00
348	wagtailcore	0057_page_locale_fields_notnull	2020-11-18 13:41:56.391779+00
349	wagtailcore	0058_page_alias_of	2020-11-18 13:41:56.476223+00
350	wagtailcore	0059_apply_collection_ordering	2020-11-18 13:41:56.612888+00
351	lexher_home	0034_home_page_button_list	2020-12-01 09:27:29.02087+00
352	auth	0012_alter_user_first_name_max_length	2021-01-19 10:25:53.903512+00
353	django_celery_beat	0015_edit_solarschedule_events_choices	2021-01-19 10:25:53.919744+00
354	lexher_training	0070_courseoccasion_price_euro	2021-01-20 13:39:19.040409+00
355	lexher_training	0071_purchaseorder	2021-01-20 13:39:19.181489+00
356	lexher_training	0072_parental_keys	2021-01-20 13:39:19.691373+00
357	lexher_users	0002_alter_first_name_max_length	2021-01-20 13:39:19.729339+00
358	lexher_training	0073_red_hat_id_validation	2021-01-20 14:19:00.86726+00
359	lexher_intranet	0004_documents_list_page	2021-01-20 19:28:16.211499+00
360	lexher_intranet	0005_document_modified_monitor_field	2021-01-22 09:30:45.320534+00
361	lexher_training	0074_po_ref_non_editable	2021-02-03 09:27:00.361892+00
362	lexher_training	0075_raw_description	2021-07-07 07:47:13.052376+00
363	lexher_home	0003_formfield_formpage_squashed_0034_home_page_button_list	2021-08-19 14:24:40.217772+00
364	lexher_consultants	0001_squashed_0013_lexheracademyapplicationpage	2021-08-19 14:24:40.224735+00
365	lexher_training	0076_exam_delivery_type	2021-08-20 07:44:15.350916+00
366	lexher_training	0077_alter_coursedetailpage_raw_description	2021-08-20 07:44:15.472271+00
367	lexher_training	0078_alter_bundle_raw_description	2021-08-20 07:44:15.540067+00
368	lexher_home	0004_auto_20210823_1115	2021-08-26 07:19:34.806558+00
369	lexher_training	0001_squashed_0078_alter_bundle_raw_description	2021-08-26 07:19:34.817409+00
370	wagtailcore	0060_fix_workflow_unique_constraint	2021-08-30 12:02:13.158248+00
371	wagtailcore	0061_change_promote_tab_helpt_text_and_verbose_names	2021-08-30 12:02:13.716671+00
372	wagtailcore	0062_comment_models_and_pagesubscription	2021-08-30 12:02:15.111851+00
373	content	0001_initial	2021-08-30 12:02:15.671117+00
374	lexher_consultants	0002_auto_20210825_0952	2021-08-30 12:02:16.556782+00
375	lexher_home	0005_auto_20210825_0952	2021-08-30 12:02:17.253744+00
376	lexher_training	0002_auto_20210825_0952	2021-08-30 12:02:17.7345+00
377	postgres_search	0004_concat_index	2021-08-30 12:02:17.964445+00
378	wagtailadmin	0002_admin	2021-08-30 12:02:18.121364+00
379	wagtailadmin	0003_admin_managed	2021-08-30 12:02:18.323616+00
380	wagtaildocs	0011_add_choose_permissions	2021-08-30 12:02:20.755914+00
381	wagtaildocs	0012_uploadeddocument	2021-08-30 12:02:21.203922+00
382	wagtailembeds	0006_add_embed_hash	2021-08-30 12:02:21.411569+00
383	wagtailembeds	0007_populate_hash	2021-08-30 12:02:22.0537+00
384	wagtailembeds	0008_allow_long_urls	2021-08-30 12:02:22.739366+00
385	wagtailimages	0023_add_choose_permissions	2021-08-30 12:02:24.014506+00
386	wagtailusers	0010_userprofile_updated_comments_notifications	2021-08-30 12:02:24.348596+00
387	lexher_home	0006_contentsettings	2021-12-09 12:27:00.139481+00
388	lexher_home	0007_auto_20211214_1438	2021-12-14 14:01:32.69668+00
389	lexher_training	0003_auto_20211111_1256	2022-01-12 09:37:34.513612+00
390	lexher_training	0004_auto_20211112_1704	2022-01-12 09:37:37.357968+00
391	lexher_training	0005_remove_courseoccasion_price_euro	2022-01-12 09:37:37.599315+00
392	lexher_home	0008_auto_20220218_1146	2022-02-18 12:44:30.74066+00
393	lexher_training	0006_auto_20220218_0950	2022-02-18 12:44:33.104655+00
394	lexher_training	0007_redhatimportstatus_info	2022-05-19 11:34:43.672687+00
395	lexher_home	0009_auto_20220630_1109	2022-06-30 09:27:13.232069+00
\.


--
-- Data for Name: django_site; Type: TABLE DATA; Schema: public; Owner: -
--

COPY public.django_site (id, domain, name) FROM stdin;
1	lexher.se	Lexher
2	intranet.lexher.se	Intranätet
\.


--
-- Data for Name: joyous_calendarpage; Type: TABLE DATA; Schema: public; Owner: -
--

COPY public.joyous_calendarpage (page_ptr_id, intro, default_view, view_choices) FROM stdin;
194		M	L,W,M
\.


--
-- Data for Name: joyous_cancellationpage; Type: TABLE DATA; Schema: public; Owner: -
--

COPY public.joyous_cancellationpage (page_ptr_id, except_date, cancellation_title, cancellation_details, overrides_id) FROM stdin;
\.


--
-- Data for Name: joyous_closedfor; Type: TABLE DATA; Schema: public; Owner: -
--

COPY public.joyous_closedfor (id, name, page_id) FROM stdin;
\.


--
-- Data for Name: joyous_closedforholidayspage; Type: TABLE DATA; Schema: public; Owner: -
--

COPY public.joyous_closedforholidayspage (page_ptr_id, all_holidays, cancellation_title, cancellation_details, overrides_id) FROM stdin;
\.


--
-- Data for Name: joyous_eventcategory; Type: TABLE DATA; Schema: public; Owner: -
--

COPY public.joyous_eventcategory (id, code, name) FROM stdin;
\.


--
-- Data for Name: joyous_extcancellationpage; Type: TABLE DATA; Schema: public; Owner: -
--

COPY public.joyous_extcancellationpage (page_ptr_id, cancellation_title, cancellation_details, cancelled_from_date, cancelled_to_date, overrides_id) FROM stdin;
\.


--
-- Data for Name: joyous_extrainfopage; Type: TABLE DATA; Schema: public; Owner: -
--

COPY public.joyous_extrainfopage (page_ptr_id, except_date, extra_information, overrides_id, extra_title) FROM stdin;
\.


--
-- Data for Name: joyous_grouppage; Type: TABLE DATA; Schema: public; Owner: -
--

COPY public.joyous_grouppage (page_ptr_id, content) FROM stdin;
\.


--
-- Data for Name: joyous_multidayeventpage; Type: TABLE DATA; Schema: public; Owner: -
--

COPY public.joyous_multidayeventpage (page_ptr_id, time_from, time_to, location, details, website, date_from, date_to, category_id, group_page_id, image_id, tz, uid) FROM stdin;
\.


--
-- Data for Name: joyous_postponementpage; Type: TABLE DATA; Schema: public; Owner: -
--

COPY public.joyous_postponementpage (cancellationpage_ptr_id, time_from, time_to, location, details, website, postponement_title, date, category_id, image_id, num_days) FROM stdin;
\.


--
-- Data for Name: joyous_recurringeventpage; Type: TABLE DATA; Schema: public; Owner: -
--

COPY public.joyous_recurringeventpage (page_ptr_id, time_from, time_to, location, details, website, repeat, category_id, group_page_id, image_id, tz, uid, num_days) FROM stdin;
\.


--
-- Data for Name: joyous_simpleeventpage; Type: TABLE DATA; Schema: public; Owner: -
--

COPY public.joyous_simpleeventpage (page_ptr_id, time_from, time_to, location, details, website, date, category_id, group_page_id, image_id, tz, uid) FROM stdin;
463	17:00:00	21:00:00		<p>More info to come</p>		2021-09-16	\N	\N	264	Europe/Stockholm	8482f829-7b0a-459f-aec2-afaa2a3f2674
362	15:00:00	18:00:00		<p>Think Tank med Caterina på Lexher kontor<br/><i>- Utveckling av företaget</i></p>		2020-09-17	\N	\N	\N	Europe/Stockholm	846dfbc0-ae67-48b7-9bdb-c5712e2b8184
364	18:00:00	19:30:00		<p>Kompetensdelning med Anna Jagdhar i ämnet &quot;Being effective&quot;.</p>		2020-11-26	\N	\N	\N	Europe/Stockholm	dfbde5f2-0fb5-48a2-b2b1-5c9e83c7ef4a
361	17:30:00	20:00:00		<p>After Work på kontoret.</p>		2020-09-09	\N	\N	\N	Europe/Stockholm	65d44bac-c196-4c28-96d7-e56acd982cb2
390	08:30:00	10:00:00		<p>  </p><p> The 7th of October everyone at Lexher is invited to meet a team from Red Hat that will<br/> go through a Red Hat Training presentation with us to strengthen our partnership and give us<br/> useful information how to act at customer site to find more Red Hat business going forward.<br/> </p><p><b>Agenda</b><br/> Intro to Red Hat Training</p><p>Lexher Red Hat training partnership</p><p>Red Hat Training Products</p><p>Red Hat Learning Subscription</p><p>Discuss existing Lexher customers and potential</p><p>Packaging Training into consulting projects</p><p>Q&amp;A</p><p>  </p><p>Breakfast will be served already from 8.00.<br/> </p><p>Welcome! </p>		2020-10-07	\N	\N	\N	Europe/Stockholm	fedea00a-ed67-45c2-b04f-e53f42c28e42
363	12:00:00	12:30:00		<p>Nico is sharing updates regarding the Red Hat Lab</p>		2020-10-15	\N	\N	\N	Europe/Stockholm	e5d8f910-c35f-4456-a6e3-fdec34866652
367	17:30:00	20:00:00		<p>After Work på kontoret</p>		2020-11-05	\N	\N	\N	Europe/Stockholm	df86e94b-af77-43e8-a378-1f4c5b3a96fc
401	12:00:00	12:30:00		<p>Invitation is sent out. Speaker: Nico Zanjani.</p>		2020-11-05	\N	\N	\N	Europe/Stockholm	b72fc5dc-fa30-42fa-81cf-1e2a14ae7b4f
408	12:00:00	13:00:00				2020-11-25	\N	\N	\N	Europe/Stockholm	592214a7-183c-4ed0-afea-a9d941a1f944
365	15:00:00	21:00:00		<p><br/> </p><p><b>1)</b> <br/>3 sittningar på kontoret där vi är ett mindre team i taget utifrån nedan tider (vi begränsar antalet) och äter och umgås lite, </p><p>Kl: 15-16:30 </p><p>Kl: 17-18:30</p><p>Kl: 19-20:30<br/></p><p><b>2)</b> En trevlig stund tillsammans digitalt via Teams, och så budar vi ut en gåva hem till dig.<br/> </p><p>Låt mig veta så snart du bestämt dig, <i>senast onsdag den 25: nov</i>, vilket alternativ du önskar så planerar vi utifrån det.<br/> </p>		2020-12-03	\N	\N	\N	Europe/Stockholm	617629ec-4168-449a-b9ac-ce2c938a71af
428	18:00:00	19:00:00				2021-02-11	\N	\N	\N	Europe/Stockholm	af106c9f-6482-43de-bfce-761b29c2969f
432	17:00:00	18:00:00				2021-03-10	\N	\N	\N	Europe/Stockholm	b2f46853-e2eb-4341-b9cd-4918067e10cc
433	18:00:00	19:00:00		<p>Teams link will be sent out seperately.</p>		2021-03-18	\N	\N	\N	Europe/Stockholm	7ad7b41c-9f6f-4b95-a55e-7338af5563fb
445	18:00:00	19:30:00				2021-04-21	\N	\N	\N	Europe/Stockholm	dfbae3cb-7e3f-4594-9e2c-6614262550b5
\.


--
